{"id":894,"date":"2020-07-19T12:38:20","date_gmt":"2020-07-19T10:38:20","guid":{"rendered":"https:\/\/blogs.nabu.de\/zugvoegel\/wp-content\/uploads\/sites\/10\/2020\/07\/TT20_02-13c_K.-Baumann.jpg"},"modified":"2020-07-19T12:40:04","modified_gmt":"2020-07-19T10:40:04","slug":"tt20_02-13c_k-baumann","status":"inherit","type":"attachment","link":"https:\/\/blogs.nabu.de\/zugvoegel\/turteltauben\/2020\/07\/besenderung-2020-das-ist-namenlos-2\/attachment\/tt20_02-13c_k-baumann\/","title":{"rendered":"TT20_02 (13)c_K. Baumann"},"author":71,"comment_status":"open","ping_status":"closed","template":"","meta":{"jetpack_post_was_ever_published":false},"jetpack_sharing_enabled":true,"jetpack_shortlink":"https:\/\/wp.me\/a96bfG-eq","jetpack_likes_enabled":true,"description":{"rendered":"<p class=\"attachment\"><a href='https:\/\/blogs.nabu.de\/zugvoegel\/wp-content\/uploads\/sites\/10\/2020\/07\/TT20_02-13c_K.-Baumann.jpg'><img width=\"300\" height=\"210\" src=\"https:\/\/blogs.nabu.de\/zugvoegel\/wp-content\/uploads\/sites\/10\/2020\/07\/TT20_02-13c_K.-Baumann-300x210.jpg\" class=\"attachment-medium size-medium\" alt=\"\" decoding=\"async\" loading=\"lazy\" data-attachment-id=\"894\" data-permalink=\"https:\/\/blogs.nabu.de\/zugvoegel\/turteltauben\/2020\/07\/besenderung-2020-das-ist-namenlos-2\/attachment\/tt20_02-13c_k-baumann\/\" data-orig-file=\"https:\/\/blogs.nabu.de\/zugvoegel\/wp-content\/uploads\/sites\/10\/2020\/07\/TT20_02-13c_K.-Baumann.jpg\" data-orig-size=\"1279,896\" data-comments-opened=\"1\" data-image-meta=\"{&quot;aperture&quot;:&quot;9&quot;,&quot;credit&quot;:&quot;&quot;,&quot;camera&quot;:&quot;ILCE-6000&quot;,&quot;caption&quot;:&quot;&quot;,&quot;created_timestamp&quot;:&quot;1591556253&quot;,&quot;copyright&quot;:&quot;&quot;,&quot;focal_length&quot;:&quot;50&quot;,&quot;iso&quot;:&quot;2000&quot;,&quot;shutter_speed&quot;:&quot;0.005&quot;,&quot;title&quot;:&quot;&quot;,&quot;orientation&quot;:&quot;1&quot;}\" data-image-title=\"TT20_02 (13)c_K. Baumann\" data-image-description=\"\" data-image-caption=\"\" data-medium-file=\"https:\/\/blogs.nabu.de\/zugvoegel\/wp-content\/uploads\/sites\/10\/2020\/07\/TT20_02-13c_K.-Baumann-300x210.jpg\" data-large-file=\"https:\/\/blogs.nabu.de\/zugvoegel\/wp-content\/uploads\/sites\/10\/2020\/07\/TT20_02-13c_K.-Baumann-1024x717.jpg\" \/><\/a><\/p>\n<!-- Begin Yuzo --><div class='yuzo_related_post style-1'  data-version='5.12.74'><!-- without result --><div class='yuzo_clearfixed yuzo__title yuzo__title'><h3>Related Post<\/h3><\/div>\n\t\t\t\t\t\t  <div class=\"relatedthumb \" style=\"width:125px;float:left;overflow:hidden;\">  \n\t\t\t\t\t\t\t  \n\t\t\t\t\t\t\t  <a  href=\"https:\/\/blogs.nabu.de\/zugvoegel\/turteltauben\/2019\/09\/karte-der-turteltauben\/\"  >\n\t\t\t\t\t\t\t\t\t  <div class=\"yuzo-img-wrap \" style=\"width: 125px;height:90px;\">\n\t\t\t\t\t\t\t\t\t\t\n\t\t\t\t\t\t\t\t\t\t<div class=\"yuzo-img\" style=\"background:url('https:\/\/blogs.nabu.de\/zugvoegel\/wp-content\/plugins\/yuzo-related-post\/assets\/images\/default.png') 50% 50% no-repeat;width: 125px;height:90px;margin-bottom: 5px;background-size: cover; \"><\/div>\n\t\t\t\t\t\t\t\t\t  <\/div>\n\t\t\t\t\t\t\t\t\t  \n\t\t\t\t\t\t\t\t   <span class=\"yuzo__text--title\" style=\"font-size:13px;\">Karte der Turteltauben<\/span>\n\t\t\t\t\t\t\t  \n\t\t\t\t\t\t\t  \n\t\t\t\t\t\t\t  <\/a>\n\n\t\t\t\t\t\t  <\/div>\n\t\t\t\t\t\t  <div class=\"relatedthumb \" style=\"width:125px;float:left;overflow:hidden;\">  \n\t\t\t\t\t\t\t  \n\t\t\t\t\t\t\t  <a  href=\"https:\/\/blogs.nabu.de\/zugvoegel\/turteltauben\/2018\/08\/francesco-bereitet-sich-auf-die-naechste-lange-reise-vor\/\"  >\n\t\t\t\t\t\t\t\t\t  <div class=\"yuzo-img-wrap \" style=\"width: 125px;height:90px;\">\n\t\t\t\t\t\t\t\t\t\t\n\t\t\t\t\t\t\t\t\t\t<div class=\"yuzo-img\" style=\"background:url('https:\/\/blogs.nabu.de\/zugvoegel\/wp-content\/uploads\/sites\/10\/2018\/08\/tt08-150x150.jpg') 50% 50% no-repeat;width: 125px;height:90px;margin-bottom: 5px;background-size: cover; \"><\/div>\n\t\t\t\t\t\t\t\t\t  <\/div>\n\t\t\t\t\t\t\t\t\t  \n\t\t\t\t\t\t\t\t   <span class=\"yuzo__text--title\" style=\"font-size:13px;\">Francesco bereitet sich auf die n\u00e4chste lange Reis...<\/span>\n\t\t\t\t\t\t\t  \n\t\t\t\t\t\t\t  \n\t\t\t\t\t\t\t  <\/a>\n\n\t\t\t\t\t\t  <\/div>\n\t\t\t\t\t\t  <div class=\"relatedthumb \" style=\"width:125px;float:left;overflow:hidden;\">  \n\t\t\t\t\t\t\t  \n\t\t\t\t\t\t\t  <a  href=\"https:\/\/blogs.nabu.de\/zugvoegel\/allgemein\/2019\/09\/melanie-startet-nach-frankreich-durch\/\"  >\n\t\t\t\t\t\t\t\t\t  <div class=\"yuzo-img-wrap \" style=\"width: 125px;height:90px;\">\n\t\t\t\t\t\t\t\t\t\t\n\t\t\t\t\t\t\t\t\t\t<div class=\"yuzo-img\" style=\"background:url('https:\/\/blogs.nabu.de\/zugvoegel\/wp-content\/uploads\/sites\/10\/2019\/09\/Hungen_Villingen-150x150.jpg') 50% 50% no-repeat;width: 125px;height:90px;margin-bottom: 5px;background-size: cover; \"><\/div>\n\t\t\t\t\t\t\t\t\t  <\/div>\n\t\t\t\t\t\t\t\t\t  \n\t\t\t\t\t\t\t\t   <span class=\"yuzo__text--title\" style=\"font-size:13px;\">Melanie startet nach Frankreich durch<\/span>\n\t\t\t\t\t\t\t  \n\t\t\t\t\t\t\t  \n\t\t\t\t\t\t\t  <\/a>\n\n\t\t\t\t\t\t  <\/div>\n\t\t\t\t\t\t  <div class=\"relatedthumb \" style=\"width:125px;float:left;overflow:hidden;\">  \n\t\t\t\t\t\t\t  \n\t\t\t\t\t\t\t  <a  href=\"https:\/\/blogs.nabu.de\/zugvoegel\/turteltauben\/2020\/05\/hope-ist-sizilianerin\/\"  >\n\t\t\t\t\t\t\t\t\t  <div class=\"yuzo-img-wrap \" style=\"width: 125px;height:90px;\">\n\t\t\t\t\t\t\t\t\t\t\n\t\t\t\t\t\t\t\t\t\t<div class=\"yuzo-img\" style=\"background:url('https:\/\/blogs.nabu.de\/zugvoegel\/wp-content\/uploads\/sites\/10\/2020\/05\/Hope-150x150.jpg') 50% 50% no-repeat;width: 125px;height:90px;margin-bottom: 5px;background-size: cover; \"><\/div>\n\t\t\t\t\t\t\t\t\t  <\/div>\n\t\t\t\t\t\t\t\t\t  \n\t\t\t\t\t\t\t\t   <span class=\"yuzo__text--title\" style=\"font-size:13px;\">Hope ist Sizilianerin<\/span>\n\t\t\t\t\t\t\t  \n\t\t\t\t\t\t\t  \n\t\t\t\t\t\t\t  <\/a>\n\n\t\t\t\t\t\t  <\/div>\n\t\t\t\t\t\t  <div class=\"relatedthumb \" style=\"width:125px;float:left;overflow:hidden;\">  \n\t\t\t\t\t\t\t  \n\t\t\t\t\t\t\t  <a  href=\"https:\/\/blogs.nabu.de\/zugvoegel\/turteltauben\/2020\/01\/francesco-erreicht-erneut-den-nakambe-in-ghana\/\"  >\n\t\t\t\t\t\t\t\t\t  <div class=\"yuzo-img-wrap \" style=\"width: 125px;height:90px;\">\n\t\t\t\t\t\t\t\t\t\t\n\t\t\t\t\t\t\t\t\t\t<div class=\"yuzo-img\" style=\"background:url('https:\/\/blogs.nabu.de\/zugvoegel\/wp-content\/uploads\/sites\/10\/2020\/01\/Francesco_Jan2020-150x150.jpg') 50% 50% no-repeat;width: 125px;height:90px;margin-bottom: 5px;background-size: cover; \"><\/div>\n\t\t\t\t\t\t\t\t\t  <\/div>\n\t\t\t\t\t\t\t\t\t  \n\t\t\t\t\t\t\t\t   <span class=\"yuzo__text--title\" style=\"font-size:13px;\">Francesco erreicht erneut den Nakamb\u00e9 in Ghana<\/span>\n\t\t\t\t\t\t\t  \n\t\t\t\t\t\t\t  \n\t\t\t\t\t\t\t  <\/a>\n\n\t\t\t\t\t\t  <\/div>\n<\/div> <style>\n\t\t\t\t\t\t\t\t.yuzo_related_post img{width:120px !important; height:110px !important;}\n\t\t\t\t\t\t\t\t.yuzo_related_post .relatedthumb{line-height:15px;background: !important;color:!important;}\n\t\t\t\t\t\t\t\t.yuzo_related_post .relatedthumb:hover{background:#fcfcf4 !important; -webkit-transition: background 0.2s linear; -moz-transition: background 0.2s linear; -o-transition: background 0.2s linear; transition: background 0.2s linear;;color:!important;}\n\t\t\t\t\t\t\t\t.yuzo_related_post .relatedthumb a{color:!important;}\n\t\t\t\t\t\t\t\t.yuzo_related_post .relatedthumb a:hover{ color:}!important;}\n\t\t\t\t\t\t\t\t.yuzo_related_post .relatedthumb:hover a{ color:!important;}\n\t\t\t\t\t\t\t\t.yuzo_related_post .yuzo_text {color:!important;}\n\t\t\t\t\t\t\t\t.yuzo_related_post .relatedthumb:hover .yuzo_text {color:!important;}\n\t\t\t\t\t\t\t\t.yuzo_related_post .relatedthumb{  margin: 0px  0px  0px  0px;   padding: 5px  5px  5px  5px;  }\n\t\t\t\t\t\t\t\t\n\t\t\t\t\t\t\t\t<\/style> <script>\n\t\t\t\t\t\t  jQuery(document).ready(function( $ ){\n\t\t\t\t\t\t\t\/\/jQuery('.yuzo_related_post').equalizer({ overflow : 'relatedthumb' });\n\t\t\t\t\t\t\tjQuery('.yuzo_related_post .yuzo_wraps').equalizer({ columns : '> div' });\n\t\t\t\t\t\t   })\n\t\t\t\t\t\t  <\/script> <!-- End Yuzo :) -->"},"caption":{"rendered":"<p>Related Post Karte der Turteltauben Taubert rastet s\u00fcdlich des Gro\u00dfen Erg Jenny in Algeriens gr\u00f6\u00dfter Oasenstadt Francesco \u00fcberfliegt die W\u00fcste \u2013 \u00fcberwiegend&#8230; Auch Cyril hat Sahara komplett \u00fcberflogen<\/p>\n"},"alt_text":"","media_type":"image","mime_type":"image\/jpeg","media_details":{"width":1279,"height":896,"file":"2020\/07\/TT20_02-13c_K.-Baumann.jpg","sizes":{"thumbnail":{"file":"TT20_02-13c_K.-Baumann-150x150.jpg","width":150,"height":150,"mime_type":"image\/jpeg","source_url":"https:\/\/blogs.nabu.de\/zugvoegel\/wp-content\/uploads\/sites\/10\/2020\/07\/TT20_02-13c_K.-Baumann-150x150.jpg"},"medium":{"file":"TT20_02-13c_K.-Baumann-300x210.jpg","width":300,"height":210,"mime_type":"image\/jpeg","source_url":"https:\/\/blogs.nabu.de\/zugvoegel\/wp-content\/uploads\/sites\/10\/2020\/07\/TT20_02-13c_K.-Baumann-300x210.jpg"},"medium_large":{"file":"TT20_02-13c_K.-Baumann-768x538.jpg","width":768,"height":538,"mime_type":"image\/jpeg","source_url":"https:\/\/blogs.nabu.de\/zugvoegel\/wp-content\/uploads\/sites\/10\/2020\/07\/TT20_02-13c_K.-Baumann-768x538.jpg"},"large":{"file":"TT20_02-13c_K.-Baumann-1024x717.jpg","width":1024,"height":717,"mime_type":"image\/jpeg","source_url":"https:\/\/blogs.nabu.de\/zugvoegel\/wp-content\/uploads\/sites\/10\/2020\/07\/TT20_02-13c_K.-Baumann-1024x717.jpg"},"feather-post":{"file":"TT20_02-13c_K.-Baumann-750x400.jpg","width":750,"height":400,"mime_type":"image\/jpeg","source_url":"https:\/\/blogs.nabu.de\/zugvoegel\/wp-content\/uploads\/sites\/10\/2020\/07\/TT20_02-13c_K.-Baumann-750x400.jpg"},"feather-widget-post":{"file":"TT20_02-13c_K.-Baumann-60x60.jpg","width":60,"height":60,"mime_type":"image\/jpeg","source_url":"https:\/\/blogs.nabu.de\/zugvoegel\/wp-content\/uploads\/sites\/10\/2020\/07\/TT20_02-13c_K.-Baumann-60x60.jpg"},"rss-thumbnail":{"file":"TT20_02-13c_K.-Baumann-340x226.jpg","width":340,"height":226,"mime_type":"image\/jpeg","source_url":"https:\/\/blogs.nabu.de\/zugvoegel\/wp-content\/uploads\/sites\/10\/2020\/07\/TT20_02-13c_K.-Baumann-340x226.jpg"},"post-thumbnail":{"file":"TT20_02-13c_K.-Baumann-340x226.jpg","width":340,"height":226,"mime_type":"image\/jpeg","source_url":"https:\/\/blogs.nabu.de\/zugvoegel\/wp-content\/uploads\/sites\/10\/2020\/07\/TT20_02-13c_K.-Baumann-340x226.jpg"},"full":{"file":"TT20_02-13c_K.-Baumann.jpg","width":1279,"height":896,"mime_type":"image\/jpeg","source_url":"https:\/\/blogs.nabu.de\/zugvoegel\/wp-content\/uploads\/sites\/10\/2020\/07\/TT20_02-13c_K.-Baumann.jpg"}},"image_meta":{"aperture":"9","credit":"","camera":"ILCE-6000","caption":"","created_timestamp":"1591556253","copyright":"","focal_length":"50","iso":"2000","shutter_speed":"0.005","title":"","orientation":"1","keywords":[]}},"post":877,"source_url":"https:\/\/blogs.nabu.de\/zugvoegel\/wp-content\/uploads\/sites\/10\/2020\/07\/TT20_02-13c_K.-Baumann.jpg","_links":{"self":[{"href":"https:\/\/blogs.nabu.de\/zugvoegel\/wp-json\/wp\/v2\/media\/894"}],"collection":[{"href":"https:\/\/blogs.nabu.de\/zugvoegel\/wp-json\/wp\/v2\/media"}],"about":[{"href":"https:\/\/blogs.nabu.de\/zugvoegel\/wp-json\/wp\/v2\/types\/attachment"}],"author":[{"embeddable":true,"href":"https:\/\/blogs.nabu.de\/zugvoegel\/wp-json\/wp\/v2\/users\/71"}],"replies":[{"embeddable":true,"href":"https:\/\/blogs.nabu.de\/zugvoegel\/wp-json\/wp\/v2\/comments?post=894"}]}}

<p class="attachment"><a href='https://blogs.nabu.de/zugvoegel/wp-content/uploads/sites/10/2020/07/TT20_02-13c_K.-Baumann.jpg'><img width="300" height="210" src="https://blogs.nabu.de/zugvoegel/wp-content/uploads/sites/10/2020/07/TT20_02-13c_K.-Baumann-300x210.jpg" class="attachment-medium size-medium" alt="" decoding="async" loading="lazy" data-attachment-id="894" data-permalink="https://blogs.nabu.de/zugvoegel/turteltauben/2020/07/besenderung-2020-das-ist-namenlos-2/attachment/tt20_02-13c_k-baumann/" data-orig-file="https://blogs.nabu.de/zugvoegel/wp-content/uploads/sites/10/2020/07/TT20_02-13c_K.-Baumann.jpg" data-orig-size="1279,896" data-comments-opened="1" data-image-meta="{&quot;aperture&quot;:&quot;9&quot;,&quot;credit&quot;:&quot;&quot;,&quot;camera&quot;:&quot;ILCE-6000&quot;,&quot;caption&quot;:&quot;&quot;,&quot;created_timestamp&quot;:&quot;1591556253&quot;,&quot;copyright&quot;:&quot;&quot;,&quot;focal_length&quot;:&quot;50&quot;,&quot;iso&quot;:&quot;2000&quot;,&quot;shutter_speed&quot;:&quot;0.005&quot;,&quot;title&quot;:&quot;&quot;,&quot;orientation&quot;:&quot;1&quot;}" data-image-title="TT20_02 (13)c_K. Baumann" data-image-description="" data-image-caption="" data-medium-file="https://blogs.nabu.de/zugvoegel/wp-content/uploads/sites/10/2020/07/TT20_02-13c_K.-Baumann-300x210.jpg" data-large-file="https://blogs.nabu.de/zugvoegel/wp-content/uploads/sites/10/2020/07/TT20_02-13c_K.-Baumann-1024x717.jpg" /></a></p>
<!-- Begin Yuzo --><div class='yuzo_related_post style-1'  data-version='5.12.74'><!-- without result --><div class='yuzo_clearfixed yuzo__title yuzo__title'><h3>Related Post</h3></div>
						  <div class="relatedthumb " style="width:125px;float:left;overflow:hidden;">  
							  
							  <a  href="https://blogs.nabu.de/zugvoegel/turteltauben/2019/09/karte-der-turteltauben/"  >
									  <div class="yuzo-img-wrap " style="width: 125px;height:90px;">
										
										<div class="yuzo-img" style="background:url('https://blogs.nabu.de/zugvoegel/wp-content/plugins/yuzo-related-post/assets/images/default.png') 50% 50% no-repeat;width: 125px;height:90px;margin-bottom: 5px;background-size: cover; "></div>
									  </div>
									  
								   <span class="yuzo__text--title" style="font-size:13px;">Karte der Turteltauben</span>
							  
							  
							  </a>

						  </div>
						  <div class="relatedthumb " style="width:125px;float:left;overflow:hidden;">  
							  
							  <a  href="https://blogs.nabu.de/zugvoegel/turteltauben/2018/08/francesco-bereitet-sich-auf-die-naechste-lange-reise-vor/"  >
									  <div class="yuzo-img-wrap " style="width: 125px;height:90px;">
										
										<div class="yuzo-img" style="background:url('https://blogs.nabu.de/zugvoegel/wp-content/uploads/sites/10/2018/08/tt08-150x150.jpg') 50% 50% no-repeat;width: 125px;height:90px;margin-bottom: 5px;background-size: cover; "></div>
									  </div>
									  
								   <span class="yuzo__text--title" style="font-size:13px;">Francesco bereitet sich auf die nächste lange Reis...</span>
							  
							  
							  </a>

						  </div>
						  <div class="relatedthumb " style="width:125px;float:left;overflow:hidden;">  
							  
							  <a  href="https://blogs.nabu.de/zugvoegel/allgemein/2019/09/melanie-startet-nach-frankreich-durch/"  >
									  <div class="yuzo-img-wrap " style="width: 125px;height:90px;">
										
										<div class="yuzo-img" style="background:url('https://blogs.nabu.de/zugvoegel/wp-content/uploads/sites/10/2019/09/Hungen_Villingen-150x150.jpg') 50% 50% no-repeat;width: 125px;height:90px;margin-bottom: 5px;background-size: cover; "></div>
									  </div>
									  
								   <span class="yuzo__text--title" style="font-size:13px;">Melanie startet nach Frankreich durch</span>
							  
							  
							  </a>

						  </div>
						  <div class="relatedthumb " style="width:125px;float:left;overflow:hidden;">  
							  
							  <a  href="https://blogs.nabu.de/zugvoegel/turteltauben/2020/05/hope-ist-sizilianerin/"  >
									  <div class="yuzo-img-wrap " style="width: 125px;height:90px;">
										
										<div class="yuzo-img" style="background:url('https://blogs.nabu.de/zugvoegel/wp-content/uploads/sites/10/2020/05/Hope-150x150.jpg') 50% 50% no-repeat;width: 125px;height:90px;margin-bottom: 5px;background-size: cover; "></div>
									  </div>
									  
								   <span class="yuzo__text--title" style="font-size:13px;">Hope ist Sizilianerin</span>
							  
							  
							  </a>

						  </div>
						  <div class="relatedthumb " style="width:125px;float:left;overflow:hidden;">  
							  
							  <a  href="https://blogs.nabu.de/zugvoegel/turteltauben/2020/01/francesco-erreicht-erneut-den-nakambe-in-ghana/"  >
									  <div class="yuzo-img-wrap " style="width: 125px;height:90px;">
										
										<div class="yuzo-img" style="background:url('https://blogs.nabu.de/zugvoegel/wp-content/uploads/sites/10/2020/01/Francesco_Jan2020-150x150.jpg') 50% 50% no-repeat;width: 125px;height:90px;margin-bottom: 5px;background-size: cover; "></div>
									  </div>
									  
								   <span class="yuzo__text--title" style="font-size:13px;">Francesco erreicht erneut den Nakambé in Ghana</span>
							  
							  
							  </a>

						  </div>
</div> <style>
								.yuzo_related_post img{width:120px !important; height:110px !important;}
								.yuzo_related_post .relatedthumb{line-height:15px;background: !important;color:!important;}
								.yuzo_related_post .relatedthumb:hover{background:#fcfcf4 !important; -webkit-transition: background 0.2s linear; -moz-transition: background 0.2s linear; -o-transition: background 0.2s linear; transition: background 0.2s linear;;color:!important;}
								.yuzo_related_post .relatedthumb a{color:!important;}
								.yuzo_related_post .relatedthumb a:hover{ color:}!important;}
								.yuzo_related_post .relatedthumb:hover a{ color:!important;}
								.yuzo_related_post .yuzo_text {color:!important;}
								.yuzo_related_post .relatedthumb:hover .yuzo_text {color:!important;}
								.yuzo_related_post .relatedthumb{  margin: 0px  0px  0px  0px;   padding: 5px  5px  5px  5px;  }
								
								</style> <script>
						  jQuery(document).ready(function( $ ){
							//jQuery('.yuzo_related_post').equalizer({ overflow : 'relatedthumb' });
							jQuery('.yuzo_related_post .yuzo_wraps').equalizer({ columns : '> div' });
						   })
						  </script> <!-- End Yuzo :) -->

<p>Related Post Karte der Turteltauben Taubert rastet südlich des Großen Erg Jenny in Algeriens größter Oasenstadt Francesco überfliegt die Wüste – überwiegend&#8230; Auch Cyril hat Sahara komplett überflogen</p>
