{"id":565,"date":"2019-11-25T12:03:11","date_gmt":"2019-11-25T11:03:11","guid":{"rendered":"https:\/\/blogs.nabu.de\/zugvoegel\/wp-content\/uploads\/sites\/10\/2019\/11\/Strtur_Habitat_Niger.png"},"modified":"2019-11-25T12:04:12","modified_gmt":"2019-11-25T11:04:12","slug":"strtur_habitat_niger","status":"inherit","type":"attachment","link":"https:\/\/blogs.nabu.de\/zugvoegel\/turteltauben\/2019\/11\/vor-ort-bericht-aus-cyrils-erstem-winterquartier\/attachment\/strtur_habitat_niger\/","title":{"rendered":"Strtur_Habitat_Niger"},"author":71,"comment_status":"open","ping_status":"closed","template":"","meta":{"jetpack_post_was_ever_published":false},"jetpack_sharing_enabled":true,"jetpack_shortlink":"https:\/\/wp.me\/a96bfG-97","jetpack_likes_enabled":true,"description":{"rendered":"<p class=\"attachment\"><a href='https:\/\/blogs.nabu.de\/zugvoegel\/wp-content\/uploads\/sites\/10\/2019\/11\/Strtur_Habitat_Niger.png'><img width=\"300\" height=\"98\" src=\"https:\/\/blogs.nabu.de\/zugvoegel\/wp-content\/uploads\/sites\/10\/2019\/11\/Strtur_Habitat_Niger-300x98.png\" class=\"attachment-medium size-medium\" alt=\"\" decoding=\"async\" loading=\"lazy\" data-attachment-id=\"565\" data-permalink=\"https:\/\/blogs.nabu.de\/zugvoegel\/turteltauben\/2019\/11\/vor-ort-bericht-aus-cyrils-erstem-winterquartier\/attachment\/strtur_habitat_niger\/\" data-orig-file=\"https:\/\/blogs.nabu.de\/zugvoegel\/wp-content\/uploads\/sites\/10\/2019\/11\/Strtur_Habitat_Niger.png\" data-orig-size=\"1400,455\" data-comments-opened=\"1\" data-image-meta=\"{&quot;aperture&quot;:&quot;0&quot;,&quot;credit&quot;:&quot;&quot;,&quot;camera&quot;:&quot;&quot;,&quot;caption&quot;:&quot;&quot;,&quot;created_timestamp&quot;:&quot;0&quot;,&quot;copyright&quot;:&quot;&quot;,&quot;focal_length&quot;:&quot;0&quot;,&quot;iso&quot;:&quot;0&quot;,&quot;shutter_speed&quot;:&quot;0&quot;,&quot;title&quot;:&quot;&quot;,&quot;orientation&quot;:&quot;0&quot;}\" data-image-title=\"Strtur_Habitat_Niger\" data-image-description=\"\" data-image-caption=\"\" data-medium-file=\"https:\/\/blogs.nabu.de\/zugvoegel\/wp-content\/uploads\/sites\/10\/2019\/11\/Strtur_Habitat_Niger-300x98.png\" data-large-file=\"https:\/\/blogs.nabu.de\/zugvoegel\/wp-content\/uploads\/sites\/10\/2019\/11\/Strtur_Habitat_Niger-1024x333.png\" \/><\/a><\/p>\n<!-- Begin Yuzo --><div class='yuzo_related_post style-1'  data-version='5.12.74'><!-- without result --><div class='yuzo_clearfixed yuzo__title yuzo__title'><h3>Related Post<\/h3><\/div>\n\t\t\t\t\t\t  <div class=\"relatedthumb \" style=\"width:125px;float:left;overflow:hidden;\">  \n\t\t\t\t\t\t\t  \n\t\t\t\t\t\t\t  <a  href=\"https:\/\/blogs.nabu.de\/zugvoegel\/turteltauben\/2019\/09\/karte-der-turteltauben\/\"  >\n\t\t\t\t\t\t\t\t\t  <div class=\"yuzo-img-wrap \" style=\"width: 125px;height:90px;\">\n\t\t\t\t\t\t\t\t\t\t\n\t\t\t\t\t\t\t\t\t\t<div class=\"yuzo-img\" style=\"background:url('https:\/\/blogs.nabu.de\/zugvoegel\/wp-content\/plugins\/yuzo-related-post\/assets\/images\/default.png') 50% 50% no-repeat;width: 125px;height:90px;margin-bottom: 5px;background-size: cover; \"><\/div>\n\t\t\t\t\t\t\t\t\t  <\/div>\n\t\t\t\t\t\t\t\t\t  \n\t\t\t\t\t\t\t\t   <span class=\"yuzo__text--title\" style=\"font-size:13px;\">Karte der Turteltauben<\/span>\n\t\t\t\t\t\t\t  \n\t\t\t\t\t\t\t  \n\t\t\t\t\t\t\t  <\/a>\n\n\t\t\t\t\t\t  <\/div>\n\t\t\t\t\t\t  <div class=\"relatedthumb \" style=\"width:125px;float:left;overflow:hidden;\">  \n\t\t\t\t\t\t\t  \n\t\t\t\t\t\t\t  <a  href=\"https:\/\/blogs.nabu.de\/zugvoegel\/allgemein\/2019\/02\/die-turteltaube-wird-politisch\/\"  >\n\t\t\t\t\t\t\t\t\t  <div class=\"yuzo-img-wrap \" style=\"width: 125px;height:90px;\">\n\t\t\t\t\t\t\t\t\t\t\n\t\t\t\t\t\t\t\t\t\t<div class=\"yuzo-img\" style=\"background:url('https:\/\/blogs.nabu.de\/zugvoegel\/wp-content\/uploads\/sites\/10\/2019\/02\/turteltauben-hans-joachim-fuenfstueck-150x150.jpg') 50% 50% no-repeat;width: 125px;height:90px;margin-bottom: 5px;background-size: cover; \"><\/div>\n\t\t\t\t\t\t\t\t\t  <\/div>\n\t\t\t\t\t\t\t\t\t  \n\t\t\t\t\t\t\t\t   <span class=\"yuzo__text--title\" style=\"font-size:13px;\">Die Turteltaube wird politisch<\/span>\n\t\t\t\t\t\t\t  \n\t\t\t\t\t\t\t  \n\t\t\t\t\t\t\t  <\/a>\n\n\t\t\t\t\t\t  <\/div>\n\t\t\t\t\t\t  <div class=\"relatedthumb \" style=\"width:125px;float:left;overflow:hidden;\">  \n\t\t\t\t\t\t\t  \n\t\t\t\t\t\t\t  <a  href=\"https:\/\/blogs.nabu.de\/zugvoegel\/allgemein\/2019\/09\/melanie-startet-nach-frankreich-durch\/\"  >\n\t\t\t\t\t\t\t\t\t  <div class=\"yuzo-img-wrap \" style=\"width: 125px;height:90px;\">\n\t\t\t\t\t\t\t\t\t\t\n\t\t\t\t\t\t\t\t\t\t<div class=\"yuzo-img\" style=\"background:url('https:\/\/blogs.nabu.de\/zugvoegel\/wp-content\/uploads\/sites\/10\/2019\/09\/Hungen_Villingen-150x150.jpg') 50% 50% no-repeat;width: 125px;height:90px;margin-bottom: 5px;background-size: cover; \"><\/div>\n\t\t\t\t\t\t\t\t\t  <\/div>\n\t\t\t\t\t\t\t\t\t  \n\t\t\t\t\t\t\t\t   <span class=\"yuzo__text--title\" style=\"font-size:13px;\">Melanie startet nach Frankreich durch<\/span>\n\t\t\t\t\t\t\t  \n\t\t\t\t\t\t\t  \n\t\t\t\t\t\t\t  <\/a>\n\n\t\t\t\t\t\t  <\/div>\n\t\t\t\t\t\t  <div class=\"relatedthumb \" style=\"width:125px;float:left;overflow:hidden;\">  \n\t\t\t\t\t\t\t  \n\t\t\t\t\t\t\t  <a  href=\"https:\/\/blogs.nabu.de\/zugvoegel\/turteltauben\/2020\/04\/francesco-ueberfliegt-die-wueste-ueberwiegend-nachts\/\"  >\n\t\t\t\t\t\t\t\t\t  <div class=\"yuzo-img-wrap \" style=\"width: 125px;height:90px;\">\n\t\t\t\t\t\t\t\t\t\t\n\t\t\t\t\t\t\t\t\t\t<div class=\"yuzo-img\" style=\"background:url('https:\/\/blogs.nabu.de\/zugvoegel\/wp-content\/uploads\/sites\/10\/2020\/04\/TurtleDove_CC-BY-NC-ND-2.0_MathiasPutze1-150x150.jpg') 50% 50% no-repeat;width: 125px;height:90px;margin-bottom: 5px;background-size: cover; \"><\/div>\n\t\t\t\t\t\t\t\t\t  <\/div>\n\t\t\t\t\t\t\t\t\t  \n\t\t\t\t\t\t\t\t   <span class=\"yuzo__text--title\" style=\"font-size:13px;\">Francesco \u00fcberfliegt die W\u00fcste \u2013 \u00fcberwiegend...<\/span>\n\t\t\t\t\t\t\t  \n\t\t\t\t\t\t\t  \n\t\t\t\t\t\t\t  <\/a>\n\n\t\t\t\t\t\t  <\/div>\n\t\t\t\t\t\t  <div class=\"relatedthumb \" style=\"width:125px;float:left;overflow:hidden;\">  \n\t\t\t\t\t\t\t  \n\t\t\t\t\t\t\t  <a  href=\"https:\/\/blogs.nabu.de\/zugvoegel\/turteltauben\/2020\/01\/francesco-erreicht-erneut-den-nakambe-in-ghana\/\"  >\n\t\t\t\t\t\t\t\t\t  <div class=\"yuzo-img-wrap \" style=\"width: 125px;height:90px;\">\n\t\t\t\t\t\t\t\t\t\t\n\t\t\t\t\t\t\t\t\t\t<div class=\"yuzo-img\" style=\"background:url('https:\/\/blogs.nabu.de\/zugvoegel\/wp-content\/uploads\/sites\/10\/2020\/01\/Francesco_Jan2020-150x150.jpg') 50% 50% no-repeat;width: 125px;height:90px;margin-bottom: 5px;background-size: cover; \"><\/div>\n\t\t\t\t\t\t\t\t\t  <\/div>\n\t\t\t\t\t\t\t\t\t  \n\t\t\t\t\t\t\t\t   <span class=\"yuzo__text--title\" style=\"font-size:13px;\">Francesco erreicht erneut den Nakamb\u00e9 in Ghana<\/span>\n\t\t\t\t\t\t\t  \n\t\t\t\t\t\t\t  \n\t\t\t\t\t\t\t  <\/a>\n\n\t\t\t\t\t\t  <\/div>\n<\/div> <style>\n\t\t\t\t\t\t\t\t.yuzo_related_post img{width:120px !important; height:110px !important;}\n\t\t\t\t\t\t\t\t.yuzo_related_post .relatedthumb{line-height:15px;background: !important;color:!important;}\n\t\t\t\t\t\t\t\t.yuzo_related_post .relatedthumb:hover{background:#fcfcf4 !important; -webkit-transition: background 0.2s linear; -moz-transition: background 0.2s linear; -o-transition: background 0.2s linear; transition: background 0.2s linear;;color:!important;}\n\t\t\t\t\t\t\t\t.yuzo_related_post .relatedthumb a{color:!important;}\n\t\t\t\t\t\t\t\t.yuzo_related_post .relatedthumb a:hover{ color:}!important;}\n\t\t\t\t\t\t\t\t.yuzo_related_post .relatedthumb:hover a{ color:!important;}\n\t\t\t\t\t\t\t\t.yuzo_related_post .yuzo_text {color:!important;}\n\t\t\t\t\t\t\t\t.yuzo_related_post .relatedthumb:hover .yuzo_text {color:!important;}\n\t\t\t\t\t\t\t\t.yuzo_related_post .relatedthumb{  margin: 0px  0px  0px  0px;   padding: 5px  5px  5px  5px;  }\n\t\t\t\t\t\t\t\t\n\t\t\t\t\t\t\t\t<\/style> <script>\n\t\t\t\t\t\t  jQuery(document).ready(function( $ ){\n\t\t\t\t\t\t\t\/\/jQuery('.yuzo_related_post').equalizer({ overflow : 'relatedthumb' });\n\t\t\t\t\t\t\tjQuery('.yuzo_related_post .yuzo_wraps').equalizer({ columns : '> div' });\n\t\t\t\t\t\t   })\n\t\t\t\t\t\t  <\/script> <!-- End Yuzo :) -->"},"caption":{"rendered":"<p>Related Post Karte der Turteltauben Melanies R\u00fcckflug \u00fcber die westliche Sahara Francesco zieht noch weiter Drei Neue aus Malta Francesco l\u00e4sst Malta links liegen<\/p>\n"},"alt_text":"","media_type":"image","mime_type":"image\/png","media_details":{"width":1400,"height":455,"file":"2019\/11\/Strtur_Habitat_Niger.png","sizes":{"thumbnail":{"file":"Strtur_Habitat_Niger-150x150.png","width":150,"height":150,"mime_type":"image\/png","source_url":"https:\/\/blogs.nabu.de\/zugvoegel\/wp-content\/uploads\/sites\/10\/2019\/11\/Strtur_Habitat_Niger-150x150.png"},"medium":{"file":"Strtur_Habitat_Niger-300x98.png","width":300,"height":98,"mime_type":"image\/png","source_url":"https:\/\/blogs.nabu.de\/zugvoegel\/wp-content\/uploads\/sites\/10\/2019\/11\/Strtur_Habitat_Niger-300x98.png"},"medium_large":{"file":"Strtur_Habitat_Niger-768x250.png","width":768,"height":250,"mime_type":"image\/png","source_url":"https:\/\/blogs.nabu.de\/zugvoegel\/wp-content\/uploads\/sites\/10\/2019\/11\/Strtur_Habitat_Niger-768x250.png"},"large":{"file":"Strtur_Habitat_Niger-1024x333.png","width":1024,"height":333,"mime_type":"image\/png","source_url":"https:\/\/blogs.nabu.de\/zugvoegel\/wp-content\/uploads\/sites\/10\/2019\/11\/Strtur_Habitat_Niger-1024x333.png"},"feather-post":{"file":"Strtur_Habitat_Niger-750x400.png","width":750,"height":400,"mime_type":"image\/png","source_url":"https:\/\/blogs.nabu.de\/zugvoegel\/wp-content\/uploads\/sites\/10\/2019\/11\/Strtur_Habitat_Niger-750x400.png"},"feather-widget-post":{"file":"Strtur_Habitat_Niger-60x60.png","width":60,"height":60,"mime_type":"image\/png","source_url":"https:\/\/blogs.nabu.de\/zugvoegel\/wp-content\/uploads\/sites\/10\/2019\/11\/Strtur_Habitat_Niger-60x60.png"},"rss-thumbnail":{"file":"Strtur_Habitat_Niger-340x226.png","width":340,"height":226,"mime_type":"image\/png","source_url":"https:\/\/blogs.nabu.de\/zugvoegel\/wp-content\/uploads\/sites\/10\/2019\/11\/Strtur_Habitat_Niger-340x226.png"},"post-thumbnail":{"file":"Strtur_Habitat_Niger-340x226.png","width":340,"height":226,"mime_type":"image\/png","source_url":"https:\/\/blogs.nabu.de\/zugvoegel\/wp-content\/uploads\/sites\/10\/2019\/11\/Strtur_Habitat_Niger-340x226.png"},"full":{"file":"Strtur_Habitat_Niger.png","width":1400,"height":455,"mime_type":"image\/png","source_url":"https:\/\/blogs.nabu.de\/zugvoegel\/wp-content\/uploads\/sites\/10\/2019\/11\/Strtur_Habitat_Niger.png"}},"image_meta":{"aperture":"0","credit":"","camera":"","caption":"","created_timestamp":"0","copyright":"","focal_length":"0","iso":"0","shutter_speed":"0","title":"","orientation":"0","keywords":[]}},"post":557,"source_url":"https:\/\/blogs.nabu.de\/zugvoegel\/wp-content\/uploads\/sites\/10\/2019\/11\/Strtur_Habitat_Niger.png","_links":{"self":[{"href":"https:\/\/blogs.nabu.de\/zugvoegel\/wp-json\/wp\/v2\/media\/565"}],"collection":[{"href":"https:\/\/blogs.nabu.de\/zugvoegel\/wp-json\/wp\/v2\/media"}],"about":[{"href":"https:\/\/blogs.nabu.de\/zugvoegel\/wp-json\/wp\/v2\/types\/attachment"}],"author":[{"embeddable":true,"href":"https:\/\/blogs.nabu.de\/zugvoegel\/wp-json\/wp\/v2\/users\/71"}],"replies":[{"embeddable":true,"href":"https:\/\/blogs.nabu.de\/zugvoegel\/wp-json\/wp\/v2\/comments?post=565"}]}}

<p class="attachment"><a href='https://blogs.nabu.de/zugvoegel/wp-content/uploads/sites/10/2019/11/Strtur_Habitat_Niger.png'><img width="300" height="98" src="https://blogs.nabu.de/zugvoegel/wp-content/uploads/sites/10/2019/11/Strtur_Habitat_Niger-300x98.png" class="attachment-medium size-medium" alt="" decoding="async" loading="lazy" data-attachment-id="565" data-permalink="https://blogs.nabu.de/zugvoegel/turteltauben/2019/11/vor-ort-bericht-aus-cyrils-erstem-winterquartier/attachment/strtur_habitat_niger/" data-orig-file="https://blogs.nabu.de/zugvoegel/wp-content/uploads/sites/10/2019/11/Strtur_Habitat_Niger.png" data-orig-size="1400,455" data-comments-opened="1" data-image-meta="{&quot;aperture&quot;:&quot;0&quot;,&quot;credit&quot;:&quot;&quot;,&quot;camera&quot;:&quot;&quot;,&quot;caption&quot;:&quot;&quot;,&quot;created_timestamp&quot;:&quot;0&quot;,&quot;copyright&quot;:&quot;&quot;,&quot;focal_length&quot;:&quot;0&quot;,&quot;iso&quot;:&quot;0&quot;,&quot;shutter_speed&quot;:&quot;0&quot;,&quot;title&quot;:&quot;&quot;,&quot;orientation&quot;:&quot;0&quot;}" data-image-title="Strtur_Habitat_Niger" data-image-description="" data-image-caption="" data-medium-file="https://blogs.nabu.de/zugvoegel/wp-content/uploads/sites/10/2019/11/Strtur_Habitat_Niger-300x98.png" data-large-file="https://blogs.nabu.de/zugvoegel/wp-content/uploads/sites/10/2019/11/Strtur_Habitat_Niger-1024x333.png" /></a></p>
<!-- Begin Yuzo --><div class='yuzo_related_post style-1'  data-version='5.12.74'><!-- without result --><div class='yuzo_clearfixed yuzo__title yuzo__title'><h3>Related Post</h3></div>
						  <div class="relatedthumb " style="width:125px;float:left;overflow:hidden;">  
							  
							  <a  href="https://blogs.nabu.de/zugvoegel/turteltauben/2019/09/karte-der-turteltauben/"  >
									  <div class="yuzo-img-wrap " style="width: 125px;height:90px;">
										
										<div class="yuzo-img" style="background:url('https://blogs.nabu.de/zugvoegel/wp-content/plugins/yuzo-related-post/assets/images/default.png') 50% 50% no-repeat;width: 125px;height:90px;margin-bottom: 5px;background-size: cover; "></div>
									  </div>
									  
								   <span class="yuzo__text--title" style="font-size:13px;">Karte der Turteltauben</span>
							  
							  
							  </a>

						  </div>
						  <div class="relatedthumb " style="width:125px;float:left;overflow:hidden;">  
							  
							  <a  href="https://blogs.nabu.de/zugvoegel/allgemein/2019/02/die-turteltaube-wird-politisch/"  >
									  <div class="yuzo-img-wrap " style="width: 125px;height:90px;">
										
										<div class="yuzo-img" style="background:url('https://blogs.nabu.de/zugvoegel/wp-content/uploads/sites/10/2019/02/turteltauben-hans-joachim-fuenfstueck-150x150.jpg') 50% 50% no-repeat;width: 125px;height:90px;margin-bottom: 5px;background-size: cover; "></div>
									  </div>
									  
								   <span class="yuzo__text--title" style="font-size:13px;">Die Turteltaube wird politisch</span>
							  
							  
							  </a>

						  </div>
						  <div class="relatedthumb " style="width:125px;float:left;overflow:hidden;">  
							  
							  <a  href="https://blogs.nabu.de/zugvoegel/allgemein/2019/09/melanie-startet-nach-frankreich-durch/"  >
									  <div class="yuzo-img-wrap " style="width: 125px;height:90px;">
										
										<div class="yuzo-img" style="background:url('https://blogs.nabu.de/zugvoegel/wp-content/uploads/sites/10/2019/09/Hungen_Villingen-150x150.jpg') 50% 50% no-repeat;width: 125px;height:90px;margin-bottom: 5px;background-size: cover; "></div>
									  </div>
									  
								   <span class="yuzo__text--title" style="font-size:13px;">Melanie startet nach Frankreich durch</span>
							  
							  
							  </a>

						  </div>
						  <div class="relatedthumb " style="width:125px;float:left;overflow:hidden;">  
							  
							  <a  href="https://blogs.nabu.de/zugvoegel/turteltauben/2020/04/francesco-ueberfliegt-die-wueste-ueberwiegend-nachts/"  >
									  <div class="yuzo-img-wrap " style="width: 125px;height:90px;">
										
										<div class="yuzo-img" style="background:url('https://blogs.nabu.de/zugvoegel/wp-content/uploads/sites/10/2020/04/TurtleDove_CC-BY-NC-ND-2.0_MathiasPutze1-150x150.jpg') 50% 50% no-repeat;width: 125px;height:90px;margin-bottom: 5px;background-size: cover; "></div>
									  </div>
									  
								   <span class="yuzo__text--title" style="font-size:13px;">Francesco überfliegt die Wüste – überwiegend...</span>
							  
							  
							  </a>

						  </div>
						  <div class="relatedthumb " style="width:125px;float:left;overflow:hidden;">  
							  
							  <a  href="https://blogs.nabu.de/zugvoegel/turteltauben/2020/01/francesco-erreicht-erneut-den-nakambe-in-ghana/"  >
									  <div class="yuzo-img-wrap " style="width: 125px;height:90px;">
										
										<div class="yuzo-img" style="background:url('https://blogs.nabu.de/zugvoegel/wp-content/uploads/sites/10/2020/01/Francesco_Jan2020-150x150.jpg') 50% 50% no-repeat;width: 125px;height:90px;margin-bottom: 5px;background-size: cover; "></div>
									  </div>
									  
								   <span class="yuzo__text--title" style="font-size:13px;">Francesco erreicht erneut den Nakambé in Ghana</span>
							  
							  
							  </a>

						  </div>
</div> <style>
								.yuzo_related_post img{width:120px !important; height:110px !important;}
								.yuzo_related_post .relatedthumb{line-height:15px;background: !important;color:!important;}
								.yuzo_related_post .relatedthumb:hover{background:#fcfcf4 !important; -webkit-transition: background 0.2s linear; -moz-transition: background 0.2s linear; -o-transition: background 0.2s linear; transition: background 0.2s linear;;color:!important;}
								.yuzo_related_post .relatedthumb a{color:!important;}
								.yuzo_related_post .relatedthumb a:hover{ color:}!important;}
								.yuzo_related_post .relatedthumb:hover a{ color:!important;}
								.yuzo_related_post .yuzo_text {color:!important;}
								.yuzo_related_post .relatedthumb:hover .yuzo_text {color:!important;}
								.yuzo_related_post .relatedthumb{  margin: 0px  0px  0px  0px;   padding: 5px  5px  5px  5px;  }
								
								</style> <script>
						  jQuery(document).ready(function( $ ){
							//jQuery('.yuzo_related_post').equalizer({ overflow : 'relatedthumb' });
							jQuery('.yuzo_related_post .yuzo_wraps').equalizer({ columns : '> div' });
						   })
						  </script> <!-- End Yuzo :) -->

<p>Related Post Karte der Turteltauben Melanies Rückflug über die westliche Sahara Francesco zieht noch weiter Drei Neue aus Malta Francesco lässt Malta links liegen</p>
