{"id":5631,"date":"2020-03-12T13:51:42","date_gmt":"2020-03-12T12:51:42","guid":{"rendered":"http:\/\/blogs.nabu.de\/trischen\/?page_id=5631"},"modified":"2021-03-30T20:05:29","modified_gmt":"2021-03-30T18:05:29","slug":"vogelwartin-2021","status":"publish","type":"page","link":"https:\/\/blogs.nabu.de\/trischen\/vogelwartin-2021\/","title":{"rendered":"Vogelwartin 2021"},"content":{"rendered":"<p><span style=\"color: #636467\"><span style=\"font-family: Source Sans Pro, sans-serif\"><span style=\"font-size: large\">Moin,<img data-attachment-id=\"5605\" data-permalink=\"https:\/\/blogs.nabu.de\/trischen\/anne\/\" data-orig-file=\"https:\/\/blogs.nabu.de\/trischen\/wp-content\/uploads\/sites\/7\/2020\/03\/Anne.jpg\" data-orig-size=\"800,536\" data-comments-opened=\"0\" data-image-meta=\"{&quot;aperture&quot;:&quot;0&quot;,&quot;credit&quot;:&quot;&quot;,&quot;camera&quot;:&quot;&quot;,&quot;caption&quot;:&quot;&quot;,&quot;created_timestamp&quot;:&quot;0&quot;,&quot;copyright&quot;:&quot;&quot;,&quot;focal_length&quot;:&quot;0&quot;,&quot;iso&quot;:&quot;0&quot;,&quot;shutter_speed&quot;:&quot;0&quot;,&quot;title&quot;:&quot;&quot;,&quot;orientation&quot;:&quot;0&quot;}\" data-image-title=\"Anne\" data-image-description=\"\" data-image-caption=\"\" data-medium-file=\"https:\/\/blogs.nabu.de\/trischen\/wp-content\/uploads\/sites\/7\/2020\/03\/Anne-300x201.jpg\" data-large-file=\"https:\/\/blogs.nabu.de\/trischen\/wp-content\/uploads\/sites\/7\/2020\/03\/Anne.jpg\" decoding=\"async\" loading=\"lazy\" class=\"wp-image-5605 alignright\" src=\"https:\/\/blogs.nabu.de\/trischen\/wp-content\/uploads\/sites\/7\/2020\/03\/Anne.jpg\" alt=\"\" width=\"278\" height=\"186\" \/><\/span><\/span><\/span><\/p>\n<p><span style=\"color: #636467\"><span style=\"font-family: Source Sans Pro, sans-serif\"><span style=\"font-size: large\">und herzlich Willkommen auf dem NABU-blog der Insel Trischen \u2013 sch\u00f6n, dass sie hier vorbeischauen!<\/span><\/span><\/span><\/p>\n<p><span style=\"color: #636467\"><span style=\"font-family: Source Sans Pro, sans-serif\"><span style=\"font-size: large\">Mein Name ist Anne Evers und f\u00fcr die Saison 2021 bin ich Vogelwartin auf der Insel Trischen. Trischen liegt in der Schutzzone 1 des Nationalparks Schleswig-Holsteinisches Wattenmeer und darf somit nur von sehr wenigen Menschen betreten werden. Von Mitte M\u00e4rz bis Mitte Oktober habe ich das gro\u00dfe Gl\u00fcck, eine dieser Personen zu sein. In regelm\u00e4\u00dfigen Abst\u00e4nden werde ich hier \u00fcber aktuelle Geschehnisse, meine Erlebnisse und Beobachtungen berichten. <\/span><\/span><\/span><\/p>\n<p><span style=\"color: #636467\"><span style=\"font-family: Source Sans Pro, sans-serif\"><span style=\"font-size: large\">Die Freude an der Vogelbeobachtung habe ich in meinem Studium der Umweltwissenschaften in L\u00fcneburg entdeckt. Meine Diplomarbeit \u00fcber den Knutt hat mich dann damals das erste Mal ans schleswig-holsteinische Wattenmeer gebracht, wo ich nach meinem Studium einige Jahre als Nationalparkrangerin auf F\u00f6hr und Sylt gearbeitet habe. <\/span><\/span><\/span><\/p>\n<p><span style=\"color: #636467\"><span style=\"font-family: Source Sans Pro, sans-serif\"><span style=\"font-size: large\">Nachdem ich mich in den letzten sieben Jahren dem Wiesenvogelschutz auf landwirtschaftlichen Fl\u00e4chen gewidmet habe, freue ich mich darauf wieder im Wattenmeer zu sein. F\u00fcr sieben Monate inmitten des Nationalparks, in einem der spannendsten Lebensr\u00e4ume, leben zu d\u00fcrfen ist f\u00fcr mich ein gro\u00dfes Privileg.<\/span><\/span><\/span><\/p>\n<p><span style=\"color: #636467\"><span style=\"font-family: Source Sans Pro, sans-serif\"><span style=\"font-size: large\">Sie fragen sich vielleicht was ich denn eigentlich die ganze Zeit da drau\u00dfen mache? Die Aufgaben der Vogelwarte auf Trischen sind ganz vielf\u00e4ltig. Neben dem regelm\u00e4\u00dfigen Z\u00e4hlen der rastenden und durchziehenden V\u00f6gel, erfasse ich zudem die gesamten Brutv\u00f6gel. Eine umfangreiche Aufgabe auf einer Vogelinsel. Auch die Insel selbst wird vermessen, da sie sich kontinuierlich ver\u00e4ndert. Die Pflanzenwelt und umliegende Wattfl\u00e4chen werden kartiert, Wetterdaten und eventuelle St\u00f6rungen notiert. Es gibt also einiges zu tun!<\/span><\/span><\/span><\/p>\n<p><span style=\"color: #636467\"><span style=\"font-family: Source Sans Pro, sans-serif\"><span style=\"font-size: large\">Ich bin sehr gespannt, was mich auf Trischen erwartet. Welche V\u00f6gel und anderen Tiere werde ich beobachten? Wie wird das Leben in der H\u00fctte? Ob auch ich endlich mal ein \u201eLand Unter\u201c erleben werde? Ich freue mich darauf, diese Erlebnisse mit Ihnen zu teilen und lade Sie herzlich ein, mich ein St\u00fcck weit zu begleiten.<\/span><\/span><\/span><\/p>\n<p><span style=\"color: #636467\"><span style=\"font-family: Source Sans Pro, sans-serif\"><span style=\"font-size: large\">Und jetzt w\u00fcnsche ich Ihnen viel Freude beim Lesen und St\u00f6bern und freue mich \u00fcber Ihre Kommentare im G\u00e4stebuch!<\/span><\/span><\/span><\/p>\n<!-- Begin Yuzo --><div class='yuzo_related_post style-1'  data-version='5.12.74'><!-- without result --><div class='yuzo_clearfixed yuzo__title yuzo__title'><h3>Related Post<\/h3><\/div>\n\t\t\t\t\t\t  <div class=\"relatedthumb \" style=\"width:145px;float:left;overflow:hidden;\">  \n\t\t\t\t\t\t\t  \n\t\t\t\t\t\t\t  <a  href=\"https:\/\/blogs.nabu.de\/trischen\/endlichkeit\/\"  >\n\t\t\t\t\t\t\t\t\t  <div class=\"yuzo-img-wrap \" style=\"width: 145px;height:145px;\">\n\t\t\t\t\t\t\t\t\t\t\n\t\t\t\t\t\t\t\t\t\t<div class=\"yuzo-img\" style=\"background:url('https:\/\/blogs.nabu.de\/trischen\/wp-content\/plugins\/yuzo-related-post\/assets\/images\/default.png') 50% 50% no-repeat;width: 145px;height:145px;margin-bottom: 5px;background-size: cover; \"><\/div>\n\t\t\t\t\t\t\t\t\t  <\/div>\n\t\t\t\t\t\t\t\t\t  \n\t\t\t\t\t\t\t\t   <span class=\"yuzo__text--title\" style=\"font-size:14px;\">Endlichkeit<\/span>\n\t\t\t\t\t\t\t  \n\t\t\t\t\t\t\t  \n\t\t\t\t\t\t\t  <\/a>\n\n\t\t\t\t\t\t  <\/div>\n\t\t\t\t\t\t  <div class=\"relatedthumb \" style=\"width:145px;float:left;overflow:hidden;\">  \n\t\t\t\t\t\t\t  \n\t\t\t\t\t\t\t  <a  href=\"https:\/\/blogs.nabu.de\/trischen\/land-unter-zum-ersten-zum-zweiten-zum\/\"  >\n\t\t\t\t\t\t\t\t\t  <div class=\"yuzo-img-wrap \" style=\"width: 145px;height:145px;\">\n\t\t\t\t\t\t\t\t\t\t\n\t\t\t\t\t\t\t\t\t\t<div class=\"yuzo-img\" style=\"background:url('https:\/\/blogs.nabu.de\/trischen\/wp-content\/uploads\/sites\/7\/2017\/06\/hw-huette-70cm_web-150x150.jpg') 50% 50% no-repeat;width: 145px;height:145px;margin-bottom: 5px;background-size: cover; \"><\/div>\n\t\t\t\t\t\t\t\t\t  <\/div>\n\t\t\t\t\t\t\t\t\t  \n\t\t\t\t\t\t\t\t   <span class=\"yuzo__text--title\" style=\"font-size:14px;\">\u201eLand-unter\u201c zum ersten, zum zweiten, zum \u2026<\/span>\n\t\t\t\t\t\t\t  \n\t\t\t\t\t\t\t  \n\t\t\t\t\t\t\t  <\/a>\n\n\t\t\t\t\t\t  <\/div>\n\t\t\t\t\t\t  <div class=\"relatedthumb \" style=\"width:145px;float:left;overflow:hidden;\">  \n\t\t\t\t\t\t\t  \n\t\t\t\t\t\t\t  <a  href=\"https:\/\/blogs.nabu.de\/trischen\/hochwasser-ueberflutet-weite-bereiche-der-salzwiese-zum-zweiten-mal\/\"  >\n\t\t\t\t\t\t\t\t\t  <div class=\"yuzo-img-wrap \" style=\"width: 145px;height:145px;\">\n\t\t\t\t\t\t\t\t\t\t\n\t\t\t\t\t\t\t\t\t\t<div class=\"yuzo-img\" style=\"background:url('https:\/\/blogs.nabu.de\/trischen\/wp-content\/uploads\/sites\/7\/2016\/06\/DSC09170-150x150.jpg') 50% 50% no-repeat;width: 145px;height:145px;margin-bottom: 5px;background-size: cover; \"><\/div>\n\t\t\t\t\t\t\t\t\t  <\/div>\n\t\t\t\t\t\t\t\t\t  \n\t\t\t\t\t\t\t\t   <span class=\"yuzo__text--title\" style=\"font-size:14px;\">Hochwasser \u00fcberflutet weite Bereiche der Salzwiese...<\/span>\n\t\t\t\t\t\t\t  \n\t\t\t\t\t\t\t  \n\t\t\t\t\t\t\t  <\/a>\n\n\t\t\t\t\t\t  <\/div>\n\t\t\t\t\t\t  <div class=\"relatedthumb \" style=\"width:145px;float:left;overflow:hidden;\">  \n\t\t\t\t\t\t\t  \n\t\t\t\t\t\t\t  <a  href=\"https:\/\/blogs.nabu.de\/trischen\/vom-warten\/\"  >\n\t\t\t\t\t\t\t\t\t  <div class=\"yuzo-img-wrap \" style=\"width: 145px;height:145px;\">\n\t\t\t\t\t\t\t\t\t\t\n\t\t\t\t\t\t\t\t\t\t<div class=\"yuzo-img\" style=\"background:url('https:\/\/blogs.nabu.de\/trischen\/wp-content\/uploads\/sites\/7\/2024\/08\/photo_2024-08-23_17-27-13-e1724427055334-150x150.jpg') 50% 50% no-repeat;width: 145px;height:145px;margin-bottom: 5px;background-size: cover; \"><\/div>\n\t\t\t\t\t\t\t\t\t  <\/div>\n\t\t\t\t\t\t\t\t\t  \n\t\t\t\t\t\t\t\t   <span class=\"yuzo__text--title\" style=\"font-size:14px;\">Vom Warten<\/span>\n\t\t\t\t\t\t\t  \n\t\t\t\t\t\t\t  \n\t\t\t\t\t\t\t  <\/a>\n\n\t\t\t\t\t\t  <\/div>\n<\/div> <style>\n\t\t\t\t\t\t\t\t.yuzo_related_post img{width:155px !important; height:145px !important;}\n\t\t\t\t\t\t\t\t.yuzo_related_post .relatedthumb{line-height:16px;background: !important;color:!important;}\n\t\t\t\t\t\t\t\t.yuzo_related_post .relatedthumb:hover{background:#fcfcf4 !important; -webkit-transition: background 0.2s linear; -moz-transition: background 0.2s linear; -o-transition: background 0.2s linear; transition: background 0.2s linear;;color:!important;}\n\t\t\t\t\t\t\t\t.yuzo_related_post .relatedthumb a{color:!important;}\n\t\t\t\t\t\t\t\t.yuzo_related_post .relatedthumb a:hover{ color:}!important;}\n\t\t\t\t\t\t\t\t.yuzo_related_post .relatedthumb:hover a{ color:!important;}\n\t\t\t\t\t\t\t\t.yuzo_related_post .yuzo_text {color:!important;}\n\t\t\t\t\t\t\t\t.yuzo_related_post .relatedthumb:hover .yuzo_text {color:!important;}\n\t\t\t\t\t\t\t\t.yuzo_related_post .relatedthumb{  margin: 0px  0px  0px  0px;   padding: 5px  5px  5px  5px;  }\n\t\t\t\t\t\t\t\t\n\t\t\t\t\t\t\t\t<\/style> <script>\n\t\t\t\t\t\t  jQuery(document).ready(function( $ ){\n\t\t\t\t\t\t\t\/\/jQuery('.yuzo_related_post').equalizer({ overflow : 'relatedthumb' });\n\t\t\t\t\t\t\tjQuery('.yuzo_related_post .yuzo_wraps').equalizer({ columns : '> div' });\n\t\t\t\t\t\t   })\n\t\t\t\t\t\t  <\/script> <!-- End Yuzo :) -->","protected":false},"excerpt":{"rendered":"<p>Moin, und herzlich Willkommen auf dem NABU-blog der Insel Trischen \u2013 sch\u00f6n, dass sie hier vorbeischauen! Mein Name ist Anne Evers und f\u00fcr die Saison 2021 bin ich [&hellip;]<\/p>\n","protected":false},"author":114,"featured_media":0,"parent":0,"menu_order":0,"comment_status":"closed","ping_status":"closed","template":"","meta":{"jetpack_post_was_ever_published":false},"jetpack_shortlink":"https:\/\/wp.me\/P7gGqE-1sP","jetpack-related-posts":[{"id":7064,"url":"https:\/\/blogs.nabu.de\/trischen\/vogelwartin-2023\/","url_meta":{"origin":5631,"position":0},"title":"Vogelwartin 2023","date":"24. Februar 2023","format":false,"excerpt":"Moin Moin und herzlich willkommen auf dem NABU Blog der Insel Trischen. Egal, ob sie zuf\u00e4llig hereingeschneit sind oder diesen Blog schon l\u00e4nger verfolgen, ich lade sie herzlich dazu ein, mich auf diesen Seiten in den kommenden Monaten bei meinen kleinen und gro\u00dfen Erlebnissen auf Trischen zu begleiten. F\u00fcr den\u2026","rel":"","context":"\u00c4hnlicher Beitrag","img":{"alt_text":"","src":"https:\/\/i0.wp.com\/blogs.nabu.de\/trischen\/wp-content\/uploads\/sites\/7\/2023\/03\/Bild_Melli2-225x300.jpg?resize=350%2C200&ssl=1","width":350,"height":200},"classes":[]},{"id":5621,"url":"https:\/\/blogs.nabu.de\/trischen\/anne-de-walmont-2019\/","url_meta":{"origin":5631,"position":1},"title":"Die Vogelwartin 2019","date":"9. M\u00e4rz 2020","format":false,"excerpt":"Moin, (Foto: A. de Walmont) sch\u00f6n, dass Sie auf dem NABU-blog der Insel Trischen vorbeischauen! Mein Name ist Anne de Walmont und f\u00fcr die Saison 2019 bin ich\u00a0 die Vogelwartin auf Trischen. Auf dieser Internetseite werde ich \u00fcber aktuelle Geschehnisse und Beobachtungen auf der Insel berichten. Aufgewachsen an der nieders\u00e4chsischen\u2026","rel":"","context":"\u00c4hnlicher Beitrag","img":{"alt_text":"","src":"https:\/\/i0.wp.com\/blogs.nabu.de\/trischen\/wp-content\/uploads\/sites\/7\/2019\/04\/Anne-de-Walmont220.jpg?resize=350%2C200&ssl=1","width":350,"height":200},"classes":[]},{"id":2038,"url":"https:\/\/blogs.nabu.de\/trischen\/christinkunze\/","url_meta":{"origin":5631,"position":2},"title":"Christin Kunze (2015)","date":"6. April 2017","format":false,"excerpt":"Moin, ich freue mich, dass Sie die Trischen-Website besuchen. Mein Name ist Christin Kunze. Ich bin 27 Jahre alt und in dieser Saison von M\u00e4rz bis Oktober als NABU-Vogelwartin auf Trischen t\u00e4tig. Ob Sie das Geschehen auf Trischen schon l\u00e4nger verfolgen oder gerade erst davon erfahren haben und nun neugierig\u2026","rel":"","context":"\u00c4hnlicher Beitrag","img":{"alt_text":"","src":"https:\/\/i0.wp.com\/blogs.nabu.de\/trischen\/wp-content\/uploads\/sites\/7\/2017\/04\/vogelwartin_spektiv_klein.jpg?resize=350%2C200&ssl=1","width":350,"height":200},"classes":[]},{"id":300,"url":"https:\/\/blogs.nabu.de\/trischen\/mehr-zu-trischen\/","url_meta":{"origin":5631,"position":3},"title":"Mehr zu Trischen","date":"31. M\u00e4rz 2016","format":false,"excerpt":"Trischen \u2013 Perle im Nationalpark \u00a0 Trischen ist etwas ganz Besonderes und das aus vielen Gr\u00fcnden. Schon lange vor Nationalpark und Weltnaturerbe haben Menschen den Wert f\u00fcr die Natur erkannt und so geh\u00f6rt Trischen seit 1909 zu den gesch\u00fctzten Seevogelfreist\u00e4tten. Schon seit \u00fcber einhundert Jahren gibt es Vogelschutz auf der\u2026","rel":"","context":"\u00c4hnlicher Beitrag","img":{"alt_text":"","src":"https:\/\/i0.wp.com\/blogs.nabu.de\/trischen\/wp-content\/uploads\/sites\/7\/2016\/03\/Trischen-von-oben.jpeg?resize=350%2C200","width":350,"height":200},"classes":[]},{"id":5611,"url":"https:\/\/blogs.nabu.de\/trischen\/trischen-in-bildern-2020\/","url_meta":{"origin":5631,"position":4},"title":"Trischen in Bildern 2021 bis 2026","date":"9. M\u00e4rz 2020","format":false,"excerpt":"April 2026 Nachdem der M\u00e4rz sehr trocken war, bescherte der April dann doch zumindest ein paar wenige Regentage, und so bekommt die Insel langsam auch Farbe. \u00a0 \u00a0 M\u00e4rz 2026 Meine erste Woche auf der Insel. September 2025 Der Herbst ist da, die Tage werden k\u00fcrzer, der Queller verf\u00e4rbt sich\u2026","rel":"","context":"\u00c4hnlicher Beitrag","img":{"alt_text":"","src":"https:\/\/i0.wp.com\/blogs.nabu.de\/trischen\/wp-content\/uploads\/sites\/7\/2021\/10\/IMG_0934.jpg?resize=350%2C200&ssl=1","width":350,"height":200},"classes":[]},{"id":7582,"url":"https:\/\/blogs.nabu.de\/trischen\/vogelwart-2026\/","url_meta":{"origin":5631,"position":5},"title":"Naturschutzwart 2026","date":"4. M\u00e4rz 2024","format":false,"excerpt":"Moin! Mein Name ist David Grupp und ich habe das gro\u00dfe Gl\u00fcck, 2026 als Naturschutzwart auf der Insel Trischen arbeiten zu d\u00fcrfen. Die M\u00f6glichkeit, an diesem besonderen Ort zu leben und t\u00e4tig zu sein, bedeutet f\u00fcr mich eine gro\u00dfe pers\u00f6nliche, aber auch fachliche Bereicherung. Meine Faszination f\u00fcr das Wattenmeer und\u2026","rel":"","context":"\u00c4hnlicher Beitrag","img":{"alt_text":"","src":"https:\/\/i0.wp.com\/blogs.nabu.de\/trischen\/wp-content\/uploads\/sites\/7\/2026\/03\/1-e1774958864922-257x300.jpg?resize=350%2C200&ssl=1","width":350,"height":200},"classes":[]}],"jetpack_sharing_enabled":true,"_links":{"self":[{"href":"https:\/\/blogs.nabu.de\/trischen\/wp-json\/wp\/v2\/pages\/5631"}],"collection":[{"href":"https:\/\/blogs.nabu.de\/trischen\/wp-json\/wp\/v2\/pages"}],"about":[{"href":"https:\/\/blogs.nabu.de\/trischen\/wp-json\/wp\/v2\/types\/page"}],"author":[{"embeddable":true,"href":"https:\/\/blogs.nabu.de\/trischen\/wp-json\/wp\/v2\/users\/114"}],"replies":[{"embeddable":true,"href":"https:\/\/blogs.nabu.de\/trischen\/wp-json\/wp\/v2\/comments?post=5631"}],"version-history":[{"count":2,"href":"https:\/\/blogs.nabu.de\/trischen\/wp-json\/wp\/v2\/pages\/5631\/revisions"}],"predecessor-version":[{"id":5882,"href":"https:\/\/blogs.nabu.de\/trischen\/wp-json\/wp\/v2\/pages\/5631\/revisions\/5882"}],"wp:attachment":[{"href":"https:\/\/blogs.nabu.de\/trischen\/wp-json\/wp\/v2\/media?parent=5631"}],"curies":[{"name":"wp","href":"https:\/\/api.w.org\/{rel}","templated":true}]}}