{"id":942,"date":"2020-07-08T11:02:37","date_gmt":"2020-07-08T09:02:37","guid":{"rendered":"https:\/\/blogs.nabu.de\/thueringen\/wp-content\/uploads\/sites\/11\/2020\/07\/WhatsApp-Video-2020-07-06-at-14.02.37.mp4"},"modified":"2020-07-08T11:05:49","modified_gmt":"2020-07-08T09:05:49","slug":"whatsapp-video-2020-07-06-at-14-02-37","status":"inherit","type":"attachment","link":"https:\/\/blogs.nabu.de\/thueringen\/2020\/07\/ist-es-aslan-aktuelle-luchsssichtung-bei-ilmenau\/whatsapp-video-2020-07-06-at-14-02-37\/","title":{"rendered":"WhatsApp Video 2020-07-06 at 14.02.37"},"author":73,"comment_status":"open","ping_status":"closed","template":"","meta":{"jetpack_post_was_ever_published":false},"jetpack_videopress_guid":"","jetpack_videopress":{"title":"WhatsApp Video 2020-07-06 at 14.02.37","description":"","caption":"Luchs an der Landstra\u00dfe bei Ilmenau (Th\u00fcringer Wald). - Foto: Clemens Apel.","guid":null,"rating":null,"allow_download":0,"display_embed":0,"privacy_setting":2,"needs_playback_token":false,"is_private":false,"private_enabled_for_site":false},"jetpack_shortlink":"https:\/\/wp.me\/a9cVpQ-fc","description":{"rendered":"<div style=\"width: 848px;\" class=\"wp-video\"><!--[if lt IE 9]><script>document.createElement('video');<\/script><![endif]-->\n<video class=\"wp-video-shortcode\" id=\"video-942-1\" width=\"848\" height=\"480\" preload=\"metadata\" controls=\"controls\"><source type=\"video\/mp4\" src=\"https:\/\/blogs.nabu.de\/thueringen\/wp-content\/uploads\/sites\/11\/2020\/07\/WhatsApp-Video-2020-07-06-at-14.02.37.mp4?_=1\" \/><a href=\"https:\/\/blogs.nabu.de\/thueringen\/wp-content\/uploads\/sites\/11\/2020\/07\/WhatsApp-Video-2020-07-06-at-14.02.37.mp4\">https:\/\/blogs.nabu.de\/thueringen\/wp-content\/uploads\/sites\/11\/2020\/07\/WhatsApp-Video-2020-07-06-at-14.02.37.mp4<\/a><\/video><\/div>\n<!-- Begin Yuzo --><div class='yuzo_related_post style-1'  data-version='5.12.74'><!-- without result --><div class='yuzo_clearfixed yuzo__title yuzo__title'><h3>Related Post<\/h3><\/div>\n\t\t\t\t\t\t  <div class=\"relatedthumb \" style=\"width:125px;float:left;overflow:hidden;\">  \n\t\t\t\t\t\t\t  \n\t\t\t\t\t\t\t  <a  href=\"https:\/\/blogs.nabu.de\/thueringen\/2022\/05\/kirche-im-dorf-lassen-luchs-und-wolf-gehoeren-nicht-ins-jagdrecht\/\"  >\n\t\t\t\t\t\t\t\t\t  <div class=\"yuzo-img-wrap \" style=\"width: 125px;height:90px;\">\n\t\t\t\t\t\t\t\t\t\t\n\t\t\t\t\t\t\t\t\t\t<div class=\"yuzo-img\" style=\"background:url('https:\/\/blogs.nabu.de\/thueringen\/wp-content\/uploads\/sites\/11\/2022\/05\/Luchs-Totfund-illegaler-Abschuss-bei-Buttst\u00e4dt-Lkr.-S\u00f6mmerda-Th\u00fcringen-03.01.2022-Kriminalpolizeiinspektion-Erfurt-BP-150x150.jpg') 50% 50% no-repeat;width: 125px;height:90px;margin-bottom: 5px;background-size: cover; \"><\/div>\n\t\t\t\t\t\t\t\t\t  <\/div>\n\t\t\t\t\t\t\t\t\t  \n\t\t\t\t\t\t\t\t   <span class=\"yuzo__text--title\" style=\"font-size:13px;\">Kirche im Dorf lassen \u2013 Luchs und Wolf geh\u00f6r...<\/span>\n\t\t\t\t\t\t\t  \n\t\t\t\t\t\t\t  \n\t\t\t\t\t\t\t  <\/a>\n\n\t\t\t\t\t\t  <\/div>\n\t\t\t\t\t\t  <div class=\"relatedthumb \" style=\"width:125px;float:left;overflow:hidden;\">  \n\t\t\t\t\t\t\t  \n\t\t\t\t\t\t\t  <a  href=\"https:\/\/blogs.nabu.de\/thueringen\/2018\/01\/nabu-vor-ort-beim-luchs-am-gruenen-band\/\"  >\n\t\t\t\t\t\t\t\t\t  <div class=\"yuzo-img-wrap \" style=\"width: 125px;height:90px;\">\n\t\t\t\t\t\t\t\t\t\t\n\t\t\t\t\t\t\t\t\t\t<div class=\"yuzo-img\" style=\"background:url('https:\/\/blogs.nabu.de\/thueringen\/wp-content\/uploads\/sites\/11\/2018\/01\/FullSizeRender.jpg') 50% 50% no-repeat;width: 125px;height:90px;margin-bottom: 5px;background-size: cover; \"><\/div>\n\t\t\t\t\t\t\t\t\t  <\/div>\n\t\t\t\t\t\t\t\t\t  \n\t\t\t\t\t\t\t\t   <span class=\"yuzo__text--title\" style=\"font-size:13px;\">NABU vor Ort beim Luchs am Gr\u00fcnen Band<\/span>\n\t\t\t\t\t\t\t  \n\t\t\t\t\t\t\t  \n\t\t\t\t\t\t\t  <\/a>\n\n\t\t\t\t\t\t  <\/div>\n\t\t\t\t\t\t  <div class=\"relatedthumb \" style=\"width:125px;float:left;overflow:hidden;\">  \n\t\t\t\t\t\t\t  \n\t\t\t\t\t\t\t  <a  href=\"https:\/\/blogs.nabu.de\/thueringen\/2022\/02\/luchs-wolf-und-wildkatze-brauchen-uns\/\"  >\n\t\t\t\t\t\t\t\t\t  <div class=\"yuzo-img-wrap \" style=\"width: 125px;height:90px;\">\n\t\t\t\t\t\t\t\t\t\t\n\t\t\t\t\t\t\t\t\t\t<div class=\"yuzo-img\" style=\"background:url('https:\/\/blogs.nabu.de\/thueringen\/wp-content\/uploads\/sites\/11\/2022\/02\/P1040253-150x150.jpg') 50% 50% no-repeat;width: 125px;height:90px;margin-bottom: 5px;background-size: cover; \"><\/div>\n\t\t\t\t\t\t\t\t\t  <\/div>\n\t\t\t\t\t\t\t\t\t  \n\t\t\t\t\t\t\t\t   <span class=\"yuzo__text--title\" style=\"font-size:13px;\">Luchs, Wolf und Wildkatze brauchen uns mehr denn j...<\/span>\n\t\t\t\t\t\t\t  \n\t\t\t\t\t\t\t  \n\t\t\t\t\t\t\t  <\/a>\n\n\t\t\t\t\t\t  <\/div>\n\t\t\t\t\t\t  <div class=\"relatedthumb \" style=\"width:125px;float:left;overflow:hidden;\">  \n\t\t\t\t\t\t\t  \n\t\t\t\t\t\t\t  <a  href=\"https:\/\/blogs.nabu.de\/thueringen\/2018\/04\/heute-zum-tag-des-baumes\/\"  >\n\t\t\t\t\t\t\t\t\t  <div class=\"yuzo-img-wrap \" style=\"width: 125px;height:90px;\">\n\t\t\t\t\t\t\t\t\t\t\n\t\t\t\t\t\t\t\t\t\t<div class=\"yuzo-img\" style=\"background:url('https:\/\/blogs.nabu.de\/thueringen\/wp-content\/uploads\/sites\/11\/2018\/04\/DSC07387-150x150.jpg') 50% 50% no-repeat;width: 125px;height:90px;margin-bottom: 5px;background-size: cover; \"><\/div>\n\t\t\t\t\t\t\t\t\t  <\/div>\n\t\t\t\t\t\t\t\t\t  \n\t\t\t\t\t\t\t\t   <span class=\"yuzo__text--title\" style=\"font-size:13px;\">Tag des Baumes<\/span>\n\t\t\t\t\t\t\t  \n\t\t\t\t\t\t\t  \n\t\t\t\t\t\t\t  <\/a>\n\n\t\t\t\t\t\t  <\/div>\n<\/div> <style>\n\t\t\t\t\t\t\t\t.yuzo_related_post img{width:120px !important; height:110px !important;}\n\t\t\t\t\t\t\t\t.yuzo_related_post .relatedthumb{line-height:15px;background: !important;color:!important;}\n\t\t\t\t\t\t\t\t.yuzo_related_post .relatedthumb:hover{background:#fcfcf4 !important; -webkit-transition: background 0.2s linear; -moz-transition: background 0.2s linear; -o-transition: background 0.2s linear; transition: background 0.2s linear;;color:!important;}\n\t\t\t\t\t\t\t\t.yuzo_related_post .relatedthumb a{color:!important;}\n\t\t\t\t\t\t\t\t.yuzo_related_post .relatedthumb a:hover{ color:}!important;}\n\t\t\t\t\t\t\t\t.yuzo_related_post .relatedthumb:hover a{ color:!important;}\n\t\t\t\t\t\t\t\t.yuzo_related_post .yuzo_text {color:!important;}\n\t\t\t\t\t\t\t\t.yuzo_related_post .relatedthumb:hover .yuzo_text {color:!important;}\n\t\t\t\t\t\t\t\t.yuzo_related_post .relatedthumb{  margin: 0px  0px  0px  0px;   padding: 5px  5px  5px  5px;  }\n\t\t\t\t\t\t\t\t\n\t\t\t\t\t\t\t\t<\/style> <script>\n\t\t\t\t\t\t  jQuery(document).ready(function( $ ){\n\t\t\t\t\t\t\t\/\/jQuery('.yuzo_related_post').equalizer({ overflow : 'relatedthumb' });\n\t\t\t\t\t\t\tjQuery('.yuzo_related_post .yuzo_wraps').equalizer({ columns : '> div' });\n\t\t\t\t\t\t   })\n\t\t\t\t\t\t  <\/script> <!-- End Yuzo :) -->"},"caption":{"rendered":"<p>Luchs an der Landstra\u00dfe bei Ilmenau (Th\u00fcringer Wald). &#8211; Foto: Clemens Apel.<\/p>\n"},"alt_text":"","media_type":"file","mime_type":"video\/mp4","media_details":{"filesize":3716064,"mime_type":"video\/mp4","length":16,"length_formatted":"0:16","width":848,"height":480,"fileformat":"mp4","dataformat":"quicktime","audio":{"dataformat":"mp4","codec":"ISO\/IEC 14496-3 AAC","sample_rate":44100,"channels":2,"bits_per_sample":16,"lossless":false,"channelmode":"stereo"},"created_timestamp":1594028839,"sizes":{}},"post":934,"source_url":"https:\/\/blogs.nabu.de\/thueringen\/wp-content\/uploads\/sites\/11\/2020\/07\/WhatsApp-Video-2020-07-06-at-14.02.37.mp4","_links":{"self":[{"href":"https:\/\/blogs.nabu.de\/thueringen\/wp-json\/wp\/v2\/media\/942"}],"collection":[{"href":"https:\/\/blogs.nabu.de\/thueringen\/wp-json\/wp\/v2\/media"}],"about":[{"href":"https:\/\/blogs.nabu.de\/thueringen\/wp-json\/wp\/v2\/types\/attachment"}],"author":[{"embeddable":true,"href":"https:\/\/blogs.nabu.de\/thueringen\/wp-json\/wp\/v2\/users\/73"}],"replies":[{"embeddable":true,"href":"https:\/\/blogs.nabu.de\/thueringen\/wp-json\/wp\/v2\/comments?post=942"}]}}

Luchs an der Landstraße bei Ilmenau (Thüringer Wald). - Foto: Clemens Apel.

<div style="width: 848px;" class="wp-video"><!--[if lt IE 9]><script>document.createElement('video');</script><![endif]-->
<video class="wp-video-shortcode" id="video-942-1" width="848" height="480" preload="metadata" controls="controls"><source type="video/mp4" src="https://blogs.nabu.de/thueringen/wp-content/uploads/sites/11/2020/07/WhatsApp-Video-2020-07-06-at-14.02.37.mp4?_=1" /><a href="https://blogs.nabu.de/thueringen/wp-content/uploads/sites/11/2020/07/WhatsApp-Video-2020-07-06-at-14.02.37.mp4">https://blogs.nabu.de/thueringen/wp-content/uploads/sites/11/2020/07/WhatsApp-Video-2020-07-06-at-14.02.37.mp4</a></video></div>
<!-- Begin Yuzo --><div class='yuzo_related_post style-1'  data-version='5.12.74'><!-- without result --><div class='yuzo_clearfixed yuzo__title yuzo__title'><h3>Related Post</h3></div>
						  <div class="relatedthumb " style="width:125px;float:left;overflow:hidden;">  
							  
							  <a  href="https://blogs.nabu.de/thueringen/2022/05/kirche-im-dorf-lassen-luchs-und-wolf-gehoeren-nicht-ins-jagdrecht/"  >
									  <div class="yuzo-img-wrap " style="width: 125px;height:90px;">
										
										<div class="yuzo-img" style="background:url('https://blogs.nabu.de/thueringen/wp-content/uploads/sites/11/2022/05/Luchs-Totfund-illegaler-Abschuss-bei-Buttstädt-Lkr.-Sömmerda-Thüringen-03.01.2022-Kriminalpolizeiinspektion-Erfurt-BP-150x150.jpg') 50% 50% no-repeat;width: 125px;height:90px;margin-bottom: 5px;background-size: cover; "></div>
									  </div>
									  
								   <span class="yuzo__text--title" style="font-size:13px;">Kirche im Dorf lassen – Luchs und Wolf gehör...</span>
							  
							  
							  </a>

						  </div>
						  <div class="relatedthumb " style="width:125px;float:left;overflow:hidden;">  
							  
							  <a  href="https://blogs.nabu.de/thueringen/2018/01/nabu-vor-ort-beim-luchs-am-gruenen-band/"  >
									  <div class="yuzo-img-wrap " style="width: 125px;height:90px;">
										
										<div class="yuzo-img" style="background:url('https://blogs.nabu.de/thueringen/wp-content/uploads/sites/11/2018/01/FullSizeRender.jpg') 50% 50% no-repeat;width: 125px;height:90px;margin-bottom: 5px;background-size: cover; "></div>
									  </div>
									  
								   <span class="yuzo__text--title" style="font-size:13px;">NABU vor Ort beim Luchs am Grünen Band</span>
							  
							  
							  </a>

						  </div>
						  <div class="relatedthumb " style="width:125px;float:left;overflow:hidden;">  
							  
							  <a  href="https://blogs.nabu.de/thueringen/2022/02/luchs-wolf-und-wildkatze-brauchen-uns/"  >
									  <div class="yuzo-img-wrap " style="width: 125px;height:90px;">
										
										<div class="yuzo-img" style="background:url('https://blogs.nabu.de/thueringen/wp-content/uploads/sites/11/2022/02/P1040253-150x150.jpg') 50% 50% no-repeat;width: 125px;height:90px;margin-bottom: 5px;background-size: cover; "></div>
									  </div>
									  
								   <span class="yuzo__text--title" style="font-size:13px;">Luchs, Wolf und Wildkatze brauchen uns mehr denn j...</span>
							  
							  
							  </a>

						  </div>
						  <div class="relatedthumb " style="width:125px;float:left;overflow:hidden;">  
							  
							  <a  href="https://blogs.nabu.de/thueringen/2018/04/heute-zum-tag-des-baumes/"  >
									  <div class="yuzo-img-wrap " style="width: 125px;height:90px;">
										
										<div class="yuzo-img" style="background:url('https://blogs.nabu.de/thueringen/wp-content/uploads/sites/11/2018/04/DSC07387-150x150.jpg') 50% 50% no-repeat;width: 125px;height:90px;margin-bottom: 5px;background-size: cover; "></div>
									  </div>
									  
								   <span class="yuzo__text--title" style="font-size:13px;">Tag des Baumes</span>
							  
							  
							  </a>

						  </div>
</div> <style>
								.yuzo_related_post img{width:120px !important; height:110px !important;}
								.yuzo_related_post .relatedthumb{line-height:15px;background: !important;color:!important;}
								.yuzo_related_post .relatedthumb:hover{background:#fcfcf4 !important; -webkit-transition: background 0.2s linear; -moz-transition: background 0.2s linear; -o-transition: background 0.2s linear; transition: background 0.2s linear;;color:!important;}
								.yuzo_related_post .relatedthumb a{color:!important;}
								.yuzo_related_post .relatedthumb a:hover{ color:}!important;}
								.yuzo_related_post .relatedthumb:hover a{ color:!important;}
								.yuzo_related_post .yuzo_text {color:!important;}
								.yuzo_related_post .relatedthumb:hover .yuzo_text {color:!important;}
								.yuzo_related_post .relatedthumb{  margin: 0px  0px  0px  0px;   padding: 5px  5px  5px  5px;  }
								
								</style> <script>
						  jQuery(document).ready(function( $ ){
							//jQuery('.yuzo_related_post').equalizer({ overflow : 'relatedthumb' });
							jQuery('.yuzo_related_post .yuzo_wraps').equalizer({ columns : '> div' });
						   })
						  </script> <!-- End Yuzo :) -->

<p>Luchs an der Landstraße bei Ilmenau (Thüringer Wald). &#8211; Foto: Clemens Apel.</p>
