{"id":903,"date":"2020-06-11T12:23:21","date_gmt":"2020-06-11T10:23:21","guid":{"rendered":"https:\/\/blogs.nabu.de\/thueringen\/wp-content\/uploads\/sites\/11\/2020\/06\/Bild-3-Autounfall-Horst-Burghart-2011-Nationalpark-Bayerischer-Wald.jpg"},"modified":"2021-03-03T11:01:40","modified_gmt":"2021-03-03T10:01:40","slug":"bild-3-autounfall-horst-burghart-2011-nationalpark-bayerischer-wald","status":"inherit","type":"attachment","link":"https:\/\/blogs.nabu.de\/thueringen\/2020\/06\/internationaler-tag-des-luchses-wir-fordern-eine-ganzheitliche-luchsstrategie\/bild-3-autounfall-horst-burghart-2011-nationalpark-bayerischer-wald\/","title":{"rendered":""},"author":73,"comment_status":"open","ping_status":"closed","template":"","meta":{"jetpack_post_was_ever_published":false},"jetpack_shortlink":"https:\/\/wp.me\/a9cVpQ-ez","description":{"rendered":"<p class=\"attachment\"><a href='https:\/\/blogs.nabu.de\/thueringen\/wp-content\/uploads\/sites\/11\/2020\/06\/Bild-3-Autounfall-Horst-Burghart-2011-Nationalpark-Bayerischer-Wald.jpg'><img width=\"300\" height=\"225\" src=\"https:\/\/blogs.nabu.de\/thueringen\/wp-content\/uploads\/sites\/11\/2020\/06\/Bild-3-Autounfall-Horst-Burghart-2011-Nationalpark-Bayerischer-Wald-300x225.jpg\" class=\"attachment-medium size-medium\" alt=\"\" decoding=\"async\" loading=\"lazy\" data-attachment-id=\"903\" data-permalink=\"https:\/\/blogs.nabu.de\/thueringen\/2020\/06\/internationaler-tag-des-luchses-wir-fordern-eine-ganzheitliche-luchsstrategie\/bild-3-autounfall-horst-burghart-2011-nationalpark-bayerischer-wald\/\" data-orig-file=\"https:\/\/blogs.nabu.de\/thueringen\/wp-content\/uploads\/sites\/11\/2020\/06\/Bild-3-Autounfall-Horst-Burghart-2011-Nationalpark-Bayerischer-Wald.jpg\" data-orig-size=\"1200,900\" data-comments-opened=\"1\" data-image-meta=\"{&quot;aperture&quot;:&quot;0&quot;,&quot;credit&quot;:&quot;&quot;,&quot;camera&quot;:&quot;&quot;,&quot;caption&quot;:&quot;&quot;,&quot;created_timestamp&quot;:&quot;0&quot;,&quot;copyright&quot;:&quot;&quot;,&quot;focal_length&quot;:&quot;0&quot;,&quot;iso&quot;:&quot;0&quot;,&quot;shutter_speed&quot;:&quot;0&quot;,&quot;title&quot;:&quot;&quot;,&quot;orientation&quot;:&quot;0&quot;}\" data-image-title=\"\" data-image-description=\"\" data-image-caption=\"&lt;p&gt;Viele junge Luchse verungl\u00fccken auf ihren Wanderungen im Stra\u00dfenverkehr. Dieser hier starb 2011 bei einem Unfall im Bayerischen Wald. &#8211; Foto: Horst Burghart&lt;\/p&gt;\n\" data-medium-file=\"https:\/\/blogs.nabu.de\/thueringen\/wp-content\/uploads\/sites\/11\/2020\/06\/Bild-3-Autounfall-Horst-Burghart-2011-Nationalpark-Bayerischer-Wald-300x225.jpg\" data-large-file=\"https:\/\/blogs.nabu.de\/thueringen\/wp-content\/uploads\/sites\/11\/2020\/06\/Bild-3-Autounfall-Horst-Burghart-2011-Nationalpark-Bayerischer-Wald-1024x768.jpg\" \/><\/a><\/p>\n<!-- Begin Yuzo --><div class='yuzo_related_post style-1'  data-version='5.12.74'><!-- without result --><div class='yuzo_clearfixed yuzo__title yuzo__title'><h3>Related Post<\/h3><\/div>\n\t\t\t\t\t\t  <div class=\"relatedthumb \" style=\"width:125px;float:left;overflow:hidden;\">  \n\t\t\t\t\t\t\t  \n\t\t\t\t\t\t\t  <a  href=\"https:\/\/blogs.nabu.de\/thueringen\/2020\/05\/aktuelle-studie-zum-lebensraum-fuer-den-luchs-in-thueringen-ab-jetzt-online\/\"  >\n\t\t\t\t\t\t\t\t\t  <div class=\"yuzo-img-wrap \" style=\"width: 125px;height:90px;\">\n\t\t\t\t\t\t\t\t\t\t\n\t\t\t\t\t\t\t\t\t\t<div class=\"yuzo-img\" style=\"background:url('https:\/\/blogs.nabu.de\/thueringen\/wp-content\/uploads\/sites\/11\/2019\/11\/Luchs-in-Th\u00fcringen-Sophie-Hoffmann-150x150.png') 50% 50% no-repeat;width: 125px;height:90px;margin-bottom: 5px;background-size: cover; \"><\/div>\n\t\t\t\t\t\t\t\t\t  <\/div>\n\t\t\t\t\t\t\t\t\t  \n\t\t\t\t\t\t\t\t   <span class=\"yuzo__text--title\" style=\"font-size:13px;\">Aktuelle Studie zum Lebensraum f\u00fcr den Luchs in Th...<\/span>\n\t\t\t\t\t\t\t  \n\t\t\t\t\t\t\t  \n\t\t\t\t\t\t\t  <\/a>\n\n\t\t\t\t\t\t  <\/div>\n\t\t\t\t\t\t  <div class=\"relatedthumb \" style=\"width:125px;float:left;overflow:hidden;\">  \n\t\t\t\t\t\t\t  \n\t\t\t\t\t\t\t  <a  href=\"https:\/\/blogs.nabu.de\/thueringen\/2018\/05\/expertentreffen-zum-luchs-tagung-in-bonn\/\"  >\n\t\t\t\t\t\t\t\t\t  <div class=\"yuzo-img-wrap \" style=\"width: 125px;height:90px;\">\n\t\t\t\t\t\t\t\t\t\t\n\t\t\t\t\t\t\t\t\t\t<div class=\"yuzo-img\" style=\"background:url('https:\/\/blogs.nabu.de\/thueringen\/wp-content\/uploads\/sites\/11\/2018\/05\/Luchstagung-Bonn-150x150.jpg') 50% 50% no-repeat;width: 125px;height:90px;margin-bottom: 5px;background-size: cover; \"><\/div>\n\t\t\t\t\t\t\t\t\t  <\/div>\n\t\t\t\t\t\t\t\t\t  \n\t\t\t\t\t\t\t\t   <span class=\"yuzo__text--title\" style=\"font-size:13px;\">Expertentreffen f\u00fcr den Luchs \u2013 Tagung in Bo...<\/span>\n\t\t\t\t\t\t\t  \n\t\t\t\t\t\t\t  \n\t\t\t\t\t\t\t  <\/a>\n\n\t\t\t\t\t\t  <\/div>\n\t\t\t\t\t\t  <div class=\"relatedthumb \" style=\"width:125px;float:left;overflow:hidden;\">  \n\t\t\t\t\t\t\t  \n\t\t\t\t\t\t\t  <a  href=\"https:\/\/blogs.nabu.de\/thueringen\/2018\/09\/salatwuermer-fuettern-fuer-anfaenger\/\"  >\n\t\t\t\t\t\t\t\t\t  <div class=\"yuzo-img-wrap \" style=\"width: 125px;height:90px;\">\n\t\t\t\t\t\t\t\t\t\t\n\t\t\t\t\t\t\t\t\t\t<div class=\"yuzo-img\" style=\"background:url('https:\/\/blogs.nabu.de\/thueringen\/wp-content\/uploads\/sites\/11\/2018\/09\/180609-nabu-thueringen-salaternte-saskia-schieback-680x453-3-150x150.jpg') 50% 50% no-repeat;width: 125px;height:90px;margin-bottom: 5px;background-size: cover; \"><\/div>\n\t\t\t\t\t\t\t\t\t  <\/div>\n\t\t\t\t\t\t\t\t\t  \n\t\t\t\t\t\t\t\t   <span class=\"yuzo__text--title\" style=\"font-size:13px;\">Salatw\u00fcrmer f\u00fcttern f\u00fcr Anf\u00e4nger<\/span>\n\t\t\t\t\t\t\t  \n\t\t\t\t\t\t\t  \n\t\t\t\t\t\t\t  <\/a>\n\n\t\t\t\t\t\t  <\/div>\n\t\t\t\t\t\t  <div class=\"relatedthumb \" style=\"width:125px;float:left;overflow:hidden;\">  \n\t\t\t\t\t\t\t  \n\t\t\t\t\t\t\t  <a  href=\"https:\/\/blogs.nabu.de\/thueringen\/2018\/02\/informationen-zum-luchs-in-thueringen-auf-dem-grossen-inselberg\/\"  >\n\t\t\t\t\t\t\t\t\t  <div class=\"yuzo-img-wrap \" style=\"width: 125px;height:90px;\">\n\t\t\t\t\t\t\t\t\t\t\n\t\t\t\t\t\t\t\t\t\t<div class=\"yuzo-img\" style=\"background:url('https:\/\/blogs.nabu.de\/thueringen\/wp-content\/uploads\/sites\/11\/2018\/02\/DSC09319a-150x150.jpg') 50% 50% no-repeat;width: 125px;height:90px;margin-bottom: 5px;background-size: cover; \"><\/div>\n\t\t\t\t\t\t\t\t\t  <\/div>\n\t\t\t\t\t\t\t\t\t  \n\t\t\t\t\t\t\t\t   <span class=\"yuzo__text--title\" style=\"font-size:13px;\">Informationen zum Luchs auf dem Gro\u00dfen Inselsberg ...<\/span>\n\t\t\t\t\t\t\t  \n\t\t\t\t\t\t\t  \n\t\t\t\t\t\t\t  <\/a>\n\n\t\t\t\t\t\t  <\/div>\n<\/div> <style>\n\t\t\t\t\t\t\t\t.yuzo_related_post img{width:120px !important; height:110px !important;}\n\t\t\t\t\t\t\t\t.yuzo_related_post .relatedthumb{line-height:15px;background: !important;color:!important;}\n\t\t\t\t\t\t\t\t.yuzo_related_post .relatedthumb:hover{background:#fcfcf4 !important; -webkit-transition: background 0.2s linear; -moz-transition: background 0.2s linear; -o-transition: background 0.2s linear; transition: background 0.2s linear;;color:!important;}\n\t\t\t\t\t\t\t\t.yuzo_related_post .relatedthumb a{color:!important;}\n\t\t\t\t\t\t\t\t.yuzo_related_post .relatedthumb a:hover{ color:}!important;}\n\t\t\t\t\t\t\t\t.yuzo_related_post .relatedthumb:hover a{ color:!important;}\n\t\t\t\t\t\t\t\t.yuzo_related_post .yuzo_text {color:!important;}\n\t\t\t\t\t\t\t\t.yuzo_related_post .relatedthumb:hover .yuzo_text {color:!important;}\n\t\t\t\t\t\t\t\t.yuzo_related_post .relatedthumb{  margin: 0px  0px  0px  0px;   padding: 5px  5px  5px  5px;  }\n\t\t\t\t\t\t\t\t\n\t\t\t\t\t\t\t\t<\/style> <script>\n\t\t\t\t\t\t  jQuery(document).ready(function( $ ){\n\t\t\t\t\t\t\t\/\/jQuery('.yuzo_related_post').equalizer({ overflow : 'relatedthumb' });\n\t\t\t\t\t\t\tjQuery('.yuzo_related_post .yuzo_wraps').equalizer({ columns : '> div' });\n\t\t\t\t\t\t   })\n\t\t\t\t\t\t  <\/script> <!-- End Yuzo :) -->"},"caption":{"rendered":"<p>Viele junge Luchse verungl\u00fccken auf ihren Wanderungen im Stra\u00dfenverkehr. Dieser hier starb 2011 bei einem Unfall im Bayerischen Wald. &#8211; Foto: Horst Burghart<\/p>\n"},"alt_text":"","media_type":"image","mime_type":"image\/jpeg","media_details":{"width":1200,"height":900,"file":"2020\/06\/Bild-3-Autounfall-Horst-Burghart-2011-Nationalpark-Bayerischer-Wald.jpg","sizes":{"thumbnail":{"file":"Bild-3-Autounfall-Horst-Burghart-2011-Nationalpark-Bayerischer-Wald-150x150.jpg","width":150,"height":150,"mime_type":"image\/jpeg","source_url":"https:\/\/blogs.nabu.de\/thueringen\/wp-content\/uploads\/sites\/11\/2020\/06\/Bild-3-Autounfall-Horst-Burghart-2011-Nationalpark-Bayerischer-Wald-150x150.jpg"},"medium":{"file":"Bild-3-Autounfall-Horst-Burghart-2011-Nationalpark-Bayerischer-Wald-300x225.jpg","width":300,"height":225,"mime_type":"image\/jpeg","source_url":"https:\/\/blogs.nabu.de\/thueringen\/wp-content\/uploads\/sites\/11\/2020\/06\/Bild-3-Autounfall-Horst-Burghart-2011-Nationalpark-Bayerischer-Wald-300x225.jpg"},"medium_large":{"file":"Bild-3-Autounfall-Horst-Burghart-2011-Nationalpark-Bayerischer-Wald-768x576.jpg","width":768,"height":576,"mime_type":"image\/jpeg","source_url":"https:\/\/blogs.nabu.de\/thueringen\/wp-content\/uploads\/sites\/11\/2020\/06\/Bild-3-Autounfall-Horst-Burghart-2011-Nationalpark-Bayerischer-Wald-768x576.jpg"},"large":{"file":"Bild-3-Autounfall-Horst-Burghart-2011-Nationalpark-Bayerischer-Wald-1024x768.jpg","width":1024,"height":768,"mime_type":"image\/jpeg","source_url":"https:\/\/blogs.nabu.de\/thueringen\/wp-content\/uploads\/sites\/11\/2020\/06\/Bild-3-Autounfall-Horst-Burghart-2011-Nationalpark-Bayerischer-Wald-1024x768.jpg"},"feather-post":{"file":"Bild-3-Autounfall-Horst-Burghart-2011-Nationalpark-Bayerischer-Wald-750x400.jpg","width":750,"height":400,"mime_type":"image\/jpeg","source_url":"https:\/\/blogs.nabu.de\/thueringen\/wp-content\/uploads\/sites\/11\/2020\/06\/Bild-3-Autounfall-Horst-Burghart-2011-Nationalpark-Bayerischer-Wald-750x400.jpg"},"feather-widget-post":{"file":"Bild-3-Autounfall-Horst-Burghart-2011-Nationalpark-Bayerischer-Wald-60x60.jpg","width":60,"height":60,"mime_type":"image\/jpeg","source_url":"https:\/\/blogs.nabu.de\/thueringen\/wp-content\/uploads\/sites\/11\/2020\/06\/Bild-3-Autounfall-Horst-Burghart-2011-Nationalpark-Bayerischer-Wald-60x60.jpg"},"rss-thumbnail":{"file":"Bild-3-Autounfall-Horst-Burghart-2011-Nationalpark-Bayerischer-Wald-340x226.jpg","width":340,"height":226,"mime_type":"image\/jpeg","source_url":"https:\/\/blogs.nabu.de\/thueringen\/wp-content\/uploads\/sites\/11\/2020\/06\/Bild-3-Autounfall-Horst-Burghart-2011-Nationalpark-Bayerischer-Wald-340x226.jpg"},"post-thumbnail":{"file":"Bild-3-Autounfall-Horst-Burghart-2011-Nationalpark-Bayerischer-Wald-340x226.jpg","width":340,"height":226,"mime_type":"image\/jpeg","source_url":"https:\/\/blogs.nabu.de\/thueringen\/wp-content\/uploads\/sites\/11\/2020\/06\/Bild-3-Autounfall-Horst-Burghart-2011-Nationalpark-Bayerischer-Wald-340x226.jpg"},"full":{"file":"Bild-3-Autounfall-Horst-Burghart-2011-Nationalpark-Bayerischer-Wald.jpg","width":1200,"height":900,"mime_type":"image\/jpeg","source_url":"https:\/\/blogs.nabu.de\/thueringen\/wp-content\/uploads\/sites\/11\/2020\/06\/Bild-3-Autounfall-Horst-Burghart-2011-Nationalpark-Bayerischer-Wald.jpg"}},"image_meta":{"aperture":"0","credit":"","camera":"","caption":"","created_timestamp":"0","copyright":"","focal_length":"0","iso":"0","shutter_speed":"0","title":"","orientation":"0","keywords":[]}},"post":899,"source_url":"https:\/\/blogs.nabu.de\/thueringen\/wp-content\/uploads\/sites\/11\/2020\/06\/Bild-3-Autounfall-Horst-Burghart-2011-Nationalpark-Bayerischer-Wald.jpg","_links":{"self":[{"href":"https:\/\/blogs.nabu.de\/thueringen\/wp-json\/wp\/v2\/media\/903"}],"collection":[{"href":"https:\/\/blogs.nabu.de\/thueringen\/wp-json\/wp\/v2\/media"}],"about":[{"href":"https:\/\/blogs.nabu.de\/thueringen\/wp-json\/wp\/v2\/types\/attachment"}],"author":[{"embeddable":true,"href":"https:\/\/blogs.nabu.de\/thueringen\/wp-json\/wp\/v2\/users\/73"}],"replies":[{"embeddable":true,"href":"https:\/\/blogs.nabu.de\/thueringen\/wp-json\/wp\/v2\/comments?post=903"}]}}

<p class="attachment"><a href='https://blogs.nabu.de/thueringen/wp-content/uploads/sites/11/2020/06/Bild-3-Autounfall-Horst-Burghart-2011-Nationalpark-Bayerischer-Wald.jpg'><img width="300" height="225" src="https://blogs.nabu.de/thueringen/wp-content/uploads/sites/11/2020/06/Bild-3-Autounfall-Horst-Burghart-2011-Nationalpark-Bayerischer-Wald-300x225.jpg" class="attachment-medium size-medium" alt="" decoding="async" loading="lazy" data-attachment-id="903" data-permalink="https://blogs.nabu.de/thueringen/2020/06/internationaler-tag-des-luchses-wir-fordern-eine-ganzheitliche-luchsstrategie/bild-3-autounfall-horst-burghart-2011-nationalpark-bayerischer-wald/" data-orig-file="https://blogs.nabu.de/thueringen/wp-content/uploads/sites/11/2020/06/Bild-3-Autounfall-Horst-Burghart-2011-Nationalpark-Bayerischer-Wald.jpg" data-orig-size="1200,900" data-comments-opened="1" data-image-meta="{&quot;aperture&quot;:&quot;0&quot;,&quot;credit&quot;:&quot;&quot;,&quot;camera&quot;:&quot;&quot;,&quot;caption&quot;:&quot;&quot;,&quot;created_timestamp&quot;:&quot;0&quot;,&quot;copyright&quot;:&quot;&quot;,&quot;focal_length&quot;:&quot;0&quot;,&quot;iso&quot;:&quot;0&quot;,&quot;shutter_speed&quot;:&quot;0&quot;,&quot;title&quot;:&quot;&quot;,&quot;orientation&quot;:&quot;0&quot;}" data-image-title="" data-image-description="" data-image-caption="&lt;p&gt;Viele junge Luchse verunglücken auf ihren Wanderungen im Straßenverkehr. Dieser hier starb 2011 bei einem Unfall im Bayerischen Wald. &#8211; Foto: Horst Burghart&lt;/p&gt;
" data-medium-file="https://blogs.nabu.de/thueringen/wp-content/uploads/sites/11/2020/06/Bild-3-Autounfall-Horst-Burghart-2011-Nationalpark-Bayerischer-Wald-300x225.jpg" data-large-file="https://blogs.nabu.de/thueringen/wp-content/uploads/sites/11/2020/06/Bild-3-Autounfall-Horst-Burghart-2011-Nationalpark-Bayerischer-Wald-1024x768.jpg" /></a></p>
<!-- Begin Yuzo --><div class='yuzo_related_post style-1'  data-version='5.12.74'><!-- without result --><div class='yuzo_clearfixed yuzo__title yuzo__title'><h3>Related Post</h3></div>
						  <div class="relatedthumb " style="width:125px;float:left;overflow:hidden;">  
							  
							  <a  href="https://blogs.nabu.de/thueringen/2020/05/aktuelle-studie-zum-lebensraum-fuer-den-luchs-in-thueringen-ab-jetzt-online/"  >
									  <div class="yuzo-img-wrap " style="width: 125px;height:90px;">
										
										<div class="yuzo-img" style="background:url('https://blogs.nabu.de/thueringen/wp-content/uploads/sites/11/2019/11/Luchs-in-Thüringen-Sophie-Hoffmann-150x150.png') 50% 50% no-repeat;width: 125px;height:90px;margin-bottom: 5px;background-size: cover; "></div>
									  </div>
									  
								   <span class="yuzo__text--title" style="font-size:13px;">Aktuelle Studie zum Lebensraum für den Luchs in Th...</span>
							  
							  
							  </a>

						  </div>
						  <div class="relatedthumb " style="width:125px;float:left;overflow:hidden;">  
							  
							  <a  href="https://blogs.nabu.de/thueringen/2018/05/expertentreffen-zum-luchs-tagung-in-bonn/"  >
									  <div class="yuzo-img-wrap " style="width: 125px;height:90px;">
										
										<div class="yuzo-img" style="background:url('https://blogs.nabu.de/thueringen/wp-content/uploads/sites/11/2018/05/Luchstagung-Bonn-150x150.jpg') 50% 50% no-repeat;width: 125px;height:90px;margin-bottom: 5px;background-size: cover; "></div>
									  </div>
									  
								   <span class="yuzo__text--title" style="font-size:13px;">Expertentreffen für den Luchs – Tagung in Bo...</span>
							  
							  
							  </a>

						  </div>
						  <div class="relatedthumb " style="width:125px;float:left;overflow:hidden;">  
							  
							  <a  href="https://blogs.nabu.de/thueringen/2018/09/salatwuermer-fuettern-fuer-anfaenger/"  >
									  <div class="yuzo-img-wrap " style="width: 125px;height:90px;">
										
										<div class="yuzo-img" style="background:url('https://blogs.nabu.de/thueringen/wp-content/uploads/sites/11/2018/09/180609-nabu-thueringen-salaternte-saskia-schieback-680x453-3-150x150.jpg') 50% 50% no-repeat;width: 125px;height:90px;margin-bottom: 5px;background-size: cover; "></div>
									  </div>
									  
								   <span class="yuzo__text--title" style="font-size:13px;">Salatwürmer füttern für Anfänger</span>
							  
							  
							  </a>

						  </div>
						  <div class="relatedthumb " style="width:125px;float:left;overflow:hidden;">  
							  
							  <a  href="https://blogs.nabu.de/thueringen/2018/02/informationen-zum-luchs-in-thueringen-auf-dem-grossen-inselberg/"  >
									  <div class="yuzo-img-wrap " style="width: 125px;height:90px;">
										
										<div class="yuzo-img" style="background:url('https://blogs.nabu.de/thueringen/wp-content/uploads/sites/11/2018/02/DSC09319a-150x150.jpg') 50% 50% no-repeat;width: 125px;height:90px;margin-bottom: 5px;background-size: cover; "></div>
									  </div>
									  
								   <span class="yuzo__text--title" style="font-size:13px;">Informationen zum Luchs auf dem Großen Inselsberg ...</span>
							  
							  
							  </a>

						  </div>
</div> <style>
								.yuzo_related_post img{width:120px !important; height:110px !important;}
								.yuzo_related_post .relatedthumb{line-height:15px;background: !important;color:!important;}
								.yuzo_related_post .relatedthumb:hover{background:#fcfcf4 !important; -webkit-transition: background 0.2s linear; -moz-transition: background 0.2s linear; -o-transition: background 0.2s linear; transition: background 0.2s linear;;color:!important;}
								.yuzo_related_post .relatedthumb a{color:!important;}
								.yuzo_related_post .relatedthumb a:hover{ color:}!important;}
								.yuzo_related_post .relatedthumb:hover a{ color:!important;}
								.yuzo_related_post .yuzo_text {color:!important;}
								.yuzo_related_post .relatedthumb:hover .yuzo_text {color:!important;}
								.yuzo_related_post .relatedthumb{  margin: 0px  0px  0px  0px;   padding: 5px  5px  5px  5px;  }
								
								</style> <script>
						  jQuery(document).ready(function( $ ){
							//jQuery('.yuzo_related_post').equalizer({ overflow : 'relatedthumb' });
							jQuery('.yuzo_related_post .yuzo_wraps').equalizer({ columns : '> div' });
						   })
						  </script> <!-- End Yuzo :) -->

<p>Viele junge Luchse verunglücken auf ihren Wanderungen im Straßenverkehr. Dieser hier starb 2011 bei einem Unfall im Bayerischen Wald. &#8211; Foto: Horst Burghart</p>
