{"id":39,"date":"2017-09-25T14:34:44","date_gmt":"2017-09-25T12:34:44","guid":{"rendered":"http:\/\/blogs.nabu.de\/thueringen\/wp-content\/uploads\/sites\/11\/2017\/09\/NABU_Luchs_PlanP.png"},"modified":"2021-09-24T11:02:35","modified_gmt":"2021-09-24T09:02:35","slug":"nabu_luchs_planp","status":"inherit","type":"attachment","link":"https:\/\/blogs.nabu.de\/thueringen\/2021\/09\/der-luchs-kommt-nach-thueringen-und-wir-helfen-dabei\/nabu_luchs_planp\/","title":{"rendered":"Plan P wie Pinselohr &#8211; Wir machen den Weg frei f\u00fcr den Luchs"},"author":1,"comment_status":"open","ping_status":"closed","template":"","meta":{"jetpack_post_was_ever_published":false},"jetpack_shortlink":"https:\/\/wp.me\/a9cVpQ-D","description":{"rendered":"<p class=\"attachment\"><a href='https:\/\/blogs.nabu.de\/thueringen\/wp-content\/uploads\/sites\/11\/2017\/09\/NABU_Luchs_PlanP.png'><img width=\"300\" height=\"284\" src=\"https:\/\/blogs.nabu.de\/thueringen\/wp-content\/uploads\/sites\/11\/2017\/09\/NABU_Luchs_PlanP-300x284.png\" class=\"attachment-medium size-medium\" alt=\"\" decoding=\"async\" loading=\"lazy\" data-attachment-id=\"39\" data-permalink=\"https:\/\/blogs.nabu.de\/thueringen\/2021\/09\/der-luchs-kommt-nach-thueringen-und-wir-helfen-dabei\/nabu_luchs_planp\/\" data-orig-file=\"https:\/\/blogs.nabu.de\/thueringen\/wp-content\/uploads\/sites\/11\/2017\/09\/NABU_Luchs_PlanP.png\" data-orig-size=\"1167,1104\" data-comments-opened=\"1\" data-image-meta=\"{&quot;aperture&quot;:&quot;0&quot;,&quot;credit&quot;:&quot;&quot;,&quot;camera&quot;:&quot;&quot;,&quot;caption&quot;:&quot;&quot;,&quot;created_timestamp&quot;:&quot;0&quot;,&quot;copyright&quot;:&quot;&quot;,&quot;focal_length&quot;:&quot;0&quot;,&quot;iso&quot;:&quot;0&quot;,&quot;shutter_speed&quot;:&quot;0&quot;,&quot;title&quot;:&quot;&quot;,&quot;orientation&quot;:&quot;0&quot;}\" data-image-title=\"Plan P wie Pinselohr &#8211; Wir machen den Weg frei f\u00fcr den Luchs\" data-image-description=\"\" data-image-caption=\"&lt;p&gt;Plan P wie Pinselohr &#8211; Wir machen den Weg frei f\u00fcr den Luchs&lt;\/p&gt;\n\" data-medium-file=\"https:\/\/blogs.nabu.de\/thueringen\/wp-content\/uploads\/sites\/11\/2017\/09\/NABU_Luchs_PlanP-300x284.png\" data-large-file=\"https:\/\/blogs.nabu.de\/thueringen\/wp-content\/uploads\/sites\/11\/2017\/09\/NABU_Luchs_PlanP-1024x969.png\" \/><\/a><\/p>\n<!-- Begin Yuzo --><div class='yuzo_related_post style-1'  data-version='5.12.74'><!-- without result --><div class='yuzo_clearfixed yuzo__title yuzo__title'><h3>Related Post<\/h3><\/div>\n\t\t\t\t\t\t  <div class=\"relatedthumb \" style=\"width:125px;float:left;overflow:hidden;\">  \n\t\t\t\t\t\t\t  \n\t\t\t\t\t\t\t  <a  href=\"https:\/\/blogs.nabu.de\/thueringen\/2025\/06\/luchsparadies-von-der-vision-zur-wirklichkeit\/\"  >\n\t\t\t\t\t\t\t\t\t  <div class=\"yuzo-img-wrap \" style=\"width: 125px;height:90px;\">\n\t\t\t\t\t\t\t\t\t\t\n\t\t\t\t\t\t\t\t\t\t<div class=\"yuzo-img\" style=\"background:url('https:\/\/blogs.nabu.de\/thueringen\/wp-content\/uploads\/sites\/11\/2025\/06\/Facebook-Single-Post-neu-35-150x150.jpg') 50% 50% no-repeat;width: 125px;height:90px;margin-bottom: 5px;background-size: cover; \"><\/div>\n\t\t\t\t\t\t\t\t\t  <\/div>\n\t\t\t\t\t\t\t\t\t  \n\t\t\t\t\t\t\t\t   <span class=\"yuzo__text--title\" style=\"font-size:13px;\">Luchsparadies Th\u00fcringen: Von der Vision zur Wirkli...<\/span>\n\t\t\t\t\t\t\t  \n\t\t\t\t\t\t\t  \n\t\t\t\t\t\t\t  <\/a>\n\n\t\t\t\t\t\t  <\/div>\n\t\t\t\t\t\t  <div class=\"relatedthumb \" style=\"width:125px;float:left;overflow:hidden;\">  \n\t\t\t\t\t\t\t  \n\t\t\t\t\t\t\t  <a  href=\"https:\/\/blogs.nabu.de\/thueringen\/2017\/10\/synergien-im-zusammenwirken-von-mensch-und-natur-untersuchen\/\"  >\n\t\t\t\t\t\t\t\t\t  <div class=\"yuzo-img-wrap \" style=\"width: 125px;height:90px;\">\n\t\t\t\t\t\t\t\t\t\t\n\t\t\t\t\t\t\t\t\t\t<div class=\"yuzo-img\" style=\"background:url('https:\/\/blogs.nabu.de\/thueringen\/wp-content\/uploads\/sites\/11\/2017\/10\/20171025_101502-150x150.jpg') 50% 50% no-repeat;width: 125px;height:90px;margin-bottom: 5px;background-size: cover; \"><\/div>\n\t\t\t\t\t\t\t\t\t  <\/div>\n\t\t\t\t\t\t\t\t\t  \n\t\t\t\t\t\t\t\t   <span class=\"yuzo__text--title\" style=\"font-size:13px;\">Synergien im Zusammenwirken von Mensch und Natur u...<\/span>\n\t\t\t\t\t\t\t  \n\t\t\t\t\t\t\t  \n\t\t\t\t\t\t\t  <\/a>\n\n\t\t\t\t\t\t  <\/div>\n\t\t\t\t\t\t  <div class=\"relatedthumb \" style=\"width:125px;float:left;overflow:hidden;\">  \n\t\t\t\t\t\t\t  \n\t\t\t\t\t\t\t  <a  href=\"https:\/\/blogs.nabu.de\/thueringen\/2018\/12\/der-luchs-sorgt-fuer-grosses-interesse-in-muehlhausen\/\"  >\n\t\t\t\t\t\t\t\t\t  <div class=\"yuzo-img-wrap \" style=\"width: 125px;height:90px;\">\n\t\t\t\t\t\t\t\t\t\t\n\t\t\t\t\t\t\t\t\t\t<div class=\"yuzo-img\" style=\"background:url('https:\/\/blogs.nabu.de\/thueringen\/wp-content\/uploads\/sites\/11\/2018\/12\/20160215_111924-neu-150x150.jpg') 50% 50% no-repeat;width: 125px;height:90px;margin-bottom: 5px;background-size: cover; \"><\/div>\n\t\t\t\t\t\t\t\t\t  <\/div>\n\t\t\t\t\t\t\t\t\t  \n\t\t\t\t\t\t\t\t   <span class=\"yuzo__text--title\" style=\"font-size:13px;\">Der Luchs sorgt f\u00fcr gro\u00dfes Interesse in M\u00fchlhausen...<\/span>\n\t\t\t\t\t\t\t  \n\t\t\t\t\t\t\t  \n\t\t\t\t\t\t\t  <\/a>\n\n\t\t\t\t\t\t  <\/div>\n\t\t\t\t\t\t  <div class=\"relatedthumb \" style=\"width:125px;float:left;overflow:hidden;\">  \n\t\t\t\t\t\t\t  \n\t\t\t\t\t\t\t  <a  href=\"https:\/\/blogs.nabu.de\/thueringen\/2020\/09\/gibt-es-erstmals-luchsnachwuchs-in-suedthueringen\/\"  >\n\t\t\t\t\t\t\t\t\t  <div class=\"yuzo-img-wrap \" style=\"width: 125px;height:90px;\">\n\t\t\t\t\t\t\t\t\t\t\n\t\t\t\t\t\t\t\t\t\t<div class=\"yuzo-img\" style=\"background:url('https:\/\/blogs.nabu.de\/thueringen\/wp-content\/uploads\/sites\/11\/2020\/04\/Tierpark-Suhl-2016-1-150x150.jpg') 50% 50% no-repeat;width: 125px;height:90px;margin-bottom: 5px;background-size: cover; \"><\/div>\n\t\t\t\t\t\t\t\t\t  <\/div>\n\t\t\t\t\t\t\t\t\t  \n\t\t\t\t\t\t\t\t   <span class=\"yuzo__text--title\" style=\"font-size:13px;\">Gibt es erstmals Luchsnachwuchs in S\u00fcdth\u00fcringen?<\/span>\n\t\t\t\t\t\t\t  \n\t\t\t\t\t\t\t  \n\t\t\t\t\t\t\t  <\/a>\n\n\t\t\t\t\t\t  <\/div>\n<\/div> <style>\n\t\t\t\t\t\t\t\t.yuzo_related_post img{width:120px !important; height:110px !important;}\n\t\t\t\t\t\t\t\t.yuzo_related_post .relatedthumb{line-height:15px;background: !important;color:!important;}\n\t\t\t\t\t\t\t\t.yuzo_related_post .relatedthumb:hover{background:#fcfcf4 !important; -webkit-transition: background 0.2s linear; -moz-transition: background 0.2s linear; -o-transition: background 0.2s linear; transition: background 0.2s linear;;color:!important;}\n\t\t\t\t\t\t\t\t.yuzo_related_post .relatedthumb a{color:!important;}\n\t\t\t\t\t\t\t\t.yuzo_related_post .relatedthumb a:hover{ color:}!important;}\n\t\t\t\t\t\t\t\t.yuzo_related_post .relatedthumb:hover a{ color:!important;}\n\t\t\t\t\t\t\t\t.yuzo_related_post .yuzo_text {color:!important;}\n\t\t\t\t\t\t\t\t.yuzo_related_post .relatedthumb:hover .yuzo_text {color:!important;}\n\t\t\t\t\t\t\t\t.yuzo_related_post .relatedthumb{  margin: 0px  0px  0px  0px;   padding: 5px  5px  5px  5px;  }\n\t\t\t\t\t\t\t\t\n\t\t\t\t\t\t\t\t<\/style> <script>\n\t\t\t\t\t\t  jQuery(document).ready(function( $ ){\n\t\t\t\t\t\t\t\/\/jQuery('.yuzo_related_post').equalizer({ overflow : 'relatedthumb' });\n\t\t\t\t\t\t\tjQuery('.yuzo_related_post .yuzo_wraps').equalizer({ columns : '> div' });\n\t\t\t\t\t\t   })\n\t\t\t\t\t\t  <\/script> <!-- End Yuzo :) -->"},"caption":{"rendered":"<p>Plan P wie Pinselohr &#8211; Wir machen den Weg frei f\u00fcr den Luchs<\/p>\n"},"alt_text":"","media_type":"image","mime_type":"image\/png","media_details":{"width":1167,"height":1104,"file":"2017\/09\/NABU_Luchs_PlanP.png","sizes":{"thumbnail":{"file":"NABU_Luchs_PlanP-150x150.png","width":150,"height":150,"mime_type":"image\/png","source_url":"https:\/\/blogs.nabu.de\/thueringen\/wp-content\/uploads\/sites\/11\/2017\/09\/NABU_Luchs_PlanP-150x150.png"},"medium":{"file":"NABU_Luchs_PlanP-300x284.png","width":300,"height":284,"mime_type":"image\/png","source_url":"https:\/\/blogs.nabu.de\/thueringen\/wp-content\/uploads\/sites\/11\/2017\/09\/NABU_Luchs_PlanP-300x284.png"},"medium_large":{"file":"NABU_Luchs_PlanP-768x727.png","width":768,"height":727,"mime_type":"image\/png","source_url":"https:\/\/blogs.nabu.de\/thueringen\/wp-content\/uploads\/sites\/11\/2017\/09\/NABU_Luchs_PlanP-768x727.png"},"large":{"file":"NABU_Luchs_PlanP-1024x969.png","width":1024,"height":969,"mime_type":"image\/png","source_url":"https:\/\/blogs.nabu.de\/thueringen\/wp-content\/uploads\/sites\/11\/2017\/09\/NABU_Luchs_PlanP-1024x969.png"},"feather-post":{"file":"NABU_Luchs_PlanP-750x400.png","width":750,"height":400,"mime_type":"image\/png","source_url":"https:\/\/blogs.nabu.de\/thueringen\/wp-content\/uploads\/sites\/11\/2017\/09\/NABU_Luchs_PlanP-750x400.png"},"feather-widget-post":{"file":"NABU_Luchs_PlanP-60x60.png","width":60,"height":60,"mime_type":"image\/png","source_url":"https:\/\/blogs.nabu.de\/thueringen\/wp-content\/uploads\/sites\/11\/2017\/09\/NABU_Luchs_PlanP-60x60.png"},"rss-thumbnail":{"file":"NABU_Luchs_PlanP-340x226.png","width":340,"height":226,"mime_type":"image\/png","source_url":"https:\/\/blogs.nabu.de\/thueringen\/wp-content\/uploads\/sites\/11\/2017\/09\/NABU_Luchs_PlanP-340x226.png"},"post-thumbnail":{"file":"NABU_Luchs_PlanP-340x226.png","width":340,"height":226,"mime_type":"image\/png","source_url":"https:\/\/blogs.nabu.de\/thueringen\/wp-content\/uploads\/sites\/11\/2017\/09\/NABU_Luchs_PlanP-340x226.png"},"full":{"file":"NABU_Luchs_PlanP.png","width":1167,"height":1104,"mime_type":"image\/png","source_url":"https:\/\/blogs.nabu.de\/thueringen\/wp-content\/uploads\/sites\/11\/2017\/09\/NABU_Luchs_PlanP.png"}},"image_meta":{"aperture":"0","credit":"","camera":"","caption":"","created_timestamp":"0","copyright":"","focal_length":"0","iso":"0","shutter_speed":"0","title":"","orientation":"0","keywords":[]}},"post":1074,"source_url":"https:\/\/blogs.nabu.de\/thueringen\/wp-content\/uploads\/sites\/11\/2017\/09\/NABU_Luchs_PlanP.png","_links":{"self":[{"href":"https:\/\/blogs.nabu.de\/thueringen\/wp-json\/wp\/v2\/media\/39"}],"collection":[{"href":"https:\/\/blogs.nabu.de\/thueringen\/wp-json\/wp\/v2\/media"}],"about":[{"href":"https:\/\/blogs.nabu.de\/thueringen\/wp-json\/wp\/v2\/types\/attachment"}],"author":[{"embeddable":true,"href":"https:\/\/blogs.nabu.de\/thueringen\/wp-json\/wp\/v2\/users\/1"}],"replies":[{"embeddable":true,"href":"https:\/\/blogs.nabu.de\/thueringen\/wp-json\/wp\/v2\/comments?post=39"}]}}

Plan P wie Pinselohr &#8211; Wir machen den Weg frei für den Luchs

<p class="attachment"><a href='https://blogs.nabu.de/thueringen/wp-content/uploads/sites/11/2017/09/NABU_Luchs_PlanP.png'><img width="300" height="284" src="https://blogs.nabu.de/thueringen/wp-content/uploads/sites/11/2017/09/NABU_Luchs_PlanP-300x284.png" class="attachment-medium size-medium" alt="" decoding="async" loading="lazy" data-attachment-id="39" data-permalink="https://blogs.nabu.de/thueringen/2021/09/der-luchs-kommt-nach-thueringen-und-wir-helfen-dabei/nabu_luchs_planp/" data-orig-file="https://blogs.nabu.de/thueringen/wp-content/uploads/sites/11/2017/09/NABU_Luchs_PlanP.png" data-orig-size="1167,1104" data-comments-opened="1" data-image-meta="{&quot;aperture&quot;:&quot;0&quot;,&quot;credit&quot;:&quot;&quot;,&quot;camera&quot;:&quot;&quot;,&quot;caption&quot;:&quot;&quot;,&quot;created_timestamp&quot;:&quot;0&quot;,&quot;copyright&quot;:&quot;&quot;,&quot;focal_length&quot;:&quot;0&quot;,&quot;iso&quot;:&quot;0&quot;,&quot;shutter_speed&quot;:&quot;0&quot;,&quot;title&quot;:&quot;&quot;,&quot;orientation&quot;:&quot;0&quot;}" data-image-title="Plan P wie Pinselohr &#8211; Wir machen den Weg frei für den Luchs" data-image-description="" data-image-caption="&lt;p&gt;Plan P wie Pinselohr &#8211; Wir machen den Weg frei für den Luchs&lt;/p&gt;
" data-medium-file="https://blogs.nabu.de/thueringen/wp-content/uploads/sites/11/2017/09/NABU_Luchs_PlanP-300x284.png" data-large-file="https://blogs.nabu.de/thueringen/wp-content/uploads/sites/11/2017/09/NABU_Luchs_PlanP-1024x969.png" /></a></p>
<!-- Begin Yuzo --><div class='yuzo_related_post style-1'  data-version='5.12.74'><!-- without result --><div class='yuzo_clearfixed yuzo__title yuzo__title'><h3>Related Post</h3></div>
						  <div class="relatedthumb " style="width:125px;float:left;overflow:hidden;">  
							  
							  <a  href="https://blogs.nabu.de/thueringen/2025/06/luchsparadies-von-der-vision-zur-wirklichkeit/"  >
									  <div class="yuzo-img-wrap " style="width: 125px;height:90px;">
										
										<div class="yuzo-img" style="background:url('https://blogs.nabu.de/thueringen/wp-content/uploads/sites/11/2025/06/Facebook-Single-Post-neu-35-150x150.jpg') 50% 50% no-repeat;width: 125px;height:90px;margin-bottom: 5px;background-size: cover; "></div>
									  </div>
									  
								   <span class="yuzo__text--title" style="font-size:13px;">Luchsparadies Thüringen: Von der Vision zur Wirkli...</span>
							  
							  
							  </a>

						  </div>
						  <div class="relatedthumb " style="width:125px;float:left;overflow:hidden;">  
							  
							  <a  href="https://blogs.nabu.de/thueringen/2017/10/synergien-im-zusammenwirken-von-mensch-und-natur-untersuchen/"  >
									  <div class="yuzo-img-wrap " style="width: 125px;height:90px;">
										
										<div class="yuzo-img" style="background:url('https://blogs.nabu.de/thueringen/wp-content/uploads/sites/11/2017/10/20171025_101502-150x150.jpg') 50% 50% no-repeat;width: 125px;height:90px;margin-bottom: 5px;background-size: cover; "></div>
									  </div>
									  
								   <span class="yuzo__text--title" style="font-size:13px;">Synergien im Zusammenwirken von Mensch und Natur u...</span>
							  
							  
							  </a>

						  </div>
						  <div class="relatedthumb " style="width:125px;float:left;overflow:hidden;">  
							  
							  <a  href="https://blogs.nabu.de/thueringen/2018/12/der-luchs-sorgt-fuer-grosses-interesse-in-muehlhausen/"  >
									  <div class="yuzo-img-wrap " style="width: 125px;height:90px;">
										
										<div class="yuzo-img" style="background:url('https://blogs.nabu.de/thueringen/wp-content/uploads/sites/11/2018/12/20160215_111924-neu-150x150.jpg') 50% 50% no-repeat;width: 125px;height:90px;margin-bottom: 5px;background-size: cover; "></div>
									  </div>
									  
								   <span class="yuzo__text--title" style="font-size:13px;">Der Luchs sorgt für großes Interesse in Mühlhausen...</span>
							  
							  
							  </a>

						  </div>
						  <div class="relatedthumb " style="width:125px;float:left;overflow:hidden;">  
							  
							  <a  href="https://blogs.nabu.de/thueringen/2020/09/gibt-es-erstmals-luchsnachwuchs-in-suedthueringen/"  >
									  <div class="yuzo-img-wrap " style="width: 125px;height:90px;">
										
										<div class="yuzo-img" style="background:url('https://blogs.nabu.de/thueringen/wp-content/uploads/sites/11/2020/04/Tierpark-Suhl-2016-1-150x150.jpg') 50% 50% no-repeat;width: 125px;height:90px;margin-bottom: 5px;background-size: cover; "></div>
									  </div>
									  
								   <span class="yuzo__text--title" style="font-size:13px;">Gibt es erstmals Luchsnachwuchs in Südthüringen?</span>
							  
							  
							  </a>

						  </div>
</div> <style>
								.yuzo_related_post img{width:120px !important; height:110px !important;}
								.yuzo_related_post .relatedthumb{line-height:15px;background: !important;color:!important;}
								.yuzo_related_post .relatedthumb:hover{background:#fcfcf4 !important; -webkit-transition: background 0.2s linear; -moz-transition: background 0.2s linear; -o-transition: background 0.2s linear; transition: background 0.2s linear;;color:!important;}
								.yuzo_related_post .relatedthumb a{color:!important;}
								.yuzo_related_post .relatedthumb a:hover{ color:}!important;}
								.yuzo_related_post .relatedthumb:hover a{ color:!important;}
								.yuzo_related_post .yuzo_text {color:!important;}
								.yuzo_related_post .relatedthumb:hover .yuzo_text {color:!important;}
								.yuzo_related_post .relatedthumb{  margin: 0px  0px  0px  0px;   padding: 5px  5px  5px  5px;  }
								
								</style> <script>
						  jQuery(document).ready(function( $ ){
							//jQuery('.yuzo_related_post').equalizer({ overflow : 'relatedthumb' });
							jQuery('.yuzo_related_post .yuzo_wraps').equalizer({ columns : '> div' });
						   })
						  </script> <!-- End Yuzo :) -->

<p>Plan P wie Pinselohr &#8211; Wir machen den Weg frei für den Luchs</p>
