{"id":1068,"date":"2021-06-21T13:13:38","date_gmt":"2021-06-21T11:13:38","guid":{"rendered":"https:\/\/blogs.nabu.de\/thueringen\/wp-content\/uploads\/sites\/11\/2021\/06\/Dirk-Rudat-Luchsin-Mira-am-Th\u00fcringer-Meer-23.05.2021.jpeg"},"modified":"2021-06-21T13:15:15","modified_gmt":"2021-06-21T11:15:15","slug":"dirk-rudat-luchsin-mira-am-thueringer-meer-23-05-2021","status":"inherit","type":"attachment","link":"https:\/\/blogs.nabu.de\/thueringen\/2021\/06\/luchse-brauchen-zu-erst-sichere-lebensraeume\/dirk-rudat-luchsin-mira-am-thueringer-meer-23-05-2021\/","title":{"rendered":"Dirk Rudat, Luchsin Mira am Th\u00fcringer Meer, 23.05.2021"},"author":73,"comment_status":"open","ping_status":"closed","template":"","meta":{"jetpack_post_was_ever_published":false},"jetpack_shortlink":"https:\/\/wp.me\/a9cVpQ-he","description":{"rendered":"<p class=\"attachment\"><a href='https:\/\/blogs.nabu.de\/thueringen\/wp-content\/uploads\/sites\/11\/2021\/06\/Dirk-Rudat-Luchsin-Mira-am-Th\u00fcringer-Meer-23.05.2021.jpeg'><img width=\"300\" height=\"200\" src=\"https:\/\/blogs.nabu.de\/thueringen\/wp-content\/uploads\/sites\/11\/2021\/06\/Dirk-Rudat-Luchsin-Mira-am-Th\u00fcringer-Meer-23.05.2021-300x200.jpeg\" class=\"attachment-medium size-medium\" alt=\"\" decoding=\"async\" loading=\"lazy\" data-attachment-id=\"1068\" data-permalink=\"https:\/\/blogs.nabu.de\/thueringen\/2021\/06\/luchse-brauchen-zu-erst-sichere-lebensraeume\/dirk-rudat-luchsin-mira-am-thueringer-meer-23-05-2021\/\" data-orig-file=\"https:\/\/blogs.nabu.de\/thueringen\/wp-content\/uploads\/sites\/11\/2021\/06\/Dirk-Rudat-Luchsin-Mira-am-Th\u00fcringer-Meer-23.05.2021.jpeg\" data-orig-size=\"1200,801\" data-comments-opened=\"1\" data-image-meta=\"{&quot;aperture&quot;:&quot;0&quot;,&quot;credit&quot;:&quot;&quot;,&quot;camera&quot;:&quot;&quot;,&quot;caption&quot;:&quot;&quot;,&quot;created_timestamp&quot;:&quot;0&quot;,&quot;copyright&quot;:&quot;&quot;,&quot;focal_length&quot;:&quot;0&quot;,&quot;iso&quot;:&quot;0&quot;,&quot;shutter_speed&quot;:&quot;0&quot;,&quot;title&quot;:&quot;&quot;,&quot;orientation&quot;:&quot;0&quot;}\" data-image-title=\"Dirk Rudat, Luchsin Mira am Th\u00fcringer Meer, 23.05.2021\" data-image-description=\"\" data-image-caption=\"&lt;p&gt;Die urspr\u00fcnglich in Polen ausgewilderte Luchsin Mira an der Saaltalsperre im Saale-Orla-Kreis. Foto: Dirk Rudat (23.05.2021)&lt;\/p&gt;\n\" data-medium-file=\"https:\/\/blogs.nabu.de\/thueringen\/wp-content\/uploads\/sites\/11\/2021\/06\/Dirk-Rudat-Luchsin-Mira-am-Th\u00fcringer-Meer-23.05.2021-300x200.jpeg\" data-large-file=\"https:\/\/blogs.nabu.de\/thueringen\/wp-content\/uploads\/sites\/11\/2021\/06\/Dirk-Rudat-Luchsin-Mira-am-Th\u00fcringer-Meer-23.05.2021-1024x684.jpeg\" \/><\/a><\/p>\n<!-- Begin Yuzo --><div class='yuzo_related_post style-1'  data-version='5.12.74'><!-- without result --><div class='yuzo_clearfixed yuzo__title yuzo__title'><h3>Related Post<\/h3><\/div>\n\t\t\t\t\t\t  <div class=\"relatedthumb \" style=\"width:125px;float:left;overflow:hidden;\">  \n\t\t\t\t\t\t\t  \n\t\t\t\t\t\t\t  <a  href=\"https:\/\/blogs.nabu.de\/thueringen\/2019\/05\/das-ffh-monitoring-zum-luchs-in-thueringen-kommt-voran\/\"  >\n\t\t\t\t\t\t\t\t\t  <div class=\"yuzo-img-wrap \" style=\"width: 125px;height:90px;\">\n\t\t\t\t\t\t\t\t\t\t\n\t\t\t\t\t\t\t\t\t\t<div class=\"yuzo-img\" style=\"background:url('https:\/\/blogs.nabu.de\/thueringen\/wp-content\/uploads\/sites\/11\/2019\/05\/TLUBN-Weimar-150x150.jpg') 50% 50% no-repeat;width: 125px;height:90px;margin-bottom: 5px;background-size: cover; \"><\/div>\n\t\t\t\t\t\t\t\t\t  <\/div>\n\t\t\t\t\t\t\t\t\t  \n\t\t\t\t\t\t\t\t   <span class=\"yuzo__text--title\" style=\"font-size:13px;\">Das FFH-Monitoring zum Luchs in Th\u00fcringen kommt vo...<\/span>\n\t\t\t\t\t\t\t  \n\t\t\t\t\t\t\t  \n\t\t\t\t\t\t\t  <\/a>\n\n\t\t\t\t\t\t  <\/div>\n\t\t\t\t\t\t  <div class=\"relatedthumb \" style=\"width:125px;float:left;overflow:hidden;\">  \n\t\t\t\t\t\t\t  \n\t\t\t\t\t\t\t  <a  href=\"https:\/\/blogs.nabu.de\/thueringen\/2017\/11\/sehnsucht-nach-wildnis-hat-auch-der-luchs\/\"  >\n\t\t\t\t\t\t\t\t\t  <div class=\"yuzo-img-wrap \" style=\"width: 125px;height:90px;\">\n\t\t\t\t\t\t\t\t\t\t\n\t\t\t\t\t\t\t\t\t\t<div class=\"yuzo-img\" style=\"background:url('https:\/\/blogs.nabu.de\/thueringen\/wp-content\/uploads\/sites\/11\/2017\/11\/23511053_1524384754263615_5530808459447535868_o-150x150.jpg') 50% 50% no-repeat;width: 125px;height:90px;margin-bottom: 5px;background-size: cover; \"><\/div>\n\t\t\t\t\t\t\t\t\t  <\/div>\n\t\t\t\t\t\t\t\t\t  \n\t\t\t\t\t\t\t\t   <span class=\"yuzo__text--title\" style=\"font-size:13px;\">Sehnsucht nach Wildnis hat auch der Luchs<\/span>\n\t\t\t\t\t\t\t  \n\t\t\t\t\t\t\t  \n\t\t\t\t\t\t\t  <\/a>\n\n\t\t\t\t\t\t  <\/div>\n\t\t\t\t\t\t  <div class=\"relatedthumb \" style=\"width:125px;float:left;overflow:hidden;\">  \n\t\t\t\t\t\t\t  \n\t\t\t\t\t\t\t  <a  href=\"https:\/\/blogs.nabu.de\/thueringen\/2022\/05\/kirche-im-dorf-lassen-luchs-und-wolf-gehoeren-nicht-ins-jagdrecht\/\"  >\n\t\t\t\t\t\t\t\t\t  <div class=\"yuzo-img-wrap \" style=\"width: 125px;height:90px;\">\n\t\t\t\t\t\t\t\t\t\t\n\t\t\t\t\t\t\t\t\t\t<div class=\"yuzo-img\" style=\"background:url('https:\/\/blogs.nabu.de\/thueringen\/wp-content\/uploads\/sites\/11\/2022\/05\/Luchs-Totfund-illegaler-Abschuss-bei-Buttst\u00e4dt-Lkr.-S\u00f6mmerda-Th\u00fcringen-03.01.2022-Kriminalpolizeiinspektion-Erfurt-BP-150x150.jpg') 50% 50% no-repeat;width: 125px;height:90px;margin-bottom: 5px;background-size: cover; \"><\/div>\n\t\t\t\t\t\t\t\t\t  <\/div>\n\t\t\t\t\t\t\t\t\t  \n\t\t\t\t\t\t\t\t   <span class=\"yuzo__text--title\" style=\"font-size:13px;\">Kirche im Dorf lassen \u2013 Luchs und Wolf geh\u00f6r...<\/span>\n\t\t\t\t\t\t\t  \n\t\t\t\t\t\t\t  \n\t\t\t\t\t\t\t  <\/a>\n\n\t\t\t\t\t\t  <\/div>\n\t\t\t\t\t\t  <div class=\"relatedthumb \" style=\"width:125px;float:left;overflow:hidden;\">  \n\t\t\t\t\t\t\t  \n\t\t\t\t\t\t\t  <a  href=\"https:\/\/blogs.nabu.de\/thueringen\/2018\/04\/heute-zum-tag-des-baumes\/\"  >\n\t\t\t\t\t\t\t\t\t  <div class=\"yuzo-img-wrap \" style=\"width: 125px;height:90px;\">\n\t\t\t\t\t\t\t\t\t\t\n\t\t\t\t\t\t\t\t\t\t<div class=\"yuzo-img\" style=\"background:url('https:\/\/blogs.nabu.de\/thueringen\/wp-content\/uploads\/sites\/11\/2018\/04\/DSC07387-150x150.jpg') 50% 50% no-repeat;width: 125px;height:90px;margin-bottom: 5px;background-size: cover; \"><\/div>\n\t\t\t\t\t\t\t\t\t  <\/div>\n\t\t\t\t\t\t\t\t\t  \n\t\t\t\t\t\t\t\t   <span class=\"yuzo__text--title\" style=\"font-size:13px;\">Tag des Baumes<\/span>\n\t\t\t\t\t\t\t  \n\t\t\t\t\t\t\t  \n\t\t\t\t\t\t\t  <\/a>\n\n\t\t\t\t\t\t  <\/div>\n<\/div> <style>\n\t\t\t\t\t\t\t\t.yuzo_related_post img{width:120px !important; height:110px !important;}\n\t\t\t\t\t\t\t\t.yuzo_related_post .relatedthumb{line-height:15px;background: !important;color:!important;}\n\t\t\t\t\t\t\t\t.yuzo_related_post .relatedthumb:hover{background:#fcfcf4 !important; -webkit-transition: background 0.2s linear; -moz-transition: background 0.2s linear; -o-transition: background 0.2s linear; transition: background 0.2s linear;;color:!important;}\n\t\t\t\t\t\t\t\t.yuzo_related_post .relatedthumb a{color:!important;}\n\t\t\t\t\t\t\t\t.yuzo_related_post .relatedthumb a:hover{ color:}!important;}\n\t\t\t\t\t\t\t\t.yuzo_related_post .relatedthumb:hover a{ color:!important;}\n\t\t\t\t\t\t\t\t.yuzo_related_post .yuzo_text {color:!important;}\n\t\t\t\t\t\t\t\t.yuzo_related_post .relatedthumb:hover .yuzo_text {color:!important;}\n\t\t\t\t\t\t\t\t.yuzo_related_post .relatedthumb{  margin: 0px  0px  0px  0px;   padding: 5px  5px  5px  5px;  }\n\t\t\t\t\t\t\t\t\n\t\t\t\t\t\t\t\t<\/style> <script>\n\t\t\t\t\t\t  jQuery(document).ready(function( $ ){\n\t\t\t\t\t\t\t\/\/jQuery('.yuzo_related_post').equalizer({ overflow : 'relatedthumb' });\n\t\t\t\t\t\t\tjQuery('.yuzo_related_post .yuzo_wraps').equalizer({ columns : '> div' });\n\t\t\t\t\t\t   })\n\t\t\t\t\t\t  <\/script> <!-- End Yuzo :) -->"},"caption":{"rendered":"<p>Die urspr\u00fcnglich in Polen ausgewilderte Luchsin Mira an der Saaltalsperre im Saale-Orla-Kreis. Foto: Dirk Rudat (23.05.2021)<\/p>\n"},"alt_text":"","media_type":"image","mime_type":"image\/jpeg","media_details":{"width":1200,"height":801,"file":"2021\/06\/Dirk-Rudat-Luchsin-Mira-am-Th\u00fcringer-Meer-23.05.2021.jpeg","sizes":{"thumbnail":{"file":"Dirk-Rudat-Luchsin-Mira-am-Th\u00fcringer-Meer-23.05.2021-150x150.jpeg","width":150,"height":150,"mime_type":"image\/jpeg","source_url":"https:\/\/blogs.nabu.de\/thueringen\/wp-content\/uploads\/sites\/11\/2021\/06\/Dirk-Rudat-Luchsin-Mira-am-Th\u00fcringer-Meer-23.05.2021-150x150.jpeg"},"medium":{"file":"Dirk-Rudat-Luchsin-Mira-am-Th\u00fcringer-Meer-23.05.2021-300x200.jpeg","width":300,"height":200,"mime_type":"image\/jpeg","source_url":"https:\/\/blogs.nabu.de\/thueringen\/wp-content\/uploads\/sites\/11\/2021\/06\/Dirk-Rudat-Luchsin-Mira-am-Th\u00fcringer-Meer-23.05.2021-300x200.jpeg"},"medium_large":{"file":"Dirk-Rudat-Luchsin-Mira-am-Th\u00fcringer-Meer-23.05.2021-768x513.jpeg","width":768,"height":513,"mime_type":"image\/jpeg","source_url":"https:\/\/blogs.nabu.de\/thueringen\/wp-content\/uploads\/sites\/11\/2021\/06\/Dirk-Rudat-Luchsin-Mira-am-Th\u00fcringer-Meer-23.05.2021-768x513.jpeg"},"large":{"file":"Dirk-Rudat-Luchsin-Mira-am-Th\u00fcringer-Meer-23.05.2021-1024x684.jpeg","width":1024,"height":684,"mime_type":"image\/jpeg","source_url":"https:\/\/blogs.nabu.de\/thueringen\/wp-content\/uploads\/sites\/11\/2021\/06\/Dirk-Rudat-Luchsin-Mira-am-Th\u00fcringer-Meer-23.05.2021-1024x684.jpeg"},"feather-post":{"file":"Dirk-Rudat-Luchsin-Mira-am-Th\u00fcringer-Meer-23.05.2021-750x400.jpeg","width":750,"height":400,"mime_type":"image\/jpeg","source_url":"https:\/\/blogs.nabu.de\/thueringen\/wp-content\/uploads\/sites\/11\/2021\/06\/Dirk-Rudat-Luchsin-Mira-am-Th\u00fcringer-Meer-23.05.2021-750x400.jpeg"},"feather-widget-post":{"file":"Dirk-Rudat-Luchsin-Mira-am-Th\u00fcringer-Meer-23.05.2021-60x60.jpeg","width":60,"height":60,"mime_type":"image\/jpeg","source_url":"https:\/\/blogs.nabu.de\/thueringen\/wp-content\/uploads\/sites\/11\/2021\/06\/Dirk-Rudat-Luchsin-Mira-am-Th\u00fcringer-Meer-23.05.2021-60x60.jpeg"},"rss-thumbnail":{"file":"Dirk-Rudat-Luchsin-Mira-am-Th\u00fcringer-Meer-23.05.2021-340x226.jpeg","width":340,"height":226,"mime_type":"image\/jpeg","source_url":"https:\/\/blogs.nabu.de\/thueringen\/wp-content\/uploads\/sites\/11\/2021\/06\/Dirk-Rudat-Luchsin-Mira-am-Th\u00fcringer-Meer-23.05.2021-340x226.jpeg"},"post-thumbnail":{"file":"Dirk-Rudat-Luchsin-Mira-am-Th\u00fcringer-Meer-23.05.2021-340x226.jpeg","width":340,"height":226,"mime_type":"image\/jpeg","source_url":"https:\/\/blogs.nabu.de\/thueringen\/wp-content\/uploads\/sites\/11\/2021\/06\/Dirk-Rudat-Luchsin-Mira-am-Th\u00fcringer-Meer-23.05.2021-340x226.jpeg"},"full":{"file":"Dirk-Rudat-Luchsin-Mira-am-Th\u00fcringer-Meer-23.05.2021.jpeg","width":1200,"height":801,"mime_type":"image\/jpeg","source_url":"https:\/\/blogs.nabu.de\/thueringen\/wp-content\/uploads\/sites\/11\/2021\/06\/Dirk-Rudat-Luchsin-Mira-am-Th\u00fcringer-Meer-23.05.2021.jpeg"}},"image_meta":{"aperture":"0","credit":"","camera":"","caption":"","created_timestamp":"0","copyright":"","focal_length":"0","iso":"0","shutter_speed":"0","title":"","orientation":"0","keywords":[]}},"post":1067,"source_url":"https:\/\/blogs.nabu.de\/thueringen\/wp-content\/uploads\/sites\/11\/2021\/06\/Dirk-Rudat-Luchsin-Mira-am-Th\u00fcringer-Meer-23.05.2021.jpeg","_links":{"self":[{"href":"https:\/\/blogs.nabu.de\/thueringen\/wp-json\/wp\/v2\/media\/1068"}],"collection":[{"href":"https:\/\/blogs.nabu.de\/thueringen\/wp-json\/wp\/v2\/media"}],"about":[{"href":"https:\/\/blogs.nabu.de\/thueringen\/wp-json\/wp\/v2\/types\/attachment"}],"author":[{"embeddable":true,"href":"https:\/\/blogs.nabu.de\/thueringen\/wp-json\/wp\/v2\/users\/73"}],"replies":[{"embeddable":true,"href":"https:\/\/blogs.nabu.de\/thueringen\/wp-json\/wp\/v2\/comments?post=1068"}]}}

https://blogs.nabu.de/thueringen/wp-content/uploads/sites/11/2021/06/Dirk-Rudat-Luchsin-Mira-am-Thüringer-Meer-23.05.2021.jpeg

Dirk Rudat, Luchsin Mira am Thüringer Meer, 23.05.2021

<p class="attachment"><a href='https://blogs.nabu.de/thueringen/wp-content/uploads/sites/11/2021/06/Dirk-Rudat-Luchsin-Mira-am-Thüringer-Meer-23.05.2021.jpeg'><img width="300" height="200" src="https://blogs.nabu.de/thueringen/wp-content/uploads/sites/11/2021/06/Dirk-Rudat-Luchsin-Mira-am-Thüringer-Meer-23.05.2021-300x200.jpeg" class="attachment-medium size-medium" alt="" decoding="async" loading="lazy" data-attachment-id="1068" data-permalink="https://blogs.nabu.de/thueringen/2021/06/luchse-brauchen-zu-erst-sichere-lebensraeume/dirk-rudat-luchsin-mira-am-thueringer-meer-23-05-2021/" data-orig-file="https://blogs.nabu.de/thueringen/wp-content/uploads/sites/11/2021/06/Dirk-Rudat-Luchsin-Mira-am-Thüringer-Meer-23.05.2021.jpeg" data-orig-size="1200,801" data-comments-opened="1" data-image-meta="{&quot;aperture&quot;:&quot;0&quot;,&quot;credit&quot;:&quot;&quot;,&quot;camera&quot;:&quot;&quot;,&quot;caption&quot;:&quot;&quot;,&quot;created_timestamp&quot;:&quot;0&quot;,&quot;copyright&quot;:&quot;&quot;,&quot;focal_length&quot;:&quot;0&quot;,&quot;iso&quot;:&quot;0&quot;,&quot;shutter_speed&quot;:&quot;0&quot;,&quot;title&quot;:&quot;&quot;,&quot;orientation&quot;:&quot;0&quot;}" data-image-title="Dirk Rudat, Luchsin Mira am Thüringer Meer, 23.05.2021" data-image-description="" data-image-caption="&lt;p&gt;Die ursprünglich in Polen ausgewilderte Luchsin Mira an der Saaltalsperre im Saale-Orla-Kreis. Foto: Dirk Rudat (23.05.2021)&lt;/p&gt;
" data-medium-file="https://blogs.nabu.de/thueringen/wp-content/uploads/sites/11/2021/06/Dirk-Rudat-Luchsin-Mira-am-Thüringer-Meer-23.05.2021-300x200.jpeg" data-large-file="https://blogs.nabu.de/thueringen/wp-content/uploads/sites/11/2021/06/Dirk-Rudat-Luchsin-Mira-am-Thüringer-Meer-23.05.2021-1024x684.jpeg" /></a></p>
<!-- Begin Yuzo --><div class='yuzo_related_post style-1'  data-version='5.12.74'><!-- without result --><div class='yuzo_clearfixed yuzo__title yuzo__title'><h3>Related Post</h3></div>
						  <div class="relatedthumb " style="width:125px;float:left;overflow:hidden;">  
							  
							  <a  href="https://blogs.nabu.de/thueringen/2019/05/das-ffh-monitoring-zum-luchs-in-thueringen-kommt-voran/"  >
									  <div class="yuzo-img-wrap " style="width: 125px;height:90px;">
										
										<div class="yuzo-img" style="background:url('https://blogs.nabu.de/thueringen/wp-content/uploads/sites/11/2019/05/TLUBN-Weimar-150x150.jpg') 50% 50% no-repeat;width: 125px;height:90px;margin-bottom: 5px;background-size: cover; "></div>
									  </div>
									  
								   <span class="yuzo__text--title" style="font-size:13px;">Das FFH-Monitoring zum Luchs in Thüringen kommt vo...</span>
							  
							  
							  </a>

						  </div>
						  <div class="relatedthumb " style="width:125px;float:left;overflow:hidden;">  
							  
							  <a  href="https://blogs.nabu.de/thueringen/2017/11/sehnsucht-nach-wildnis-hat-auch-der-luchs/"  >
									  <div class="yuzo-img-wrap " style="width: 125px;height:90px;">
										
										<div class="yuzo-img" style="background:url('https://blogs.nabu.de/thueringen/wp-content/uploads/sites/11/2017/11/23511053_1524384754263615_5530808459447535868_o-150x150.jpg') 50% 50% no-repeat;width: 125px;height:90px;margin-bottom: 5px;background-size: cover; "></div>
									  </div>
									  
								   <span class="yuzo__text--title" style="font-size:13px;">Sehnsucht nach Wildnis hat auch der Luchs</span>
							  
							  
							  </a>

						  </div>
						  <div class="relatedthumb " style="width:125px;float:left;overflow:hidden;">  
							  
							  <a  href="https://blogs.nabu.de/thueringen/2022/05/kirche-im-dorf-lassen-luchs-und-wolf-gehoeren-nicht-ins-jagdrecht/"  >
									  <div class="yuzo-img-wrap " style="width: 125px;height:90px;">
										
										<div class="yuzo-img" style="background:url('https://blogs.nabu.de/thueringen/wp-content/uploads/sites/11/2022/05/Luchs-Totfund-illegaler-Abschuss-bei-Buttstädt-Lkr.-Sömmerda-Thüringen-03.01.2022-Kriminalpolizeiinspektion-Erfurt-BP-150x150.jpg') 50% 50% no-repeat;width: 125px;height:90px;margin-bottom: 5px;background-size: cover; "></div>
									  </div>
									  
								   <span class="yuzo__text--title" style="font-size:13px;">Kirche im Dorf lassen – Luchs und Wolf gehör...</span>
							  
							  
							  </a>

						  </div>
						  <div class="relatedthumb " style="width:125px;float:left;overflow:hidden;">  
							  
							  <a  href="https://blogs.nabu.de/thueringen/2018/04/heute-zum-tag-des-baumes/"  >
									  <div class="yuzo-img-wrap " style="width: 125px;height:90px;">
										
										<div class="yuzo-img" style="background:url('https://blogs.nabu.de/thueringen/wp-content/uploads/sites/11/2018/04/DSC07387-150x150.jpg') 50% 50% no-repeat;width: 125px;height:90px;margin-bottom: 5px;background-size: cover; "></div>
									  </div>
									  
								   <span class="yuzo__text--title" style="font-size:13px;">Tag des Baumes</span>
							  
							  
							  </a>

						  </div>
</div> <style>
								.yuzo_related_post img{width:120px !important; height:110px !important;}
								.yuzo_related_post .relatedthumb{line-height:15px;background: !important;color:!important;}
								.yuzo_related_post .relatedthumb:hover{background:#fcfcf4 !important; -webkit-transition: background 0.2s linear; -moz-transition: background 0.2s linear; -o-transition: background 0.2s linear; transition: background 0.2s linear;;color:!important;}
								.yuzo_related_post .relatedthumb a{color:!important;}
								.yuzo_related_post .relatedthumb a:hover{ color:}!important;}
								.yuzo_related_post .relatedthumb:hover a{ color:!important;}
								.yuzo_related_post .yuzo_text {color:!important;}
								.yuzo_related_post .relatedthumb:hover .yuzo_text {color:!important;}
								.yuzo_related_post .relatedthumb{  margin: 0px  0px  0px  0px;   padding: 5px  5px  5px  5px;  }
								
								</style> <script>
						  jQuery(document).ready(function( $ ){
							//jQuery('.yuzo_related_post').equalizer({ overflow : 'relatedthumb' });
							jQuery('.yuzo_related_post .yuzo_wraps').equalizer({ columns : '> div' });
						   })
						  </script> <!-- End Yuzo :) -->

<p>Die ursprünglich in Polen ausgewilderte Luchsin Mira an der Saaltalsperre im Saale-Orla-Kreis. Foto: Dirk Rudat (23.05.2021)</p>

2021/06/Dirk-Rudat-Luchsin-Mira-am-Thüringer-Meer-23.05.2021.jpeg

Dirk-Rudat-Luchsin-Mira-am-Thüringer-Meer-23.05.2021-150x150.jpeg

https://blogs.nabu.de/thueringen/wp-content/uploads/sites/11/2021/06/Dirk-Rudat-Luchsin-Mira-am-Thüringer-Meer-23.05.2021-150x150.jpeg

Dirk-Rudat-Luchsin-Mira-am-Thüringer-Meer-23.05.2021-300x200.jpeg

https://blogs.nabu.de/thueringen/wp-content/uploads/sites/11/2021/06/Dirk-Rudat-Luchsin-Mira-am-Thüringer-Meer-23.05.2021-300x200.jpeg

Dirk-Rudat-Luchsin-Mira-am-Thüringer-Meer-23.05.2021-768x513.jpeg

https://blogs.nabu.de/thueringen/wp-content/uploads/sites/11/2021/06/Dirk-Rudat-Luchsin-Mira-am-Thüringer-Meer-23.05.2021-768x513.jpeg

Dirk-Rudat-Luchsin-Mira-am-Thüringer-Meer-23.05.2021-1024x684.jpeg

https://blogs.nabu.de/thueringen/wp-content/uploads/sites/11/2021/06/Dirk-Rudat-Luchsin-Mira-am-Thüringer-Meer-23.05.2021-1024x684.jpeg

Dirk-Rudat-Luchsin-Mira-am-Thüringer-Meer-23.05.2021-750x400.jpeg

https://blogs.nabu.de/thueringen/wp-content/uploads/sites/11/2021/06/Dirk-Rudat-Luchsin-Mira-am-Thüringer-Meer-23.05.2021-750x400.jpeg

Dirk-Rudat-Luchsin-Mira-am-Thüringer-Meer-23.05.2021-60x60.jpeg

https://blogs.nabu.de/thueringen/wp-content/uploads/sites/11/2021/06/Dirk-Rudat-Luchsin-Mira-am-Thüringer-Meer-23.05.2021-60x60.jpeg

Dirk-Rudat-Luchsin-Mira-am-Thüringer-Meer-23.05.2021-340x226.jpeg

https://blogs.nabu.de/thueringen/wp-content/uploads/sites/11/2021/06/Dirk-Rudat-Luchsin-Mira-am-Thüringer-Meer-23.05.2021-340x226.jpeg

Dirk-Rudat-Luchsin-Mira-am-Thüringer-Meer-23.05.2021.jpeg
