{"id":1046,"date":"2021-05-18T12:04:49","date_gmt":"2021-05-18T10:04:49","guid":{"rendered":"https:\/\/blogs.nabu.de\/thueringen\/wp-content\/uploads\/sites\/11\/2021\/05\/WhatsApp-Image-2021-05-17-at-19.20.51.jpeg"},"modified":"2021-05-18T12:05:46","modified_gmt":"2021-05-18T10:05:46","slug":"whatsapp-image-2021-05-17-at-19-20-51","status":"inherit","type":"attachment","link":"https:\/\/blogs.nabu.de\/thueringen\/2021\/05\/strassenverkehr-die-grosse-gefahr-fuer-wolf-wildkatze-luchs\/whatsapp-image-2021-05-17-at-19-20-51\/","title":{"rendered":"WhatsApp Image 2021-05-17 at 19.20.51"},"author":73,"comment_status":"open","ping_status":"closed","template":"","meta":{"jetpack_post_was_ever_published":false},"jetpack_shortlink":"https:\/\/wp.me\/a9cVpQ-gS","description":{"rendered":"<p class=\"attachment\"><a href='https:\/\/blogs.nabu.de\/thueringen\/wp-content\/uploads\/sites\/11\/2021\/05\/WhatsApp-Image-2021-05-17-at-19.20.51.jpeg'><img width=\"300\" height=\"169\" src=\"https:\/\/blogs.nabu.de\/thueringen\/wp-content\/uploads\/sites\/11\/2021\/05\/WhatsApp-Image-2021-05-17-at-19.20.51-300x169.jpeg\" class=\"attachment-medium size-medium\" alt=\"\" decoding=\"async\" loading=\"lazy\" data-attachment-id=\"1046\" data-permalink=\"https:\/\/blogs.nabu.de\/thueringen\/2021\/05\/strassenverkehr-die-grosse-gefahr-fuer-wolf-wildkatze-luchs\/whatsapp-image-2021-05-17-at-19-20-51\/\" data-orig-file=\"https:\/\/blogs.nabu.de\/thueringen\/wp-content\/uploads\/sites\/11\/2021\/05\/WhatsApp-Image-2021-05-17-at-19.20.51.jpeg\" data-orig-size=\"1200,675\" data-comments-opened=\"1\" data-image-meta=\"{&quot;aperture&quot;:&quot;0&quot;,&quot;credit&quot;:&quot;&quot;,&quot;camera&quot;:&quot;&quot;,&quot;caption&quot;:&quot;&quot;,&quot;created_timestamp&quot;:&quot;0&quot;,&quot;copyright&quot;:&quot;&quot;,&quot;focal_length&quot;:&quot;0&quot;,&quot;iso&quot;:&quot;0&quot;,&quot;shutter_speed&quot;:&quot;0&quot;,&quot;title&quot;:&quot;&quot;,&quot;orientation&quot;:&quot;0&quot;}\" data-image-title=\"WhatsApp Image 2021-05-17 at 19.20.51\" data-image-description=\"\" data-image-caption=\"&lt;p&gt;\u00dcberfahrene Wildk\u00e4tzin (Tr\u00fcgleben, Lkr. Gotha). Foto: Ronald Bellstedt (NABU Gotha).&lt;\/p&gt;\n\" data-medium-file=\"https:\/\/blogs.nabu.de\/thueringen\/wp-content\/uploads\/sites\/11\/2021\/05\/WhatsApp-Image-2021-05-17-at-19.20.51-300x169.jpeg\" data-large-file=\"https:\/\/blogs.nabu.de\/thueringen\/wp-content\/uploads\/sites\/11\/2021\/05\/WhatsApp-Image-2021-05-17-at-19.20.51-1024x576.jpeg\" \/><\/a><\/p>\n<!-- Begin Yuzo --><div class='yuzo_related_post style-1'  data-version='5.12.74'><!-- without result --><div class='yuzo_clearfixed yuzo__title yuzo__title'><h3>Related Post<\/h3><\/div>\n\t\t\t\t\t\t  <div class=\"relatedthumb \" style=\"width:125px;float:left;overflow:hidden;\">  \n\t\t\t\t\t\t\t  \n\t\t\t\t\t\t\t  <a  href=\"https:\/\/blogs.nabu.de\/thueringen\/2020\/07\/ist-es-aslan-aktuelle-luchsssichtung-bei-ilmenau\/\"  >\n\t\t\t\t\t\t\t\t\t  <div class=\"yuzo-img-wrap \" style=\"width: 125px;height:90px;\">\n\t\t\t\t\t\t\t\t\t\t\n\t\t\t\t\t\t\t\t\t\t<div class=\"yuzo-img\" style=\"background:url('https:\/\/blogs.nabu.de\/thueringen\/wp-content\/uploads\/sites\/11\/2020\/07\/WhatsApp-Image-2020-07-06-at-14.02.37-150x150.jpeg') 50% 50% no-repeat;width: 125px;height:90px;margin-bottom: 5px;background-size: cover; \"><\/div>\n\t\t\t\t\t\t\t\t\t  <\/div>\n\t\t\t\t\t\t\t\t\t  \n\t\t\t\t\t\t\t\t   <span class=\"yuzo__text--title\" style=\"font-size:13px;\">Ist es ASLAN? Aktuelle Luchsssichtung bei Ilmenau!<\/span>\n\t\t\t\t\t\t\t  \n\t\t\t\t\t\t\t  \n\t\t\t\t\t\t\t  <\/a>\n\n\t\t\t\t\t\t  <\/div>\n\t\t\t\t\t\t  <div class=\"relatedthumb \" style=\"width:125px;float:left;overflow:hidden;\">  \n\t\t\t\t\t\t\t  \n\t\t\t\t\t\t\t  <a  href=\"https:\/\/blogs.nabu.de\/thueringen\/2017\/12\/auf-den-spuren-des-seltenen-pardelluchses-auf-der-iberischen-halbinsel\/\"  >\n\t\t\t\t\t\t\t\t\t  <div class=\"yuzo-img-wrap \" style=\"width: 125px;height:90px;\">\n\t\t\t\t\t\t\t\t\t\t\n\t\t\t\t\t\t\t\t\t\t<div class=\"yuzo-img\" style=\"background:url('https:\/\/blogs.nabu.de\/thueringen\/wp-content\/uploads\/sites\/11\/2017\/12\/DSC07294-150x150.jpg') 50% 50% no-repeat;width: 125px;height:90px;margin-bottom: 5px;background-size: cover; \"><\/div>\n\t\t\t\t\t\t\t\t\t  <\/div>\n\t\t\t\t\t\t\t\t\t  \n\t\t\t\t\t\t\t\t   <span class=\"yuzo__text--title\" style=\"font-size:13px;\">F\u00fcr den Luchs auf der iberischen Halbinsel<\/span>\n\t\t\t\t\t\t\t  \n\t\t\t\t\t\t\t  \n\t\t\t\t\t\t\t  <\/a>\n\n\t\t\t\t\t\t  <\/div>\n\t\t\t\t\t\t  <div class=\"relatedthumb \" style=\"width:125px;float:left;overflow:hidden;\">  \n\t\t\t\t\t\t\t  \n\t\t\t\t\t\t\t  <a  href=\"https:\/\/blogs.nabu.de\/thueringen\/2018\/01\/nabu-vor-ort-beim-luchs-am-gruenen-band\/\"  >\n\t\t\t\t\t\t\t\t\t  <div class=\"yuzo-img-wrap \" style=\"width: 125px;height:90px;\">\n\t\t\t\t\t\t\t\t\t\t\n\t\t\t\t\t\t\t\t\t\t<div class=\"yuzo-img\" style=\"background:url('https:\/\/blogs.nabu.de\/thueringen\/wp-content\/uploads\/sites\/11\/2018\/01\/FullSizeRender.jpg') 50% 50% no-repeat;width: 125px;height:90px;margin-bottom: 5px;background-size: cover; \"><\/div>\n\t\t\t\t\t\t\t\t\t  <\/div>\n\t\t\t\t\t\t\t\t\t  \n\t\t\t\t\t\t\t\t   <span class=\"yuzo__text--title\" style=\"font-size:13px;\">NABU vor Ort beim Luchs am Gr\u00fcnen Band<\/span>\n\t\t\t\t\t\t\t  \n\t\t\t\t\t\t\t  \n\t\t\t\t\t\t\t  <\/a>\n\n\t\t\t\t\t\t  <\/div>\n\t\t\t\t\t\t  <div class=\"relatedthumb \" style=\"width:125px;float:left;overflow:hidden;\">  \n\t\t\t\t\t\t\t  \n\t\t\t\t\t\t\t  <a  href=\"https:\/\/blogs.nabu.de\/thueringen\/2018\/12\/willkommen-im-neuen-winter-wurm-quartier\/\"  >\n\t\t\t\t\t\t\t\t\t  <div class=\"yuzo-img-wrap \" style=\"width: 125px;height:90px;\">\n\t\t\t\t\t\t\t\t\t\t\n\t\t\t\t\t\t\t\t\t\t<div class=\"yuzo-img\" style=\"background:url('https:\/\/blogs.nabu.de\/thueringen\/wp-content\/uploads\/sites\/11\/2018\/12\/181119-nabu-thueringen-fotostory-6-juergen-erhardt-680x453-150x150.jpg') 50% 50% no-repeat;width: 125px;height:90px;margin-bottom: 5px;background-size: cover; \"><\/div>\n\t\t\t\t\t\t\t\t\t  <\/div>\n\t\t\t\t\t\t\t\t\t  \n\t\t\t\t\t\t\t\t   <span class=\"yuzo__text--title\" style=\"font-size:13px;\">Willkommen im neuen Winter-Wurm-Quartier<\/span>\n\t\t\t\t\t\t\t  \n\t\t\t\t\t\t\t  \n\t\t\t\t\t\t\t  <\/a>\n\n\t\t\t\t\t\t  <\/div>\n<\/div> <style>\n\t\t\t\t\t\t\t\t.yuzo_related_post img{width:120px !important; height:110px !important;}\n\t\t\t\t\t\t\t\t.yuzo_related_post .relatedthumb{line-height:15px;background: !important;color:!important;}\n\t\t\t\t\t\t\t\t.yuzo_related_post .relatedthumb:hover{background:#fcfcf4 !important; -webkit-transition: background 0.2s linear; -moz-transition: background 0.2s linear; -o-transition: background 0.2s linear; transition: background 0.2s linear;;color:!important;}\n\t\t\t\t\t\t\t\t.yuzo_related_post .relatedthumb a{color:!important;}\n\t\t\t\t\t\t\t\t.yuzo_related_post .relatedthumb a:hover{ color:}!important;}\n\t\t\t\t\t\t\t\t.yuzo_related_post .relatedthumb:hover a{ color:!important;}\n\t\t\t\t\t\t\t\t.yuzo_related_post .yuzo_text {color:!important;}\n\t\t\t\t\t\t\t\t.yuzo_related_post .relatedthumb:hover .yuzo_text {color:!important;}\n\t\t\t\t\t\t\t\t.yuzo_related_post .relatedthumb{  margin: 0px  0px  0px  0px;   padding: 5px  5px  5px  5px;  }\n\t\t\t\t\t\t\t\t\n\t\t\t\t\t\t\t\t<\/style> <script>\n\t\t\t\t\t\t  jQuery(document).ready(function( $ ){\n\t\t\t\t\t\t\t\/\/jQuery('.yuzo_related_post').equalizer({ overflow : 'relatedthumb' });\n\t\t\t\t\t\t\tjQuery('.yuzo_related_post .yuzo_wraps').equalizer({ columns : '> div' });\n\t\t\t\t\t\t   })\n\t\t\t\t\t\t  <\/script> <!-- End Yuzo :) -->"},"caption":{"rendered":"<p>\u00dcberfahrene Wildk\u00e4tzin (Tr\u00fcgleben, Lkr. Gotha). Foto: Ronald Bellstedt (NABU Gotha).<\/p>\n"},"alt_text":"","media_type":"image","mime_type":"image\/jpeg","media_details":{"width":1200,"height":675,"file":"2021\/05\/WhatsApp-Image-2021-05-17-at-19.20.51.jpeg","sizes":{"thumbnail":{"file":"WhatsApp-Image-2021-05-17-at-19.20.51-150x150.jpeg","width":150,"height":150,"mime_type":"image\/jpeg","source_url":"https:\/\/blogs.nabu.de\/thueringen\/wp-content\/uploads\/sites\/11\/2021\/05\/WhatsApp-Image-2021-05-17-at-19.20.51-150x150.jpeg"},"medium":{"file":"WhatsApp-Image-2021-05-17-at-19.20.51-300x169.jpeg","width":300,"height":169,"mime_type":"image\/jpeg","source_url":"https:\/\/blogs.nabu.de\/thueringen\/wp-content\/uploads\/sites\/11\/2021\/05\/WhatsApp-Image-2021-05-17-at-19.20.51-300x169.jpeg"},"medium_large":{"file":"WhatsApp-Image-2021-05-17-at-19.20.51-768x432.jpeg","width":768,"height":432,"mime_type":"image\/jpeg","source_url":"https:\/\/blogs.nabu.de\/thueringen\/wp-content\/uploads\/sites\/11\/2021\/05\/WhatsApp-Image-2021-05-17-at-19.20.51-768x432.jpeg"},"large":{"file":"WhatsApp-Image-2021-05-17-at-19.20.51-1024x576.jpeg","width":1024,"height":576,"mime_type":"image\/jpeg","source_url":"https:\/\/blogs.nabu.de\/thueringen\/wp-content\/uploads\/sites\/11\/2021\/05\/WhatsApp-Image-2021-05-17-at-19.20.51-1024x576.jpeg"},"feather-post":{"file":"WhatsApp-Image-2021-05-17-at-19.20.51-750x400.jpeg","width":750,"height":400,"mime_type":"image\/jpeg","source_url":"https:\/\/blogs.nabu.de\/thueringen\/wp-content\/uploads\/sites\/11\/2021\/05\/WhatsApp-Image-2021-05-17-at-19.20.51-750x400.jpeg"},"feather-widget-post":{"file":"WhatsApp-Image-2021-05-17-at-19.20.51-60x60.jpeg","width":60,"height":60,"mime_type":"image\/jpeg","source_url":"https:\/\/blogs.nabu.de\/thueringen\/wp-content\/uploads\/sites\/11\/2021\/05\/WhatsApp-Image-2021-05-17-at-19.20.51-60x60.jpeg"},"rss-thumbnail":{"file":"WhatsApp-Image-2021-05-17-at-19.20.51-340x226.jpeg","width":340,"height":226,"mime_type":"image\/jpeg","source_url":"https:\/\/blogs.nabu.de\/thueringen\/wp-content\/uploads\/sites\/11\/2021\/05\/WhatsApp-Image-2021-05-17-at-19.20.51-340x226.jpeg"},"post-thumbnail":{"file":"WhatsApp-Image-2021-05-17-at-19.20.51-340x226.jpeg","width":340,"height":226,"mime_type":"image\/jpeg","source_url":"https:\/\/blogs.nabu.de\/thueringen\/wp-content\/uploads\/sites\/11\/2021\/05\/WhatsApp-Image-2021-05-17-at-19.20.51-340x226.jpeg"},"full":{"file":"WhatsApp-Image-2021-05-17-at-19.20.51.jpeg","width":1200,"height":675,"mime_type":"image\/jpeg","source_url":"https:\/\/blogs.nabu.de\/thueringen\/wp-content\/uploads\/sites\/11\/2021\/05\/WhatsApp-Image-2021-05-17-at-19.20.51.jpeg"}},"image_meta":{"aperture":"0","credit":"","camera":"","caption":"","created_timestamp":"0","copyright":"","focal_length":"0","iso":"0","shutter_speed":"0","title":"","orientation":"0","keywords":[]}},"post":1035,"source_url":"https:\/\/blogs.nabu.de\/thueringen\/wp-content\/uploads\/sites\/11\/2021\/05\/WhatsApp-Image-2021-05-17-at-19.20.51.jpeg","_links":{"self":[{"href":"https:\/\/blogs.nabu.de\/thueringen\/wp-json\/wp\/v2\/media\/1046"}],"collection":[{"href":"https:\/\/blogs.nabu.de\/thueringen\/wp-json\/wp\/v2\/media"}],"about":[{"href":"https:\/\/blogs.nabu.de\/thueringen\/wp-json\/wp\/v2\/types\/attachment"}],"author":[{"embeddable":true,"href":"https:\/\/blogs.nabu.de\/thueringen\/wp-json\/wp\/v2\/users\/73"}],"replies":[{"embeddable":true,"href":"https:\/\/blogs.nabu.de\/thueringen\/wp-json\/wp\/v2\/comments?post=1046"}]}}

<p class="attachment"><a href='https://blogs.nabu.de/thueringen/wp-content/uploads/sites/11/2021/05/WhatsApp-Image-2021-05-17-at-19.20.51.jpeg'><img width="300" height="169" src="https://blogs.nabu.de/thueringen/wp-content/uploads/sites/11/2021/05/WhatsApp-Image-2021-05-17-at-19.20.51-300x169.jpeg" class="attachment-medium size-medium" alt="" decoding="async" loading="lazy" data-attachment-id="1046" data-permalink="https://blogs.nabu.de/thueringen/2021/05/strassenverkehr-die-grosse-gefahr-fuer-wolf-wildkatze-luchs/whatsapp-image-2021-05-17-at-19-20-51/" data-orig-file="https://blogs.nabu.de/thueringen/wp-content/uploads/sites/11/2021/05/WhatsApp-Image-2021-05-17-at-19.20.51.jpeg" data-orig-size="1200,675" data-comments-opened="1" data-image-meta="{&quot;aperture&quot;:&quot;0&quot;,&quot;credit&quot;:&quot;&quot;,&quot;camera&quot;:&quot;&quot;,&quot;caption&quot;:&quot;&quot;,&quot;created_timestamp&quot;:&quot;0&quot;,&quot;copyright&quot;:&quot;&quot;,&quot;focal_length&quot;:&quot;0&quot;,&quot;iso&quot;:&quot;0&quot;,&quot;shutter_speed&quot;:&quot;0&quot;,&quot;title&quot;:&quot;&quot;,&quot;orientation&quot;:&quot;0&quot;}" data-image-title="WhatsApp Image 2021-05-17 at 19.20.51" data-image-description="" data-image-caption="&lt;p&gt;Überfahrene Wildkätzin (Trügleben, Lkr. Gotha). Foto: Ronald Bellstedt (NABU Gotha).&lt;/p&gt;
" data-medium-file="https://blogs.nabu.de/thueringen/wp-content/uploads/sites/11/2021/05/WhatsApp-Image-2021-05-17-at-19.20.51-300x169.jpeg" data-large-file="https://blogs.nabu.de/thueringen/wp-content/uploads/sites/11/2021/05/WhatsApp-Image-2021-05-17-at-19.20.51-1024x576.jpeg" /></a></p>
<!-- Begin Yuzo --><div class='yuzo_related_post style-1'  data-version='5.12.74'><!-- without result --><div class='yuzo_clearfixed yuzo__title yuzo__title'><h3>Related Post</h3></div>
						  <div class="relatedthumb " style="width:125px;float:left;overflow:hidden;">  
							  
							  <a  href="https://blogs.nabu.de/thueringen/2020/07/ist-es-aslan-aktuelle-luchsssichtung-bei-ilmenau/"  >
									  <div class="yuzo-img-wrap " style="width: 125px;height:90px;">
										
										<div class="yuzo-img" style="background:url('https://blogs.nabu.de/thueringen/wp-content/uploads/sites/11/2020/07/WhatsApp-Image-2020-07-06-at-14.02.37-150x150.jpeg') 50% 50% no-repeat;width: 125px;height:90px;margin-bottom: 5px;background-size: cover; "></div>
									  </div>
									  
								   <span class="yuzo__text--title" style="font-size:13px;">Ist es ASLAN? Aktuelle Luchsssichtung bei Ilmenau!</span>
							  
							  
							  </a>

						  </div>
						  <div class="relatedthumb " style="width:125px;float:left;overflow:hidden;">  
							  
							  <a  href="https://blogs.nabu.de/thueringen/2017/12/auf-den-spuren-des-seltenen-pardelluchses-auf-der-iberischen-halbinsel/"  >
									  <div class="yuzo-img-wrap " style="width: 125px;height:90px;">
										
										<div class="yuzo-img" style="background:url('https://blogs.nabu.de/thueringen/wp-content/uploads/sites/11/2017/12/DSC07294-150x150.jpg') 50% 50% no-repeat;width: 125px;height:90px;margin-bottom: 5px;background-size: cover; "></div>
									  </div>
									  
								   <span class="yuzo__text--title" style="font-size:13px;">Für den Luchs auf der iberischen Halbinsel</span>
							  
							  
							  </a>

						  </div>
						  <div class="relatedthumb " style="width:125px;float:left;overflow:hidden;">  
							  
							  <a  href="https://blogs.nabu.de/thueringen/2018/01/nabu-vor-ort-beim-luchs-am-gruenen-band/"  >
									  <div class="yuzo-img-wrap " style="width: 125px;height:90px;">
										
										<div class="yuzo-img" style="background:url('https://blogs.nabu.de/thueringen/wp-content/uploads/sites/11/2018/01/FullSizeRender.jpg') 50% 50% no-repeat;width: 125px;height:90px;margin-bottom: 5px;background-size: cover; "></div>
									  </div>
									  
								   <span class="yuzo__text--title" style="font-size:13px;">NABU vor Ort beim Luchs am Grünen Band</span>
							  
							  
							  </a>

						  </div>
						  <div class="relatedthumb " style="width:125px;float:left;overflow:hidden;">  
							  
							  <a  href="https://blogs.nabu.de/thueringen/2018/12/willkommen-im-neuen-winter-wurm-quartier/"  >
									  <div class="yuzo-img-wrap " style="width: 125px;height:90px;">
										
										<div class="yuzo-img" style="background:url('https://blogs.nabu.de/thueringen/wp-content/uploads/sites/11/2018/12/181119-nabu-thueringen-fotostory-6-juergen-erhardt-680x453-150x150.jpg') 50% 50% no-repeat;width: 125px;height:90px;margin-bottom: 5px;background-size: cover; "></div>
									  </div>
									  
								   <span class="yuzo__text--title" style="font-size:13px;">Willkommen im neuen Winter-Wurm-Quartier</span>
							  
							  
							  </a>

						  </div>
</div> <style>
								.yuzo_related_post img{width:120px !important; height:110px !important;}
								.yuzo_related_post .relatedthumb{line-height:15px;background: !important;color:!important;}
								.yuzo_related_post .relatedthumb:hover{background:#fcfcf4 !important; -webkit-transition: background 0.2s linear; -moz-transition: background 0.2s linear; -o-transition: background 0.2s linear; transition: background 0.2s linear;;color:!important;}
								.yuzo_related_post .relatedthumb a{color:!important;}
								.yuzo_related_post .relatedthumb a:hover{ color:}!important;}
								.yuzo_related_post .relatedthumb:hover a{ color:!important;}
								.yuzo_related_post .yuzo_text {color:!important;}
								.yuzo_related_post .relatedthumb:hover .yuzo_text {color:!important;}
								.yuzo_related_post .relatedthumb{  margin: 0px  0px  0px  0px;   padding: 5px  5px  5px  5px;  }
								
								</style> <script>
						  jQuery(document).ready(function( $ ){
							//jQuery('.yuzo_related_post').equalizer({ overflow : 'relatedthumb' });
							jQuery('.yuzo_related_post .yuzo_wraps').equalizer({ columns : '> div' });
						   })
						  </script> <!-- End Yuzo :) -->

<p>Überfahrene Wildkätzin (Trügleben, Lkr. Gotha). Foto: Ronald Bellstedt (NABU Gotha).</p>
