{"id":132,"date":"2015-11-10T20:16:19","date_gmt":"2015-11-10T19:16:19","guid":{"rendered":"http:\/\/blogs.nabu.de\/hessen\/wp-content\/uploads\/sites\/6\/2015\/11\/IMG_0198.jpg"},"modified":"2015-11-10T20:16:19","modified_gmt":"2015-11-10T19:16:19","slug":"img_0198","status":"inherit","type":"attachment","link":"https:\/\/blogs.nabu.de\/hessen\/bfd-kurs-naturschutz-2\/img_0198\/","title":{"rendered":"IMG_0198"},"author":41,"comment_status":"open","ping_status":"closed","template":"","meta":{"jetpack_post_was_ever_published":false},"jetpack_shortlink":"https:\/\/wp.me\/a6Q2c7-28","description":{"rendered":"<p class=\"attachment\"><a href='https:\/\/blogs.nabu.de\/hessen\/wp-content\/uploads\/sites\/6\/2015\/11\/IMG_0198.jpg'><img width=\"225\" height=\"300\" src=\"https:\/\/blogs.nabu.de\/hessen\/wp-content\/uploads\/sites\/6\/2015\/11\/IMG_0198-225x300.jpg\" class=\"attachment-medium size-medium\" alt=\"\" decoding=\"async\" loading=\"lazy\" data-attachment-id=\"132\" data-permalink=\"https:\/\/blogs.nabu.de\/hessen\/bfd-kurs-naturschutz-2\/img_0198\/\" data-orig-file=\"https:\/\/blogs.nabu.de\/hessen\/wp-content\/uploads\/sites\/6\/2015\/11\/IMG_0198.jpg\" data-orig-size=\"3000,4000\" data-comments-opened=\"1\" data-image-meta=\"{&quot;aperture&quot;:&quot;5.7&quot;,&quot;credit&quot;:&quot;&quot;,&quot;camera&quot;:&quot;Canon PowerShot S120&quot;,&quot;caption&quot;:&quot;&quot;,&quot;created_timestamp&quot;:&quot;1447160188&quot;,&quot;copyright&quot;:&quot;&quot;,&quot;focal_length&quot;:&quot;26&quot;,&quot;iso&quot;:&quot;800&quot;,&quot;shutter_speed&quot;:&quot;0.0125&quot;,&quot;title&quot;:&quot;&quot;,&quot;orientation&quot;:&quot;1&quot;}\" data-image-title=\"IMG_0198\" data-image-description=\"\" data-image-caption=\"\" data-medium-file=\"https:\/\/blogs.nabu.de\/hessen\/wp-content\/uploads\/sites\/6\/2015\/11\/IMG_0198-225x300.jpg\" data-large-file=\"https:\/\/blogs.nabu.de\/hessen\/wp-content\/uploads\/sites\/6\/2015\/11\/IMG_0198-768x1024.jpg\" \/><\/a><\/p>\n<!-- Begin Yuzo --><div class='yuzo_related_post style-1'  data-version='5.12.74'><!-- without result --><div class='yuzo_clearfixed yuzo__title yuzo__title'><h3>Related Post<\/h3><\/div>\n\t\t\t\t\t\t  <div class=\"relatedthumb \" style=\"width:125px;float:left;overflow:hidden;\">  \n\t\t\t\t\t\t\t  \n\t\t\t\t\t\t\t  <a  href=\"https:\/\/blogs.nabu.de\/hessen\/unser-aktionstag-in-der-giessener-innenstadt\/\"  >\n\t\t\t\t\t\t\t\t\t  <div class=\"yuzo-img-wrap \" style=\"width: 125px;height:90px;\">\n\t\t\t\t\t\t\t\t\t\t\n\t\t\t\t\t\t\t\t\t\t<div class=\"yuzo-img\" style=\"background:url('https:\/\/blogs.nabu.de\/hessen\/wp-content\/uploads\/sites\/6\/2016\/06\/IMG_0704-150x150.jpg') 50% 50% no-repeat;width: 125px;height:90px;margin-bottom: 5px;background-size: cover; \"><\/div>\n\t\t\t\t\t\t\t\t\t  <\/div>\n\t\t\t\t\t\t\t\t\t  \n\t\t\t\t\t\t\t\t   <span class=\"yuzo__text--title\" style=\"font-size:13px;\">Rotk\u00e4ppchen, Wolf und B\u00e4r in der Gie\u00dfener Innensta...<\/span>\n\t\t\t\t\t\t\t  \n\t\t\t\t\t\t\t  \n\t\t\t\t\t\t\t  <\/a>\n\n\t\t\t\t\t\t  <\/div>\n\t\t\t\t\t\t  <div class=\"relatedthumb \" style=\"width:125px;float:left;overflow:hidden;\">  \n\t\t\t\t\t\t\t  \n\t\t\t\t\t\t\t  <a  href=\"https:\/\/blogs.nabu.de\/hessen\/ueberwinterung_max_salamanca\/\"  >\n\t\t\t\t\t\t\t\t\t  <div class=\"yuzo-img-wrap \" style=\"width: 125px;height:90px;\">\n\t\t\t\t\t\t\t\t\t\t\n\t\t\t\t\t\t\t\t\t\t<div class=\"yuzo-img\" style=\"background:url('https:\/\/blogs.nabu.de\/hessen\/wp-content\/uploads\/sites\/6\/2018\/12\/Rotmilan_Max_Ueberwinterung_Salamanca_Spanien_2017-2018_NABU_Hessen_M_Sommerhage-150x150.jpg') 50% 50% no-repeat;width: 125px;height:90px;margin-bottom: 5px;background-size: cover; \"><\/div>\n\t\t\t\t\t\t\t\t\t  <\/div>\n\t\t\t\t\t\t\t\t\t  \n\t\t\t\t\t\t\t\t   <span class=\"yuzo__text--title\" style=\"font-size:13px;\">Max\u00b4 \u00dcberwinterungsverhalten<\/span>\n\t\t\t\t\t\t\t  \n\t\t\t\t\t\t\t  \n\t\t\t\t\t\t\t  <\/a>\n\n\t\t\t\t\t\t  <\/div>\n\t\t\t\t\t\t  <div class=\"relatedthumb \" style=\"width:125px;float:left;overflow:hidden;\">  \n\t\t\t\t\t\t\t  \n\t\t\t\t\t\t\t  <a  href=\"https:\/\/blogs.nabu.de\/hessen\/den-flow-erleben\/\"  >\n\t\t\t\t\t\t\t\t\t  <div class=\"yuzo-img-wrap \" style=\"width: 125px;height:90px;\">\n\t\t\t\t\t\t\t\t\t\t\n\t\t\t\t\t\t\t\t\t\t<div class=\"yuzo-img\" style=\"background:url('https:\/\/blogs.nabu.de\/hessen\/wp-content\/uploads\/sites\/6\/2019\/04\/IMG_1480-150x150.jpg') 50% 50% no-repeat;width: 125px;height:90px;margin-bottom: 5px;background-size: cover; \"><\/div>\n\t\t\t\t\t\t\t\t\t  <\/div>\n\t\t\t\t\t\t\t\t\t  \n\t\t\t\t\t\t\t\t   <span class=\"yuzo__text--title\" style=\"font-size:13px;\">Den \u201eFlow\u201c erleben<\/span>\n\t\t\t\t\t\t\t  \n\t\t\t\t\t\t\t  \n\t\t\t\t\t\t\t  <\/a>\n\n\t\t\t\t\t\t  <\/div>\n\t\t\t\t\t\t  <div class=\"relatedthumb \" style=\"width:125px;float:left;overflow:hidden;\">  \n\t\t\t\t\t\t\t  \n\t\t\t\t\t\t\t  <a  href=\"https:\/\/blogs.nabu.de\/hessen\/primer-dia-en-el-seminario-de-wetzlar-accion-para-el-mundo\/\"  >\n\t\t\t\t\t\t\t\t\t  <div class=\"yuzo-img-wrap \" style=\"width: 125px;height:90px;\">\n\t\t\t\t\t\t\t\t\t\t\n\t\t\t\t\t\t\t\t\t\t<div class=\"yuzo-img\" style=\"background:url('https:\/\/blogs.nabu.de\/hessen\/wp-content\/plugins\/yuzo-related-post\/assets\/images\/default.png') 50% 50% no-repeat;width: 125px;height:90px;margin-bottom: 5px;background-size: cover; \"><\/div>\n\t\t\t\t\t\t\t\t\t  <\/div>\n\t\t\t\t\t\t\t\t\t  \n\t\t\t\t\t\t\t\t   <span class=\"yuzo__text--title\" style=\"font-size:13px;\">Primer dia en el Seminario de Wetzlar \u201cAccion para...<\/span>\n\t\t\t\t\t\t\t  \n\t\t\t\t\t\t\t  \n\t\t\t\t\t\t\t  <\/a>\n\n\t\t\t\t\t\t  <\/div>\n<\/div> <style>\n\t\t\t\t\t\t\t\t.yuzo_related_post img{width:120px !important; height:110px !important;}\n\t\t\t\t\t\t\t\t.yuzo_related_post .relatedthumb{line-height:15px;background: !important;color:!important;}\n\t\t\t\t\t\t\t\t.yuzo_related_post .relatedthumb:hover{background:#fcfcf4 !important; -webkit-transition: background 0.2s linear; -moz-transition: background 0.2s linear; -o-transition: background 0.2s linear; transition: background 0.2s linear;;color:!important;}\n\t\t\t\t\t\t\t\t.yuzo_related_post .relatedthumb a{color:!important;}\n\t\t\t\t\t\t\t\t.yuzo_related_post .relatedthumb a:hover{ color:}!important;}\n\t\t\t\t\t\t\t\t.yuzo_related_post .relatedthumb:hover a{ color:!important;}\n\t\t\t\t\t\t\t\t.yuzo_related_post .yuzo_text {color:!important;}\n\t\t\t\t\t\t\t\t.yuzo_related_post .relatedthumb:hover .yuzo_text {color:!important;}\n\t\t\t\t\t\t\t\t.yuzo_related_post .relatedthumb{  margin: 0px  0px  0px  0px;   padding: 5px  5px  5px  5px;  }\n\t\t\t\t\t\t\t\t\n\t\t\t\t\t\t\t\t<\/style> <script>\n\t\t\t\t\t\t  jQuery(document).ready(function( $ ){\n\t\t\t\t\t\t\t\/\/jQuery('.yuzo_related_post').equalizer({ overflow : 'relatedthumb' });\n\t\t\t\t\t\t\tjQuery('.yuzo_related_post .yuzo_wraps').equalizer({ columns : '> div' });\n\t\t\t\t\t\t   })\n\t\t\t\t\t\t  <\/script> <!-- End Yuzo :) -->"},"caption":{"rendered":"<p>Related Post Der Mysteri\u00f6se Mittwoch Der Donnerstag Noahs Leben in der Extremadura Besuch der Big City Korbach<\/p>\n"},"alt_text":"","media_type":"image","mime_type":"image\/jpeg","media_details":{"width":3000,"height":4000,"file":"2015\/11\/IMG_0198.jpg","sizes":{"thumbnail":{"file":"IMG_0198-150x150.jpg","width":150,"height":150,"mime_type":"image\/jpeg","source_url":"https:\/\/blogs.nabu.de\/hessen\/wp-content\/uploads\/sites\/6\/2015\/11\/IMG_0198-150x150.jpg"},"medium":{"file":"IMG_0198-225x300.jpg","width":225,"height":300,"width_query":"300","height_query":"300","mime_type":"image\/jpeg","source_url":"https:\/\/blogs.nabu.de\/hessen\/wp-content\/uploads\/sites\/6\/2015\/11\/IMG_0198-225x300.jpg"},"large":{"file":"IMG_0198-768x1024.jpg","width":768,"height":1024,"width_query":"1024","height_query":"1024","mime_type":"image\/jpeg","source_url":"https:\/\/blogs.nabu.de\/hessen\/wp-content\/uploads\/sites\/6\/2015\/11\/IMG_0198-768x1024.jpg"},"feather-post":{"file":"IMG_0198-750x400.jpg","width":750,"height":400,"mime_type":"image\/jpeg","source_url":"https:\/\/blogs.nabu.de\/hessen\/wp-content\/uploads\/sites\/6\/2015\/11\/IMG_0198-750x400.jpg"},"feather-widget-post":{"file":"IMG_0198-60x60.jpg","width":60,"height":60,"mime_type":"image\/jpeg","source_url":"https:\/\/blogs.nabu.de\/hessen\/wp-content\/uploads\/sites\/6\/2015\/11\/IMG_0198-60x60.jpg"},"rss-thumbnail":{"file":"IMG_0198-340x226.jpg","width":340,"height":226,"mime_type":"image\/jpeg","source_url":"https:\/\/blogs.nabu.de\/hessen\/wp-content\/uploads\/sites\/6\/2015\/11\/IMG_0198-340x226.jpg"},"post-thumbnail":{"file":"IMG_0198-340x226.jpg","width":340,"height":226,"mime_type":"image\/jpeg","source_url":"https:\/\/blogs.nabu.de\/hessen\/wp-content\/uploads\/sites\/6\/2015\/11\/IMG_0198-340x226.jpg"},"full":{"file":"IMG_0198.jpg","width":3000,"height":4000,"mime_type":"image\/jpeg","source_url":"https:\/\/blogs.nabu.de\/hessen\/wp-content\/uploads\/sites\/6\/2015\/11\/IMG_0198.jpg"}},"image_meta":{"aperture":5.7,"credit":"","camera":"Canon PowerShot S120","caption":"","created_timestamp":1447160188,"copyright":"","focal_length":"26","iso":"800","shutter_speed":"0.0125","title":"","orientation":1}},"post":125,"source_url":"https:\/\/blogs.nabu.de\/hessen\/wp-content\/uploads\/sites\/6\/2015\/11\/IMG_0198.jpg","_links":{"self":[{"href":"https:\/\/blogs.nabu.de\/hessen\/wp-json\/wp\/v2\/media\/132"}],"collection":[{"href":"https:\/\/blogs.nabu.de\/hessen\/wp-json\/wp\/v2\/media"}],"about":[{"href":"https:\/\/blogs.nabu.de\/hessen\/wp-json\/wp\/v2\/types\/attachment"}],"author":[{"embeddable":true,"href":"https:\/\/blogs.nabu.de\/hessen\/wp-json\/wp\/v2\/users\/41"}],"replies":[{"embeddable":true,"href":"https:\/\/blogs.nabu.de\/hessen\/wp-json\/wp\/v2\/comments?post=132"}]}}

<p class="attachment"><a href='https://blogs.nabu.de/hessen/wp-content/uploads/sites/6/2015/11/IMG_0198.jpg'><img width="225" height="300" src="https://blogs.nabu.de/hessen/wp-content/uploads/sites/6/2015/11/IMG_0198-225x300.jpg" class="attachment-medium size-medium" alt="" decoding="async" loading="lazy" data-attachment-id="132" data-permalink="https://blogs.nabu.de/hessen/bfd-kurs-naturschutz-2/img_0198/" data-orig-file="https://blogs.nabu.de/hessen/wp-content/uploads/sites/6/2015/11/IMG_0198.jpg" data-orig-size="3000,4000" data-comments-opened="1" data-image-meta="{&quot;aperture&quot;:&quot;5.7&quot;,&quot;credit&quot;:&quot;&quot;,&quot;camera&quot;:&quot;Canon PowerShot S120&quot;,&quot;caption&quot;:&quot;&quot;,&quot;created_timestamp&quot;:&quot;1447160188&quot;,&quot;copyright&quot;:&quot;&quot;,&quot;focal_length&quot;:&quot;26&quot;,&quot;iso&quot;:&quot;800&quot;,&quot;shutter_speed&quot;:&quot;0.0125&quot;,&quot;title&quot;:&quot;&quot;,&quot;orientation&quot;:&quot;1&quot;}" data-image-title="IMG_0198" data-image-description="" data-image-caption="" data-medium-file="https://blogs.nabu.de/hessen/wp-content/uploads/sites/6/2015/11/IMG_0198-225x300.jpg" data-large-file="https://blogs.nabu.de/hessen/wp-content/uploads/sites/6/2015/11/IMG_0198-768x1024.jpg" /></a></p>
<!-- Begin Yuzo --><div class='yuzo_related_post style-1'  data-version='5.12.74'><!-- without result --><div class='yuzo_clearfixed yuzo__title yuzo__title'><h3>Related Post</h3></div>
						  <div class="relatedthumb " style="width:125px;float:left;overflow:hidden;">  
							  
							  <a  href="https://blogs.nabu.de/hessen/unser-aktionstag-in-der-giessener-innenstadt/"  >
									  <div class="yuzo-img-wrap " style="width: 125px;height:90px;">
										
										<div class="yuzo-img" style="background:url('https://blogs.nabu.de/hessen/wp-content/uploads/sites/6/2016/06/IMG_0704-150x150.jpg') 50% 50% no-repeat;width: 125px;height:90px;margin-bottom: 5px;background-size: cover; "></div>
									  </div>
									  
								   <span class="yuzo__text--title" style="font-size:13px;">Rotkäppchen, Wolf und Bär in der Gießener Innensta...</span>
							  
							  
							  </a>

						  </div>
						  <div class="relatedthumb " style="width:125px;float:left;overflow:hidden;">  
							  
							  <a  href="https://blogs.nabu.de/hessen/ueberwinterung_max_salamanca/"  >
									  <div class="yuzo-img-wrap " style="width: 125px;height:90px;">
										
										<div class="yuzo-img" style="background:url('https://blogs.nabu.de/hessen/wp-content/uploads/sites/6/2018/12/Rotmilan_Max_Ueberwinterung_Salamanca_Spanien_2017-2018_NABU_Hessen_M_Sommerhage-150x150.jpg') 50% 50% no-repeat;width: 125px;height:90px;margin-bottom: 5px;background-size: cover; "></div>
									  </div>
									  
								   <span class="yuzo__text--title" style="font-size:13px;">Max´ Überwinterungsverhalten</span>
							  
							  
							  </a>

						  </div>
						  <div class="relatedthumb " style="width:125px;float:left;overflow:hidden;">  
							  
							  <a  href="https://blogs.nabu.de/hessen/den-flow-erleben/"  >
									  <div class="yuzo-img-wrap " style="width: 125px;height:90px;">
										
										<div class="yuzo-img" style="background:url('https://blogs.nabu.de/hessen/wp-content/uploads/sites/6/2019/04/IMG_1480-150x150.jpg') 50% 50% no-repeat;width: 125px;height:90px;margin-bottom: 5px;background-size: cover; "></div>
									  </div>
									  
								   <span class="yuzo__text--title" style="font-size:13px;">Den „Flow“ erleben</span>
							  
							  
							  </a>

						  </div>
						  <div class="relatedthumb " style="width:125px;float:left;overflow:hidden;">  
							  
							  <a  href="https://blogs.nabu.de/hessen/primer-dia-en-el-seminario-de-wetzlar-accion-para-el-mundo/"  >
									  <div class="yuzo-img-wrap " style="width: 125px;height:90px;">
										
										<div class="yuzo-img" style="background:url('https://blogs.nabu.de/hessen/wp-content/plugins/yuzo-related-post/assets/images/default.png') 50% 50% no-repeat;width: 125px;height:90px;margin-bottom: 5px;background-size: cover; "></div>
									  </div>
									  
								   <span class="yuzo__text--title" style="font-size:13px;">Primer dia en el Seminario de Wetzlar “Accion para...</span>
							  
							  
							  </a>

						  </div>
</div> <style>
								.yuzo_related_post img{width:120px !important; height:110px !important;}
								.yuzo_related_post .relatedthumb{line-height:15px;background: !important;color:!important;}
								.yuzo_related_post .relatedthumb:hover{background:#fcfcf4 !important; -webkit-transition: background 0.2s linear; -moz-transition: background 0.2s linear; -o-transition: background 0.2s linear; transition: background 0.2s linear;;color:!important;}
								.yuzo_related_post .relatedthumb a{color:!important;}
								.yuzo_related_post .relatedthumb a:hover{ color:}!important;}
								.yuzo_related_post .relatedthumb:hover a{ color:!important;}
								.yuzo_related_post .yuzo_text {color:!important;}
								.yuzo_related_post .relatedthumb:hover .yuzo_text {color:!important;}
								.yuzo_related_post .relatedthumb{  margin: 0px  0px  0px  0px;   padding: 5px  5px  5px  5px;  }
								
								</style> <script>
						  jQuery(document).ready(function( $ ){
							//jQuery('.yuzo_related_post').equalizer({ overflow : 'relatedthumb' });
							jQuery('.yuzo_related_post .yuzo_wraps').equalizer({ columns : '> div' });
						   })
						  </script> <!-- End Yuzo :) -->

<p>Related Post Der Mysteriöse Mittwoch Der Donnerstag Noahs Leben in der Extremadura Besuch der Big City Korbach</p>
