{"id":21,"date":"2017-06-19T17:38:41","date_gmt":"2017-06-19T15:38:41","guid":{"rendered":"http:\/\/blogs.nabu.de\/bremen\/?page_id=21"},"modified":"2023-05-24T12:18:03","modified_gmt":"2023-05-24T10:18:03","slug":"impressum-datenschutz","status":"publish","type":"page","link":"https:\/\/blogs.nabu.de\/bremen\/impressum-datenschutz\/","title":{"rendered":"Impressum"},"content":{"rendered":"<p>&lt;h1&gt;Impressum und Datenschutzhinweis&lt;\/h1&gt;<br \/>\nDer Naturschutzbund Deutschland (NABU) e.V., Landesverband Bremen, m\u00f6chte Menschen daf\u00fcr begeistern, sich durch gemeinschaftliches Handeln f\u00fcr die Natur einzusetzen. Wir wollen, dass auch kommende Generationen eine Erde vorfinden, die lebenswert ist, die \u00fcber eine gro\u00dfe Vielfalt an Lebensr\u00e4umen und Arten, sowie \u00fcber gute Luft, sauberes Wasser, gesunde B\u00f6den und ein H\u00f6chstma\u00df an endlichen Ressourcen verf\u00fcgt.<\/p>\n<p>NABU \u2013 Naturschutzbund Deutschland e.V.<br \/>\nLandesverband Bremen<\/p>\n<p>Tel. 04 21\/ 45 82 83 64<br \/>\nFax 04 21\/ 33 65 99 12<br \/>\n<a href=\"mailto:info@NABU-Bremen.de\">info@NABU-Bremen.de<\/a><a href=\"mailto:NABU@NABU.de\"><br \/>\n<\/a><a href=\"https:\/\/bremen.nabu.de\/\">www.NABU-Bremen.de<\/a><\/p>\n<p><strong>Postanschrift<\/strong><\/p>\n<p>Naturschutzbund Deutschland (NABU), Landesverband Bremen e.V.<br \/>\nNaturschutzbund Deutschland (NABU), Stadtverband Bremen e.V.<br \/>\nVahrer Feldweg 185<br \/>\n28309 Bremen<\/p>\n<p>Naturschutzbund Deutschland (NABU), Stadtverband Bremen e.V.<br \/>\nRegistergericht: Amtsgericht Bremen<br \/>\nRegisternummer: VR 3886 HB<\/p>\n<p>Naturschutzbund Deutschland (NABU), Landesverband Bremen e.V.<br \/>\nRegistergericht: Amtsgericht Bremen<br \/>\nRegisternummer: VR 5856HB<\/p>\n<p>Gesch\u00e4ftsf\u00fchrung: S\u00f6nke Hofmann<\/p>\n<p>Redaktion: Florian Scheiba, Annette Siegert, S\u00f6nke Hofmann, Torben Reininghaus<\/p>\n<p>blogs.NABU.de\/bremen ist ein Teil des Onlineangebots des NABU Bremen. Hier befindet sich das vollst\u00e4ndige Impressum: <a href=\"https:\/\/bremen.nabu.de\/wir-ueber-uns\/impressum\/index.html\">https:\/\/bremen.nabu.de\/wir-ueber-uns\/impressum\/index.html<\/a><\/p>\n<p><strong>Datenschutzhinweis<\/strong>: Es gelten die Datenschutzhinweise von <a href=\"https:\/\/bremen.nabu.de\/wir-ueber-uns\/impressum\/index.html\" target=\"_blank\" rel=\"noopener\">www.NABU-Bremen.de<\/a><\/p>\n<p>Wir verwenden Ihre Daten nur f\u00fcr den Betrieb dieses Blogs. Grunds\u00e4tzlich werden Ihre Daten nicht an Dritte weiter gegeben, es sei denn, Sie \u00fcbermitteln sie uns zur Ver\u00f6ffentlichung. Der Verwendung Ihrer Daten k\u00f6nnen Sie jederzeit formlos widersprechen, z.B. per E-Mail an <a href=\"mailto:info@NABU-Bremen.de\">info@NABU-Bremen.de<\/a><\/p>\n<p>E-Mail-Benachrichtigungen: Sie haben die M\u00f6glichkeit, sich neue Blogbeitr\u00e4ge automatisch per E-Mail zusenden zu lassen. Dazu tragen Sie Ihre E-Mail-Adresse in das entsprechende Formular in der rechten Spalte ein. Ihre E-Mail-Adresse wird nicht an Dritte weitergegeben.<\/p>\n<p>&nbsp;<\/p>\n<p><strong>Real Cookie Banner<\/strong><\/p>\n<p>Zur Verwaltung der eingesetzten Cookies und \u00e4hnlichen Technologien (Tracking-Pixel, Web-Beacons etc.) und diesbez\u00fcglicher Einwilligungen setzen wir das Consent Tool &#8222;Real Cookie Banner&#8220; ein. Details zur Funktionsweise von &#8222;Real Cookie Banner&#8220; findest du unter &lt;a href=&#8220;https:\/\/devowl.io\/de\/rcb\/datenverarbeitung\/&#8220; rel=&#8220;noreferrer&#8220; target=&#8220;_blank&#8220;&gt;https:\/\/devowl.io\/de\/rcb\/datenverarbeitung\/&lt;\/a&gt;.<\/p>\n<p>Rechtsgrundlagen f\u00fcr die Verarbeitung von personenbezogenen Daten in diesem Zusammenhang sind Art. 6 Abs. 1 lit. c DS-GVO und Art. 6 Abs. 1 lit. f DS-GVO. Unser berechtigtes Interesse ist die Verwaltung der eingesetzten Cookies und \u00e4hnlichen Technologien und der diesbez\u00fcglichen Einwilligungen.<\/p>\n<p>Die Bereitstellung der personenbezogenen Daten ist weder vertraglich vorgeschrieben noch f\u00fcr den Abschluss eines Vertrages notwendig. Du bist nicht verpflichtet die personenbezogenen Daten bereitzustellen. Wenn du die personenbezogenen Daten nicht bereitstellst, k\u00f6nnen wir deine Einwilligungen nicht verwalten.<\/p>\n<!-- Begin Yuzo --><div class='yuzo_related_post style-1'  data-version='5.12.74'><!-- without result -->\n\t\t\t\t\t\t  <div class=\"relatedthumb \" style=\"width:125px;float:left;overflow:hidden;\">  \n\t\t\t\t\t\t\t  \n\t\t\t\t\t\t\t  <a  href=\"https:\/\/blogs.nabu.de\/bremen\/2023\/03\/24\/online-tagebuch-der-osterfreizeit-i-2023\/\"  >\n\t\t\t\t\t\t\t\t\t  <div class=\"yuzo-img-wrap \" style=\"width: 125px;height:90px;\">\n\t\t\t\t\t\t\t\t\t\t\n\t\t\t\t\t\t\t\t\t\t<div class=\"yuzo-img\" style=\"background:url('https:\/\/blogs.nabu.de\/bremen\/wp-content\/uploads\/sites\/9\/2023\/03\/Titel-150x150.jpg') 50% 50% no-repeat;width: 125px;height:90px;margin-bottom: 5px;background-size: cover; \"><\/div>\n\t\t\t\t\t\t\t\t\t  <\/div>\n\t\t\t\t\t\t\t\t\t  \n\t\t\t\t\t\t\t\t   <span class=\"yuzo__text--title\" style=\"font-size:13px;\">Online-Tagebuch der Osterfreizeit I 2023<\/span>\n\t\t\t\t\t\t\t  \n\t\t\t\t\t\t\t  \n\t\t\t\t\t\t\t  <\/a>\n\n\t\t\t\t\t\t  <\/div>\n\t\t\t\t\t\t  <div class=\"relatedthumb \" style=\"width:125px;float:left;overflow:hidden;\">  \n\t\t\t\t\t\t\t  \n\t\t\t\t\t\t\t  <a  href=\"https:\/\/blogs.nabu.de\/bremen\/2022\/10\/15\/online-tagebuch-der-herbstfreizeit-i-2022\/\"  >\n\t\t\t\t\t\t\t\t\t  <div class=\"yuzo-img-wrap \" style=\"width: 125px;height:90px;\">\n\t\t\t\t\t\t\t\t\t\t\n\t\t\t\t\t\t\t\t\t\t<div class=\"yuzo-img\" style=\"background:url('https:\/\/blogs.nabu.de\/bremen\/wp-content\/uploads\/sites\/9\/2022\/10\/NABU_Herbstfreizeit_I_2022_0001-150x150.jpg') 50% 50% no-repeat;width: 125px;height:90px;margin-bottom: 5px;background-size: cover; \"><\/div>\n\t\t\t\t\t\t\t\t\t  <\/div>\n\t\t\t\t\t\t\t\t\t  \n\t\t\t\t\t\t\t\t   <span class=\"yuzo__text--title\" style=\"font-size:13px;\">Online-Tagebuch der Herbstfreizeit I 2022<\/span>\n\t\t\t\t\t\t\t  \n\t\t\t\t\t\t\t  \n\t\t\t\t\t\t\t  <\/a>\n\n\t\t\t\t\t\t  <\/div>\n\t\t\t\t\t\t  <div class=\"relatedthumb \" style=\"width:125px;float:left;overflow:hidden;\">  \n\t\t\t\t\t\t\t  \n\t\t\t\t\t\t\t  <a  href=\"https:\/\/blogs.nabu.de\/bremen\/2022\/07\/16\/5623\/\"  >\n\t\t\t\t\t\t\t\t\t  <div class=\"yuzo-img-wrap \" style=\"width: 125px;height:90px;\">\n\t\t\t\t\t\t\t\t\t\t\n\t\t\t\t\t\t\t\t\t\t<div class=\"yuzo-img\" style=\"background:url('https:\/\/blogs.nabu.de\/bremen\/wp-content\/uploads\/sites\/9\/2022\/07\/NABU_Sommerfreizeit_I_2022_0001-150x150.jpg') 50% 50% no-repeat;width: 125px;height:90px;margin-bottom: 5px;background-size: cover; \"><\/div>\n\t\t\t\t\t\t\t\t\t  <\/div>\n\t\t\t\t\t\t\t\t\t  \n\t\t\t\t\t\t\t\t   <span class=\"yuzo__text--title\" style=\"font-size:13px;\">Online-Tagebuch der Sommerfreizeit I 2022<\/span>\n\t\t\t\t\t\t\t  \n\t\t\t\t\t\t\t  \n\t\t\t\t\t\t\t  <\/a>\n\n\t\t\t\t\t\t  <\/div>\n\t\t\t\t\t\t  <div class=\"relatedthumb \" style=\"width:125px;float:left;overflow:hidden;\">  \n\t\t\t\t\t\t\t  \n\t\t\t\t\t\t\t  <a  href=\"https:\/\/blogs.nabu.de\/bremen\/2022\/08\/06\/online-tagebuch-der-sommerwoche-iv\/\"  >\n\t\t\t\t\t\t\t\t\t  <div class=\"yuzo-img-wrap \" style=\"width: 125px;height:90px;\">\n\t\t\t\t\t\t\t\t\t\t\n\t\t\t\t\t\t\t\t\t\t<div class=\"yuzo-img\" style=\"background:url('https:\/\/blogs.nabu.de\/bremen\/wp-content\/uploads\/sites\/9\/2022\/08\/Betreuer_NABU_Sommerfreizeit_IV_2022_0001-150x150.jpg') 50% 50% no-repeat;width: 125px;height:90px;margin-bottom: 5px;background-size: cover; \"><\/div>\n\t\t\t\t\t\t\t\t\t  <\/div>\n\t\t\t\t\t\t\t\t\t  \n\t\t\t\t\t\t\t\t   <span class=\"yuzo__text--title\" style=\"font-size:13px;\">Online-Tagebuch der Sommerwoche IV<\/span>\n\t\t\t\t\t\t\t  \n\t\t\t\t\t\t\t  \n\t\t\t\t\t\t\t  <\/a>\n\n\t\t\t\t\t\t  <\/div>\n<\/div> <style>\n\t\t\t\t\t\t\t\t.yuzo_related_post img{width:120px !important; height:110px !important;}\n\t\t\t\t\t\t\t\t.yuzo_related_post .relatedthumb{line-height:15px;background: !important;color:!important;}\n\t\t\t\t\t\t\t\t.yuzo_related_post .relatedthumb:hover{background:#fcfcf4 !important; -webkit-transition: background 0.2s linear; -moz-transition: background 0.2s linear; -o-transition: background 0.2s linear; transition: background 0.2s linear;;color:!important;}\n\t\t\t\t\t\t\t\t.yuzo_related_post .relatedthumb a{color:!important;}\n\t\t\t\t\t\t\t\t.yuzo_related_post .relatedthumb a:hover{ color:}!important;}\n\t\t\t\t\t\t\t\t.yuzo_related_post .relatedthumb:hover a{ color:!important;}\n\t\t\t\t\t\t\t\t.yuzo_related_post .yuzo_text {color:!important;}\n\t\t\t\t\t\t\t\t.yuzo_related_post .relatedthumb:hover .yuzo_text {color:!important;}\n\t\t\t\t\t\t\t\t.yuzo_related_post .relatedthumb{  margin: 0px  0px  0px  0px;   padding: 5px  5px  5px  5px;  }\n\t\t\t\t\t\t\t\t\n\t\t\t\t\t\t\t\t<\/style> <script>\n\t\t\t\t\t\t  jQuery(document).ready(function( $ ){\n\t\t\t\t\t\t\t\/\/jQuery('.yuzo_related_post').equalizer({ overflow : 'relatedthumb' });\n\t\t\t\t\t\t\tjQuery('.yuzo_related_post .yuzo_wraps').equalizer({ columns : '> div' });\n\t\t\t\t\t\t   })\n\t\t\t\t\t\t  <\/script> <!-- End Yuzo :) -->","protected":false},"excerpt":{"rendered":"<p>&lt;h1&gt;Impressum und Datenschutzhinweis&lt;\/h1&gt; Der Naturschutzbund Deutschland (NABU) e.V., Landesverband Bremen, m\u00f6chte Menschen daf\u00fcr begeistern, sich durch gemeinschaftliches Handeln f\u00fcr die Natur einzusetzen. Wir wollen, dass auch kommende Generationen [&hellip;]<\/p>\n","protected":false},"author":1,"featured_media":0,"parent":0,"menu_order":0,"comment_status":"closed","ping_status":"closed","template":"","meta":{"jetpack_post_was_ever_published":false},"jetpack_sharing_enabled":true,"jetpack_shortlink":"https:\/\/wp.me\/P8QwBj-l","jetpack_likes_enabled":true,"jetpack-related-posts":[{"id":2,"url":"https:\/\/blogs.nabu.de\/bremen\/ueber\/","url_meta":{"origin":21,"position":0},"title":"\u00dcber die Freizeiten","date":"16. Juni 2017","format":false,"excerpt":"\u00dcber die Freizeiten Der NABU Bremen bietet Freizeiten f\u00fcr Kinder von 8 bis 14 Jahren im Schullandheim Dreptefarm in Wulsb\u00fcttel an. Freizeiten gibt zu den Oster-,Pfingst-, Sommer- und Herbstferien. F\u00fcr die Kinder steht ein breites Programm bereit, dass sich aus den Erfahrungen von \u00fcber hundert Freizeiten und neuen Ideen speist.\u2026","rel":"","context":"\u00c4hnlicher Beitrag","img":{"alt_text":"","src":"","width":0,"height":0},"classes":[]},{"id":19,"url":"https:\/\/blogs.nabu.de\/bremen\/seite-nicht-gefunden\/","url_meta":{"origin":21,"position":1},"title":"Seite nicht gefunden","date":"19. Juni 2017","format":false,"excerpt":"Alle V\u00f6gel sind schon ausgeflogen! Entschuldigung. Diese Seite existiert leider nicht. \u00a0","rel":"","context":"\u00c4hnlicher Beitrag","img":{"alt_text":"141219-nabu-nest-fotolia","src":"https:\/\/i0.wp.com\/blogs.nabu.de\/base\/wp-content\/uploads\/2015\/03\/141219-nabu-nest-fotolia.jpg?resize=350%2C200","width":350,"height":200},"classes":[]},{"id":30,"url":"https:\/\/blogs.nabu.de\/bremen\/kontakt\/","url_meta":{"origin":21,"position":2},"title":"Kontakt","date":"20. Juni 2017","format":false,"excerpt":"Fragen? Lob oder Kritik? Schreiben Sie uns! \u00a0","rel":"","context":"\u00c4hnlicher Beitrag","img":{"alt_text":"","src":"","width":0,"height":0},"classes":[]}],"_links":{"self":[{"href":"https:\/\/blogs.nabu.de\/bremen\/wp-json\/wp\/v2\/pages\/21"}],"collection":[{"href":"https:\/\/blogs.nabu.de\/bremen\/wp-json\/wp\/v2\/pages"}],"about":[{"href":"https:\/\/blogs.nabu.de\/bremen\/wp-json\/wp\/v2\/types\/page"}],"author":[{"embeddable":true,"href":"https:\/\/blogs.nabu.de\/bremen\/wp-json\/wp\/v2\/users\/1"}],"replies":[{"embeddable":true,"href":"https:\/\/blogs.nabu.de\/bremen\/wp-json\/wp\/v2\/comments?post=21"}],"version-history":[{"count":6,"href":"https:\/\/blogs.nabu.de\/bremen\/wp-json\/wp\/v2\/pages\/21\/revisions"}],"predecessor-version":[{"id":7243,"href":"https:\/\/blogs.nabu.de\/bremen\/wp-json\/wp\/v2\/pages\/21\/revisions\/7243"}],"wp:attachment":[{"href":"https:\/\/blogs.nabu.de\/bremen\/wp-json\/wp\/v2\/media?parent=21"}],"curies":[{"name":"wp","href":"https:\/\/api.w.org\/{rel}","templated":true}]}}